{"id":706634,"date":"2025-08-27T15:57:44","date_gmt":"2025-08-27T12:57:44","guid":{"rendered":"https:\/\/roveyayinevi.com.tr\/index.php\/urun\/canavar-pesinde-serisi-41-kayip-dunya-korkunun-simsegi-ellik\/"},"modified":"2026-04-16T02:15:05","modified_gmt":"2026-04-15T23:15:05","slug":"canavar-pesinde-serisi-41-kayip-dunya-korkunun-simsegi-ellik","status":"publish","type":"product","link":"https:\/\/roveyayinevi.com.tr\/index.php\/urun\/canavar-pesinde-serisi-41-kayip-dunya-korkunun-simsegi-ellik\/","title":{"rendered":"Canavar Pe\u015finde Serisi 41 &#8211; Kay\u0131p D\u00fcnya (Korkunun \u015eim\u015fe\u011fi Ellik)"},"content":{"rendered":"<p>Tavania&#8217;da g\u00f6k yar\u0131lmaya, a\u00e7\u0131lan ge\u00e7itlerden korkun\u00e7 canavarlar gelmeye devam ediyor. Tom ve arkada\u015flar\u0131, bu kez dev bir elektrikli y\u0131lan bal\u0131\u011f\u0131 ile kar\u015f\u0131 kar\u015f\u0131yalar: Korkunun \u015eim\u015fe\u011fi Ellik!<\/p>\n","protected":false},"excerpt":{"rendered":"<p>Tavania&#8217;da g\u00f6k yar\u0131lmaya, a\u00e7\u0131lan ge\u00e7itlerden korkun\u00e7 canavarlar gelmeye devam ediyor. Tom ve arkada\u015flar\u0131, bu kez dev bir elektrikli y\u0131lan bal\u0131\u011f\u0131 ile kar\u015f\u0131 kar\u015f\u0131yalar: Korkunun \u015eim\u015fe\u011fi Ellik!<\/p>\n","protected":false},"featured_media":0,"template":"","meta":{"_monsterinsights_skip_tracking":false,"_monsterinsights_sitenote_active":false,"_monsterinsights_sitenote_note":"","_monsterinsights_sitenote_category":0},"product_brand":[],"product_cat":[12689,12274],"product_tag":[],"class_list":{"0":"post-706634","1":"product","2":"type-product","3":"status-publish","5":"product_cat-cizgi-roman-cocuk-ve-genclik-kitaplari","6":"product_cat-cocuk-ve-genclik-kitaplari","7":"pa_cilt-ciltsiz","8":"pa_tur-kitap","9":"pa_yayinevi-beyaz-balina-yayinlari","10":"pa_yazar-adam-blade","12":"first","13":"instock","14":"sale","15":"shipping-taxable","16":"purchasable","17":"product-type-simple"},"_links":{"self":[{"href":"https:\/\/roveyayinevi.com.tr\/index.php\/wp-json\/wp\/v2\/product\/706634","targetHints":{"allow":["GET"]}}],"collection":[{"href":"https:\/\/roveyayinevi.com.tr\/index.php\/wp-json\/wp\/v2\/product"}],"about":[{"href":"https:\/\/roveyayinevi.com.tr\/index.php\/wp-json\/wp\/v2\/types\/product"}],"wp:attachment":[{"href":"https:\/\/roveyayinevi.com.tr\/index.php\/wp-json\/wp\/v2\/media?parent=706634"}],"wp:term":[{"taxonomy":"product_brand","embeddable":true,"href":"https:\/\/roveyayinevi.com.tr\/index.php\/wp-json\/wp\/v2\/product_brand?post=706634"},{"taxonomy":"product_cat","embeddable":true,"href":"https:\/\/roveyayinevi.com.tr\/index.php\/wp-json\/wp\/v2\/product_cat?post=706634"},{"taxonomy":"product_tag","embeddable":true,"href":"https:\/\/roveyayinevi.com.tr\/index.php\/wp-json\/wp\/v2\/product_tag?post=706634"}],"curies":[{"name":"wp","href":"https:\/\/api.w.org\/{rel}","templated":true}]}}