{"id":706630,"date":"2025-08-27T15:57:42","date_gmt":"2025-08-27T12:57:42","guid":{"rendered":"https:\/\/roveyayinevi.com.tr\/index.php\/urun\/kardeslik-savascilari-5-akrep-dagi\/"},"modified":"2026-04-16T02:15:05","modified_gmt":"2026-04-15T23:15:05","slug":"kardeslik-savascilari-5-akrep-dagi","status":"publish","type":"product","link":"https:\/\/roveyayinevi.com.tr\/index.php\/urun\/kardeslik-savascilari-5-akrep-dagi\/","title":{"rendered":"Karde\u015flik Sava\u015f\u00e7\u0131lar\u0131 5 &#8211; Akrep Da\u011f\u0131"},"content":{"rendered":"<p>Karde\u015flik Sava\u015f\u00e7\u0131lar\u0131&#8217;n\u0131n bu be\u015finci kitab\u0131nda eski dostlar yeniden kar\u015f\u0131m\u0131za \u00e7\u0131k\u0131yor.G\u00f6lgelerin Efendisi ile Karde\u015flik Sava\u015f\u00e7\u0131lar\u0131 d\u00fcnyalar\u0131, g\u00fc\u00e7lerini birle\u015ftiriyor!Hal ve Karde\u015flik \u00fcyeleri ile Gilan, k\u00f6le olarak sat\u0131lan on iki Araluenliyi kurtarm\u0131\u015ft\u0131r. Araluen&#8217;e d\u00f6nd\u00fcklerinde Kral Duncan, Gilan&#8217;a yeni bir g\u00f6rev verir; Orman Muhaf\u0131z\u0131, Prenses Cassandra&#8217;y\u0131 mutlak bir \u00f6l\u00fcmden kurtaracakt\u0131r. Daha \u00f6nce bir suikast giri\u015fiminden kurtulan prenses, yeni bir \u00f6l\u00fcm tehdidi ile kar\u015f\u0131 kar\u015f\u0131yad\u0131r. Bu tehdidin arkas\u0131nda da ac\u0131mas\u0131z katillerden olu\u015fan Akrep Tarikat\u0131 vard\u0131r. Karde\u015flik \u00fcyeleri ve Gilan, tehdidi ortadan kald\u0131rmak i\u00e7in el ele verir.Maceralar\u0131 onlar\u0131 Arrida \u00e7\u00f6llerine s\u00fcr\u00fckleyecek, d\u00fc\u015fmanlar\u0131yla y\u00fcz y\u00fcze getirecektir.<\/p>\n","protected":false},"excerpt":{"rendered":"<p>Karde\u015flik Sava\u015f\u00e7\u0131lar\u0131&#8217;n\u0131n bu be\u015finci kitab\u0131nda eski dostlar yeniden kar\u015f\u0131m\u0131za \u00e7\u0131k\u0131yor.G\u00f6lgelerin Efendisi ile Karde\u015flik Sava\u015f\u00e7\u0131lar\u0131 d\u00fcnyalar\u0131, g\u00fc\u00e7lerini birle\u015ftiriyor!Hal ve Karde\u015flik \u00fcyeleri ile Gilan, k\u00f6le olarak sat\u0131lan on<span class=\"excerpt-hellip\"> [\u2026]<\/span><\/p>\n","protected":false},"featured_media":0,"template":"","meta":{"_monsterinsights_skip_tracking":false,"_monsterinsights_sitenote_active":false,"_monsterinsights_sitenote_note":"","_monsterinsights_sitenote_category":0},"product_brand":[],"product_cat":[12275,12274],"product_tag":[],"class_list":{"0":"post-706630","1":"product","2":"type-product","3":"status-publish","5":"product_cat-6-12-yas-kitaplari","6":"product_cat-cocuk-ve-genclik-kitaplari","7":"pa_cilt-ciltsiz","8":"pa_tur-kitap","9":"pa_yayinevi-beyaz-balina-yayinlari","10":"pa_yazar-john-flanagan","12":"first","13":"instock","14":"sale","15":"shipping-taxable","16":"purchasable","17":"product-type-simple"},"_links":{"self":[{"href":"https:\/\/roveyayinevi.com.tr\/index.php\/wp-json\/wp\/v2\/product\/706630","targetHints":{"allow":["GET"]}}],"collection":[{"href":"https:\/\/roveyayinevi.com.tr\/index.php\/wp-json\/wp\/v2\/product"}],"about":[{"href":"https:\/\/roveyayinevi.com.tr\/index.php\/wp-json\/wp\/v2\/types\/product"}],"wp:attachment":[{"href":"https:\/\/roveyayinevi.com.tr\/index.php\/wp-json\/wp\/v2\/media?parent=706630"}],"wp:term":[{"taxonomy":"product_brand","embeddable":true,"href":"https:\/\/roveyayinevi.com.tr\/index.php\/wp-json\/wp\/v2\/product_brand?post=706630"},{"taxonomy":"product_cat","embeddable":true,"href":"https:\/\/roveyayinevi.com.tr\/index.php\/wp-json\/wp\/v2\/product_cat?post=706630"},{"taxonomy":"product_tag","embeddable":true,"href":"https:\/\/roveyayinevi.com.tr\/index.php\/wp-json\/wp\/v2\/product_tag?post=706630"}],"curies":[{"name":"wp","href":"https:\/\/api.w.org\/{rel}","templated":true}]}}