{"id":706626,"date":"2025-08-27T15:57:40","date_gmt":"2025-08-27T12:57:40","guid":{"rendered":"https:\/\/roveyayinevi.com.tr\/index.php\/urun\/bale-okulu-8-bir-romeoya-iki-juliet\/"},"modified":"2026-04-16T02:15:05","modified_gmt":"2026-04-15T23:15:05","slug":"bale-okulu-8-bir-romeoya-iki-juliet","status":"publish","type":"product","link":"https:\/\/roveyayinevi.com.tr\/index.php\/urun\/bale-okulu-8-bir-romeoya-iki-juliet\/","title":{"rendered":"Bale Okulu 8 &#8211; Bir Romeo&#8217;ya \u0130ki Juliet"},"content":{"rendered":"<p>Konservatuvar\u0131n sahnesinde Romeo ve Juliet balesi sergilenecek. Romeo rol\u00fcnde, erkek \u00f6\u011frencilerin \u00f6\u011fretmeni ve art\u0131k sahnelerden \u00e7ekildi\u011fi d\u00fc\u015f\u00fcn\u00fclen Oliver&#8217;\u0131n dans edece\u011fi s\u00f6yleniyor. Peki Juliet rol\u00fcn\u00fc kim \u00fcstlenecek?<\/p>\n","protected":false},"excerpt":{"rendered":"<p>Konservatuvar\u0131n sahnesinde Romeo ve Juliet balesi sergilenecek. Romeo rol\u00fcnde, erkek \u00f6\u011frencilerin \u00f6\u011fretmeni ve art\u0131k sahnelerden \u00e7ekildi\u011fi d\u00fc\u015f\u00fcn\u00fclen Oliver&#8217;\u0131n dans edece\u011fi s\u00f6yleniyor. Peki Juliet rol\u00fcn\u00fc kim \u00fcstlenecek?<\/p>\n","protected":false},"featured_media":0,"template":"","meta":{"_monsterinsights_skip_tracking":false,"_monsterinsights_sitenote_active":false,"_monsterinsights_sitenote_note":"","_monsterinsights_sitenote_category":0},"product_brand":[],"product_cat":[12275,12274],"product_tag":[],"class_list":{"0":"post-706626","1":"product","2":"type-product","3":"status-publish","5":"product_cat-6-12-yas-kitaplari","6":"product_cat-cocuk-ve-genclik-kitaplari","7":"pa_cilt-ciltsiz","8":"pa_tur-kitap","9":"pa_yayinevi-beyaz-balina-yayinlari","10":"pa_yazar-aurora-marsotto","12":"first","13":"instock","14":"sale","15":"shipping-taxable","16":"purchasable","17":"product-type-simple"},"_links":{"self":[{"href":"https:\/\/roveyayinevi.com.tr\/index.php\/wp-json\/wp\/v2\/product\/706626","targetHints":{"allow":["GET"]}}],"collection":[{"href":"https:\/\/roveyayinevi.com.tr\/index.php\/wp-json\/wp\/v2\/product"}],"about":[{"href":"https:\/\/roveyayinevi.com.tr\/index.php\/wp-json\/wp\/v2\/types\/product"}],"wp:attachment":[{"href":"https:\/\/roveyayinevi.com.tr\/index.php\/wp-json\/wp\/v2\/media?parent=706626"}],"wp:term":[{"taxonomy":"product_brand","embeddable":true,"href":"https:\/\/roveyayinevi.com.tr\/index.php\/wp-json\/wp\/v2\/product_brand?post=706626"},{"taxonomy":"product_cat","embeddable":true,"href":"https:\/\/roveyayinevi.com.tr\/index.php\/wp-json\/wp\/v2\/product_cat?post=706626"},{"taxonomy":"product_tag","embeddable":true,"href":"https:\/\/roveyayinevi.com.tr\/index.php\/wp-json\/wp\/v2\/product_tag?post=706626"}],"curies":[{"name":"wp","href":"https:\/\/api.w.org\/{rel}","templated":true}]}}