{"id":706624,"date":"2025-08-27T15:57:39","date_gmt":"2025-08-27T12:57:39","guid":{"rendered":"https:\/\/roveyayinevi.com.tr\/index.php\/urun\/kraliyet-okulu\/"},"modified":"2026-04-16T02:15:05","modified_gmt":"2026-04-15T23:15:05","slug":"kraliyet-okulu","status":"publish","type":"product","link":"https:\/\/roveyayinevi.com.tr\/index.php\/urun\/kraliyet-okulu\/","title":{"rendered":"Kraliyet Okulu"},"content":{"rendered":"<p>Bir, \u0130ki, \u00dc\u00e7\u2026 Haydi Prensesler! Ye\u015fim, Manolya ve Leyla, bir s\u0131rr\u0131 payla\u015fan \u00fc\u00e7 arkada\u015ft\u0131r. &#8220;Bir, \u0130ki, \u00dc\u00e7\u2026 Haydi g\u00fc\u00e7l\u00fc prensesler el ele u\u00e7!&#8221; der demez, kendilerini prensesler krall\u0131\u011f\u0131nda bulurlar! Manolya, Leyla ve Ye\u015fim, Prensesler Krall\u0131\u011f\u0131 Okulu&#8217;na gidiyor! \u00dcstelik ayn\u0131 s\u0131n\u0131ftalar! S\u0131n\u0131flar\u0131ndaki prens ise kendini be\u011fenmi\u015fin biri.  Prens, sihir dersinde \u015furup haz\u0131rlarken hata yap\u0131nca, ortaya dev bir timsah \u00e7\u0131k\u0131veriyor! K\u0131zlar timsah\u0131 yakalay\u0131p s\u0131n\u0131f\u0131 kurtarabilecek mi? <\/p>\n","protected":false},"excerpt":{"rendered":"<p>Bir, \u0130ki, \u00dc\u00e7\u2026 Haydi Prensesler! Ye\u015fim, Manolya ve Leyla, bir s\u0131rr\u0131 payla\u015fan \u00fc\u00e7 arkada\u015ft\u0131r. &#8220;Bir, \u0130ki, \u00dc\u00e7\u2026 Haydi g\u00fc\u00e7l\u00fc prensesler el ele u\u00e7!&#8221; der demez, kendilerini<span class=\"excerpt-hellip\"> [\u2026]<\/span><\/p>\n","protected":false},"featured_media":0,"template":"","meta":{"_monsterinsights_skip_tracking":false,"_monsterinsights_sitenote_active":false,"_monsterinsights_sitenote_note":"","_monsterinsights_sitenote_category":0},"product_brand":[],"product_cat":[12913,12274],"product_tag":[],"class_list":{"0":"post-706624","1":"product","2":"type-product","3":"status-publish","5":"product_cat-3-6-yas-kitaplari","6":"product_cat-cocuk-ve-genclik-kitaplari","7":"pa_cilt-ciltsiz","8":"pa_tur-kitap","9":"pa_yayinevi-beyaz-balina-yayinlari","10":"pa_yazar-geraldine-collet","12":"first","13":"instock","14":"sale","15":"shipping-taxable","16":"purchasable","17":"product-type-simple"},"_links":{"self":[{"href":"https:\/\/roveyayinevi.com.tr\/index.php\/wp-json\/wp\/v2\/product\/706624","targetHints":{"allow":["GET"]}}],"collection":[{"href":"https:\/\/roveyayinevi.com.tr\/index.php\/wp-json\/wp\/v2\/product"}],"about":[{"href":"https:\/\/roveyayinevi.com.tr\/index.php\/wp-json\/wp\/v2\/types\/product"}],"wp:attachment":[{"href":"https:\/\/roveyayinevi.com.tr\/index.php\/wp-json\/wp\/v2\/media?parent=706624"}],"wp:term":[{"taxonomy":"product_brand","embeddable":true,"href":"https:\/\/roveyayinevi.com.tr\/index.php\/wp-json\/wp\/v2\/product_brand?post=706624"},{"taxonomy":"product_cat","embeddable":true,"href":"https:\/\/roveyayinevi.com.tr\/index.php\/wp-json\/wp\/v2\/product_cat?post=706624"},{"taxonomy":"product_tag","embeddable":true,"href":"https:\/\/roveyayinevi.com.tr\/index.php\/wp-json\/wp\/v2\/product_tag?post=706624"}],"curies":[{"name":"wp","href":"https:\/\/api.w.org\/{rel}","templated":true}]}}