{"id":706622,"date":"2025-08-27T15:57:38","date_gmt":"2025-08-27T12:57:38","guid":{"rendered":"https:\/\/roveyayinevi.com.tr\/index.php\/urun\/kar-canavari\/"},"modified":"2026-04-16T02:15:05","modified_gmt":"2026-04-15T23:15:05","slug":"kar-canavari","status":"publish","type":"product","link":"https:\/\/roveyayinevi.com.tr\/index.php\/urun\/kar-canavari\/","title":{"rendered":"Kar Canavar\u0131"},"content":{"rendered":"<p>Bir, \u0130ki, \u00dc\u00e7\u2026 Haydi Prensesler! Ye\u015fim, Manolya ve Leyla, bir s\u0131rr\u0131 payla\u015fan \u00fc\u00e7 arkada\u015ft\u0131r. &#8220;Bir, \u0130ki, \u00dc\u00e7\u2026 Haydi g\u00fc\u00e7l\u00fc prensesler el ele u\u00e7!&#8221; der demez, kendilerini prensesler krall\u0131\u011f\u0131nda bulurlar! \u0130\u015fte nihayet y\u0131l\u0131n ilk kar\u0131 ya\u011f\u0131yor! Ye\u015fim, Manolya ve Leyla ya\u011fan kar\u0131 hayran hayran seyrediyorlar: E\u011fer prensesler krall\u0131\u011f\u0131nda da kar ya\u011f\u0131yorsa kardan \u015fato yapma yar\u0131\u015fmas\u0131 ba\u015flamak \u00fczere demektir! Bu y\u0131l prensesler yar\u0131\u015fmay\u0131 kazanma niyetindeler. Ama Prenses Olga&#8217;n\u0131n esrarengiz bir \u015fekilde ortadan kaybolaca\u011f\u0131n\u0131 nereden bilebilirler? <\/p>\n","protected":false},"excerpt":{"rendered":"<p>Bir, \u0130ki, \u00dc\u00e7\u2026 Haydi Prensesler! Ye\u015fim, Manolya ve Leyla, bir s\u0131rr\u0131 payla\u015fan \u00fc\u00e7 arkada\u015ft\u0131r. &#8220;Bir, \u0130ki, \u00dc\u00e7\u2026 Haydi g\u00fc\u00e7l\u00fc prensesler el ele u\u00e7!&#8221; der demez, kendilerini<span class=\"excerpt-hellip\"> [\u2026]<\/span><\/p>\n","protected":false},"featured_media":0,"template":"","meta":{"_monsterinsights_skip_tracking":false,"_monsterinsights_sitenote_active":false,"_monsterinsights_sitenote_note":"","_monsterinsights_sitenote_category":0},"product_brand":[],"product_cat":[12913,12274],"product_tag":[],"class_list":{"0":"post-706622","1":"product","2":"type-product","3":"status-publish","5":"product_cat-3-6-yas-kitaplari","6":"product_cat-cocuk-ve-genclik-kitaplari","7":"pa_cilt-ciltsiz","8":"pa_tur-kitap","9":"pa_yayinevi-beyaz-balina-yayinlari","10":"pa_yazar-geraldine-collet","12":"first","13":"instock","14":"sale","15":"shipping-taxable","16":"purchasable","17":"product-type-simple"},"_links":{"self":[{"href":"https:\/\/roveyayinevi.com.tr\/index.php\/wp-json\/wp\/v2\/product\/706622","targetHints":{"allow":["GET"]}}],"collection":[{"href":"https:\/\/roveyayinevi.com.tr\/index.php\/wp-json\/wp\/v2\/product"}],"about":[{"href":"https:\/\/roveyayinevi.com.tr\/index.php\/wp-json\/wp\/v2\/types\/product"}],"wp:attachment":[{"href":"https:\/\/roveyayinevi.com.tr\/index.php\/wp-json\/wp\/v2\/media?parent=706622"}],"wp:term":[{"taxonomy":"product_brand","embeddable":true,"href":"https:\/\/roveyayinevi.com.tr\/index.php\/wp-json\/wp\/v2\/product_brand?post=706622"},{"taxonomy":"product_cat","embeddable":true,"href":"https:\/\/roveyayinevi.com.tr\/index.php\/wp-json\/wp\/v2\/product_cat?post=706622"},{"taxonomy":"product_tag","embeddable":true,"href":"https:\/\/roveyayinevi.com.tr\/index.php\/wp-json\/wp\/v2\/product_tag?post=706622"}],"curies":[{"name":"wp","href":"https:\/\/api.w.org\/{rel}","templated":true}]}}