{"id":706618,"date":"2025-08-27T15:57:36","date_gmt":"2025-08-27T12:57:36","guid":{"rendered":"https:\/\/roveyayinevi.com.tr\/index.php\/urun\/vahsetin-cagrisi-klasikleri-okuyorum-ciltli\/"},"modified":"2026-04-16T02:15:04","modified_gmt":"2026-04-15T23:15:04","slug":"vahsetin-cagrisi-klasikleri-okuyorum-ciltli","status":"publish","type":"product","link":"https:\/\/roveyayinevi.com.tr\/index.php\/urun\/vahsetin-cagrisi-klasikleri-okuyorum-ciltli\/","title":{"rendered":"Vah\u015fetin \u00c7a\u011fr\u0131s\u0131 &#8211; Klasikleri Okuyorum (Ciltli)"},"content":{"rendered":"<p>Buck, g\u00fcne\u015fli Santa Clara Vadisi\u2019nde, Yarg\u0131\u00e7 Miller\u2019\u0131n evinde ge\u00e7irdi\u011fi hayat\u0131nda hep dostluk g\u00f6rm\u00fc\u015f, onurlu ve sad\u0131k bir k\u00f6pek olarak yeti\u015ftirilmi\u015fti. Derken bir g\u00fcn ka\u00e7\u0131r\u0131l\u0131p Kuzey Kutbu\u2019na g\u00f6t\u00fcr\u00fcld\u00fc ve bu sert co\u011frafyada k\u0131zak k\u00f6pe\u011fi olarak \u00e7al\u0131\u015fmaya zorland\u0131. Mecbur kald\u0131\u011f\u0131 bu zorlu hayatta Buck, insanlara tekrar g\u00fcvenmeyi becerebilecek mi? Yoksa \u00e7a\u011flar \u00f6ncesinden onu \u00e7a\u011f\u0131ran i\u00e7g\u00fcd\u00fcleriyle vah\u015fi hayata m\u0131 d\u00f6necek?   <\/p>\n","protected":false},"excerpt":{"rendered":"<p>Buck, g\u00fcne\u015fli Santa Clara Vadisi\u2019nde, Yarg\u0131\u00e7 Miller\u2019\u0131n evinde ge\u00e7irdi\u011fi hayat\u0131nda hep dostluk g\u00f6rm\u00fc\u015f, onurlu ve sad\u0131k bir k\u00f6pek olarak yeti\u015ftirilmi\u015fti. Derken bir g\u00fcn ka\u00e7\u0131r\u0131l\u0131p Kuzey Kutbu\u2019na<span class=\"excerpt-hellip\"> [\u2026]<\/span><\/p>\n","protected":false},"featured_media":0,"template":"","meta":{"_monsterinsights_skip_tracking":false,"_monsterinsights_sitenote_active":false,"_monsterinsights_sitenote_note":"","_monsterinsights_sitenote_category":0},"product_brand":[],"product_cat":[12275,12274],"product_tag":[],"class_list":{"0":"post-706618","1":"product","2":"type-product","3":"status-publish","5":"product_cat-6-12-yas-kitaplari","6":"product_cat-cocuk-ve-genclik-kitaplari","7":"pa_cilt-ciltli","8":"pa_tur-kitap","9":"pa_yayinevi-beyaz-balina-yayinlari","10":"pa_yazar-jack-london","12":"first","13":"instock","14":"sale","15":"shipping-taxable","16":"purchasable","17":"product-type-simple"},"_links":{"self":[{"href":"https:\/\/roveyayinevi.com.tr\/index.php\/wp-json\/wp\/v2\/product\/706618","targetHints":{"allow":["GET"]}}],"collection":[{"href":"https:\/\/roveyayinevi.com.tr\/index.php\/wp-json\/wp\/v2\/product"}],"about":[{"href":"https:\/\/roveyayinevi.com.tr\/index.php\/wp-json\/wp\/v2\/types\/product"}],"wp:attachment":[{"href":"https:\/\/roveyayinevi.com.tr\/index.php\/wp-json\/wp\/v2\/media?parent=706618"}],"wp:term":[{"taxonomy":"product_brand","embeddable":true,"href":"https:\/\/roveyayinevi.com.tr\/index.php\/wp-json\/wp\/v2\/product_brand?post=706618"},{"taxonomy":"product_cat","embeddable":true,"href":"https:\/\/roveyayinevi.com.tr\/index.php\/wp-json\/wp\/v2\/product_cat?post=706618"},{"taxonomy":"product_tag","embeddable":true,"href":"https:\/\/roveyayinevi.com.tr\/index.php\/wp-json\/wp\/v2\/product_tag?post=706618"}],"curies":[{"name":"wp","href":"https:\/\/api.w.org\/{rel}","templated":true}]}}