{"id":706608,"date":"2025-08-27T15:57:31","date_gmt":"2025-08-27T12:57:31","guid":{"rendered":"https:\/\/roveyayinevi.com.tr\/index.php\/urun\/dostluk-ormani-5-findik-tuylukuyruk-yardima-kosuyor\/"},"modified":"2026-04-16T02:15:04","modified_gmt":"2026-04-15T23:15:04","slug":"dostluk-ormani-5-findik-tuylukuyruk-yardima-kosuyor","status":"publish","type":"product","link":"https:\/\/roveyayinevi.com.tr\/index.php\/urun\/dostluk-ormani-5-findik-tuylukuyruk-yardima-kosuyor\/","title":{"rendered":"Dostluk Orman\u0131 5 &#8211; F\u0131nd\u0131k T\u00fcyl\u00fckuyruk Yard\u0131ma Ko\u015fuyor!"},"content":{"rendered":"<p>Lale ile Ceren, iki iyi arkada\u015f. \u0130kisi de hayvanlar\u0131 \u00e7ok seviyor.Dostluk Orman\u0131\u2019n\u0131 ke\u015ffettikleri zaman hayalleri ger\u00e7ek oluyor.\u00c7\u00fcnk\u00fc bu gizli d\u00fcnyada ya\u015fayan hayvanlar konu\u015fabiliyor!Sincap ailesi T\u00fcyl\u00fckuyruklar\u0131n ba\u015f\u0131 dertte! Onlar olmazsa Sihirli Orman\u2019\u0131 \u0131s\u0131tan Parlayan Ev temizlenmeyecek. Orman da so\u011fuyacak ve kararacak. Lale, Ceren ve Alt\u0131n Kedi, bu maceralar\u0131nda ailenin en k\u00fc\u00e7\u00fck \u00fcyesi F\u0131nd\u0131k\u2019la birlikte sincaplar\u0131 kurtarmaya \u00e7al\u0131\u015f\u0131yor.<\/p>\n","protected":false},"excerpt":{"rendered":"<p>Lale ile Ceren, iki iyi arkada\u015f. \u0130kisi de hayvanlar\u0131 \u00e7ok seviyor.Dostluk Orman\u0131\u2019n\u0131 ke\u015ffettikleri zaman hayalleri ger\u00e7ek oluyor.\u00c7\u00fcnk\u00fc bu gizli d\u00fcnyada ya\u015fayan hayvanlar konu\u015fabiliyor!Sincap ailesi T\u00fcyl\u00fckuyruklar\u0131n ba\u015f\u0131<span class=\"excerpt-hellip\"> [\u2026]<\/span><\/p>\n","protected":false},"featured_media":0,"template":"","meta":{"_monsterinsights_skip_tracking":false,"_monsterinsights_sitenote_active":false,"_monsterinsights_sitenote_note":"","_monsterinsights_sitenote_category":0},"product_brand":[],"product_cat":[12275,12274],"product_tag":[],"class_list":{"0":"post-706608","1":"product","2":"type-product","3":"status-publish","5":"product_cat-6-12-yas-kitaplari","6":"product_cat-cocuk-ve-genclik-kitaplari","7":"pa_cilt-ciltsiz","8":"pa_tur-kitap","9":"pa_yayinevi-beyaz-balina-yayinlari","10":"pa_yazar-daisy-meadows","12":"first","13":"instock","14":"sale","15":"shipping-taxable","16":"purchasable","17":"product-type-simple"},"_links":{"self":[{"href":"https:\/\/roveyayinevi.com.tr\/index.php\/wp-json\/wp\/v2\/product\/706608","targetHints":{"allow":["GET"]}}],"collection":[{"href":"https:\/\/roveyayinevi.com.tr\/index.php\/wp-json\/wp\/v2\/product"}],"about":[{"href":"https:\/\/roveyayinevi.com.tr\/index.php\/wp-json\/wp\/v2\/types\/product"}],"wp:attachment":[{"href":"https:\/\/roveyayinevi.com.tr\/index.php\/wp-json\/wp\/v2\/media?parent=706608"}],"wp:term":[{"taxonomy":"product_brand","embeddable":true,"href":"https:\/\/roveyayinevi.com.tr\/index.php\/wp-json\/wp\/v2\/product_brand?post=706608"},{"taxonomy":"product_cat","embeddable":true,"href":"https:\/\/roveyayinevi.com.tr\/index.php\/wp-json\/wp\/v2\/product_cat?post=706608"},{"taxonomy":"product_tag","embeddable":true,"href":"https:\/\/roveyayinevi.com.tr\/index.php\/wp-json\/wp\/v2\/product_tag?post=706608"}],"curies":[{"name":"wp","href":"https:\/\/api.w.org\/{rel}","templated":true}]}}