{"id":706596,"date":"2025-08-27T15:57:25","date_gmt":"2025-08-27T12:57:25","guid":{"rendered":"https:\/\/roveyayinevi.com.tr\/index.php\/urun\/ejderha-avcilari-okulu-7-beyin-gucu-turnuvasi\/"},"modified":"2026-04-16T02:15:04","modified_gmt":"2026-04-15T23:15:04","slug":"ejderha-avcilari-okulu-7-beyin-gucu-turnuvasi","status":"publish","type":"product","link":"https:\/\/roveyayinevi.com.tr\/index.php\/urun\/ejderha-avcilari-okulu-7-beyin-gucu-turnuvasi\/","title":{"rendered":"Ejderha Avc\u0131lar\u0131 Okulu 7 Beyin G\u00fcc\u00fc Turnuvas\u0131"},"content":{"rendered":"<p>Wiglaf, Erica ve Angus, T\u00fcm Okullar Beyin G\u00fcc\u00fc Turnuvas\u0131\u2019ndaEjderha Avc\u0131lar\u0131 Okulu\u2019nu temsil etmek \u00fczere se\u00e7ildiler ve tak\u0131m olu\u015fturdular.Peki, tak\u0131m\u0131n ukala ve i\u015fe yaramaz kaptan\u0131 Bolego konusunda ne yapacaklar?EAO \u00f6\u011frencilerinin, Soylu \u015e\u00f6valyeler Konservatuvar\u0131 tak\u0131m\u0131n\u0131n z\u00fcppe \u00f6\u011frencileri kar\u015f\u0131s\u0131nda kazanma \u015fanslar\u0131 var m\u0131?<\/p>\n","protected":false},"excerpt":{"rendered":"<p>Wiglaf, Erica ve Angus, T\u00fcm Okullar Beyin G\u00fcc\u00fc Turnuvas\u0131\u2019ndaEjderha Avc\u0131lar\u0131 Okulu\u2019nu temsil etmek \u00fczere se\u00e7ildiler ve tak\u0131m olu\u015fturdular.Peki, tak\u0131m\u0131n ukala ve i\u015fe yaramaz kaptan\u0131 Bolego konusunda<span class=\"excerpt-hellip\"> [\u2026]<\/span><\/p>\n","protected":false},"featured_media":0,"template":"","meta":{"_monsterinsights_skip_tracking":false,"_monsterinsights_sitenote_active":false,"_monsterinsights_sitenote_note":"","_monsterinsights_sitenote_category":0},"product_brand":[],"product_cat":[12275,12274],"product_tag":[],"class_list":{"0":"post-706596","1":"product","2":"type-product","3":"status-publish","5":"product_cat-6-12-yas-kitaplari","6":"product_cat-cocuk-ve-genclik-kitaplari","7":"pa_cilt-ciltsiz","8":"pa_tur-kitap","9":"pa_yayinevi-beyaz-balina-yayinlari","10":"pa_yazar-kate-mcmullan","12":"first","13":"instock","14":"sale","15":"shipping-taxable","16":"purchasable","17":"product-type-simple"},"_links":{"self":[{"href":"https:\/\/roveyayinevi.com.tr\/index.php\/wp-json\/wp\/v2\/product\/706596","targetHints":{"allow":["GET"]}}],"collection":[{"href":"https:\/\/roveyayinevi.com.tr\/index.php\/wp-json\/wp\/v2\/product"}],"about":[{"href":"https:\/\/roveyayinevi.com.tr\/index.php\/wp-json\/wp\/v2\/types\/product"}],"wp:attachment":[{"href":"https:\/\/roveyayinevi.com.tr\/index.php\/wp-json\/wp\/v2\/media?parent=706596"}],"wp:term":[{"taxonomy":"product_brand","embeddable":true,"href":"https:\/\/roveyayinevi.com.tr\/index.php\/wp-json\/wp\/v2\/product_brand?post=706596"},{"taxonomy":"product_cat","embeddable":true,"href":"https:\/\/roveyayinevi.com.tr\/index.php\/wp-json\/wp\/v2\/product_cat?post=706596"},{"taxonomy":"product_tag","embeddable":true,"href":"https:\/\/roveyayinevi.com.tr\/index.php\/wp-json\/wp\/v2\/product_tag?post=706596"}],"curies":[{"name":"wp","href":"https:\/\/api.w.org\/{rel}","templated":true}]}}