{"id":706592,"date":"2025-08-27T15:57:23","date_gmt":"2025-08-27T12:57:23","guid":{"rendered":"https:\/\/roveyayinevi.com.tr\/index.php\/urun\/disi-dusen-ejderha\/"},"modified":"2026-04-16T02:15:04","modified_gmt":"2026-04-15T23:15:04","slug":"disi-dusen-ejderha","status":"publish","type":"product","link":"https:\/\/roveyayinevi.com.tr\/index.php\/urun\/disi-dusen-ejderha\/","title":{"rendered":"Di\u015fi D\u00fc\u015fen Ejderha"},"content":{"rendered":"<p>Sizin hi\u00e7 di\u015finiz d\u00fc\u015ft\u00fc m\u00fc? D\u00fcnyan\u0131n belki \u00e7ok yak\u0131n, belki de \u00e7ok uzak bir \u015fehrinde, insanlar ve ejderhalar bir arada ya\u015f\u0131yordu. D\u00fc\u015fen bir di\u015fin yerine, yenisinin gelip gelmedi\u011fini ise hi\u00e7 kimse bilmiyordu. Dis\u0327i D\u00fc\u015fen Ejderha, 8 ya\u015f\u0131ndaki Demir\u2019in yapt\u0131\u011f\u0131 bir resimden ve bu resme verdi\u011fi isimden do\u011fdu. Bu resmin, kitaptaki s\u0131n\u0131f sahnesinde yer alan panoda as\u0131l\u0131 oldu\u011funu g\u00f6rebilirsiniz. Demir, resme neden \u201cDi\u015fiD\u00fc\u015fen Ejderha\u201d ismini verdi\u011fini, yaratt\u0131\u011f\u0131 karakterin \u00f6yk\u00fcs\u00fcn\u00fc anlatarak a\u00e7\u0131klam\u0131\u015ft\u0131. Bu \u00f6yk\u00fc, parkta sal\u0131ncakta sallan\u0131rken d\u00fc\u015f\u00fcnce, di\u015fid\u00fc\u015fen bir ejderha hakk\u0131ndayd\u0131. Di\u011fer ejderhalar\u0131n dis\u0327i hi\u00e7 d\u00fc\u015fmezken, onun dis\u0327i nas\u0131l olduysa d\u00fc\u015f\u00fcvermi\u015fti. Annesi onu di\u015f\u00e7iyeg\u00f6t\u00fcrm\u00fc\u015f\u0327 ve dis\u0327\u00e7i de, \u201cHayat\u0131mda hi\u00e7 dis\u0327id\u00fcs\u0327en ejderha g\u00f6rmemi\u015ftim,\u201d demi\u015fti. I\u0307s\u0327te bu kitap, Demir\u2019in \u00e7izmeyi en \u00e7ok sevdi\u011fi ejderhalar ile d\u00fc\u015fledi\u011fi bir karakterin, bir kitaba d\u00f6n\u00fc\u015fmesi i\u00e7in ortaya \u00e7\u0131kt\u0131. <\/p>\n","protected":false},"excerpt":{"rendered":"<p>Sizin hi\u00e7 di\u015finiz d\u00fc\u015ft\u00fc m\u00fc? D\u00fcnyan\u0131n belki \u00e7ok yak\u0131n, belki de \u00e7ok uzak bir \u015fehrinde, insanlar ve ejderhalar bir arada ya\u015f\u0131yordu. D\u00fc\u015fen bir di\u015fin yerine, yenisinin<span class=\"excerpt-hellip\"> [\u2026]<\/span><\/p>\n","protected":false},"featured_media":0,"template":"","meta":{"_monsterinsights_skip_tracking":false,"_monsterinsights_sitenote_active":false,"_monsterinsights_sitenote_note":"","_monsterinsights_sitenote_category":0},"product_brand":[],"product_cat":[12913,12274],"product_tag":[],"class_list":{"0":"post-706592","1":"product","2":"type-product","3":"status-publish","5":"product_cat-3-6-yas-kitaplari","6":"product_cat-cocuk-ve-genclik-kitaplari","7":"pa_cilt-ciltsiz","8":"pa_tur-kitap","9":"pa_yayinevi-beta-kids","10":"pa_yazar-sima-ozkan","12":"first","13":"instock","14":"sale","15":"shipping-taxable","16":"purchasable","17":"product-type-simple"},"_links":{"self":[{"href":"https:\/\/roveyayinevi.com.tr\/index.php\/wp-json\/wp\/v2\/product\/706592","targetHints":{"allow":["GET"]}}],"collection":[{"href":"https:\/\/roveyayinevi.com.tr\/index.php\/wp-json\/wp\/v2\/product"}],"about":[{"href":"https:\/\/roveyayinevi.com.tr\/index.php\/wp-json\/wp\/v2\/types\/product"}],"wp:attachment":[{"href":"https:\/\/roveyayinevi.com.tr\/index.php\/wp-json\/wp\/v2\/media?parent=706592"}],"wp:term":[{"taxonomy":"product_brand","embeddable":true,"href":"https:\/\/roveyayinevi.com.tr\/index.php\/wp-json\/wp\/v2\/product_brand?post=706592"},{"taxonomy":"product_cat","embeddable":true,"href":"https:\/\/roveyayinevi.com.tr\/index.php\/wp-json\/wp\/v2\/product_cat?post=706592"},{"taxonomy":"product_tag","embeddable":true,"href":"https:\/\/roveyayinevi.com.tr\/index.php\/wp-json\/wp\/v2\/product_tag?post=706592"}],"curies":[{"name":"wp","href":"https:\/\/api.w.org\/{rel}","templated":true}]}}