{"id":706585,"date":"2025-08-27T15:57:21","date_gmt":"2025-08-27T12:57:21","guid":{"rendered":"https:\/\/roveyayinevi.com.tr\/index.php\/urun\/hadisler-hadisi-serif-midir\/"},"modified":"2026-04-16T02:15:04","modified_gmt":"2026-04-15T23:15:04","slug":"hadisler-hadisi-serif-midir","status":"publish","type":"product","link":"https:\/\/roveyayinevi.com.tr\/index.php\/urun\/hadisler-hadisi-serif-midir\/","title":{"rendered":"Hadisler Hadisi \u015eerif midir?"},"content":{"rendered":"<p>Her ne kadar hadis s\u00f6zc\u00fc\u011f\u00fc, ilk \u00e7\u0131k\u0131\u015f a\u015famas\u0131nda tamamen peygamberden aktar\u0131lan s\u00f6zler anlam\u0131yla kullan\u0131lsa da zaman ge\u00e7tik\u00e7e hadis s\u00f6zc\u00fc\u011f\u00fc anlam geni\u015flemesine u\u011fruyor. \u00c7\u00fcnk\u00fc Hadis diye bir ilim ortaya \u00e7\u0131k\u0131p da hadisler irdeleyici bir bak\u0131\u015fla ele al\u0131n\u0131nca g\u00f6r\u00fcl\u00fcyor ki hadis diye aktar\u0131lan s\u00f6zler sadece peygamberden aktar\u0131lan s\u00f6zler de\u011fil. Hadislerin aras\u0131nda Peygamberin eylem ve kararlar\u0131n\u0131 i\u00e7eren s\u00f6zler de var.Sadece bunlar olsa yine do\u011fal kar\u015f\u0131lanabilir. Oysa peygamberin arkada\u015flar\u0131n\u0131n, hatta onlardan sonraki ku\u015faklar\u0131n ve daha da garibi daha sonraki ku\u015faklar\u0131n s\u00f6zleri de hadis terimi i\u00e7inde de\u011ferlendirilmi\u015f. Peygamberin \u00e7ok k\u00fc\u00e7\u00fckken yitirdi\u011fi dedesi Abd\u00fclmuttalip\u2019ten aktar\u0131lan s\u00f6z bile hadisler aras\u0131nda ge\u00e7iyor.Hadis s\u00f6zc\u00fc\u011f\u00fcyle peygamberin s\u00f6zlerinin kastedildi\u011fi geni\u015f ve yayg\u0131n bir inan\u00e7sa da hadis sadece peygamberin s\u00f6zlerini de\u011fil davran\u0131\u015flar\u0131n\u0131 da i\u00e7erdi\u011fi gibi sadece peygamberin de\u011fil sahabelerin hatta onlardan sonraki iki ku\u015fa\u011f\u0131n s\u00f6z ve davran\u0131\u015flar\u0131n\u0131 da i\u00e7ermektedir.<\/p>\n","protected":false},"excerpt":{"rendered":"<p>Her ne kadar hadis s\u00f6zc\u00fc\u011f\u00fc, ilk \u00e7\u0131k\u0131\u015f a\u015famas\u0131nda tamamen peygamberden aktar\u0131lan s\u00f6zler anlam\u0131yla kullan\u0131lsa da zaman ge\u00e7tik\u00e7e hadis s\u00f6zc\u00fc\u011f\u00fc anlam geni\u015flemesine u\u011fruyor. \u00c7\u00fcnk\u00fc Hadis diye bir<span class=\"excerpt-hellip\"> [\u2026]<\/span><\/p>\n","protected":false},"featured_media":0,"template":"","meta":{"_monsterinsights_skip_tracking":false,"_monsterinsights_sitenote_active":false,"_monsterinsights_sitenote_note":"","_monsterinsights_sitenote_category":0},"product_brand":[],"product_cat":[13036,12718,12719],"product_tag":[],"class_list":{"0":"post-706585","1":"product","2":"type-product","3":"status-publish","5":"product_cat-arastirma-inceleme-islam","6":"product_cat-din","7":"product_cat-islam","8":"pa_cilt-ciltsiz","9":"pa_tur-kitap","10":"pa_yayinevi-berfin-yayinlari","11":"pa_yazar-tunay-bayrak","13":"first","14":"instock","15":"sale","16":"shipping-taxable","17":"purchasable","18":"product-type-simple"},"_links":{"self":[{"href":"https:\/\/roveyayinevi.com.tr\/index.php\/wp-json\/wp\/v2\/product\/706585","targetHints":{"allow":["GET"]}}],"collection":[{"href":"https:\/\/roveyayinevi.com.tr\/index.php\/wp-json\/wp\/v2\/product"}],"about":[{"href":"https:\/\/roveyayinevi.com.tr\/index.php\/wp-json\/wp\/v2\/types\/product"}],"wp:attachment":[{"href":"https:\/\/roveyayinevi.com.tr\/index.php\/wp-json\/wp\/v2\/media?parent=706585"}],"wp:term":[{"taxonomy":"product_brand","embeddable":true,"href":"https:\/\/roveyayinevi.com.tr\/index.php\/wp-json\/wp\/v2\/product_brand?post=706585"},{"taxonomy":"product_cat","embeddable":true,"href":"https:\/\/roveyayinevi.com.tr\/index.php\/wp-json\/wp\/v2\/product_cat?post=706585"},{"taxonomy":"product_tag","embeddable":true,"href":"https:\/\/roveyayinevi.com.tr\/index.php\/wp-json\/wp\/v2\/product_tag?post=706585"}],"curies":[{"name":"wp","href":"https:\/\/api.w.org\/{rel}","templated":true}]}}