{"id":706561,"date":"2025-08-27T15:57:11","date_gmt":"2025-08-27T12:57:11","guid":{"rendered":"https:\/\/roveyayinevi.com.tr\/index.php\/urun\/tango-boyle-bir-sey\/"},"modified":"2026-04-16T02:15:03","modified_gmt":"2026-04-15T23:15:03","slug":"tango-boyle-bir-sey","status":"publish","type":"product","link":"https:\/\/roveyayinevi.com.tr\/index.php\/urun\/tango-boyle-bir-sey\/","title":{"rendered":"Tango B\u00f6yle Bir \u015eey!"},"content":{"rendered":"<p>Tango neden b\u00fct\u00fcn danslar\u0131n i\u00e7inde \u00f6zel bir yere sahiptir?Yoksul mahallelerden \u00e7\u0131k\u0131p kentin l\u00fcks salonlar\u0131na dalabildi\u011fi i\u00e7in mi? Bedenleri bulu\u015fturup, ac\u0131y\u0131 ve sevinci ayn\u0131 ate\u015fte eritebildi\u011fi i\u00e7in mi? Tango cinsellik midir, yoksa g\u00fcven duygusu mu? \u0130lgi g\u00f6rmek, etraf\u0131ndaki kis\u0327ilerle ileti\u015fimde bulunmak m\u0131?Ah\u015fap bir zemin \u00fczerinde tesad\u00fcfen y\u00fcr\u00fcrken, birka\u00e7 k\u00fc\u00e7\u00fck tango ad\u0131m\u0131 atma d\u00fcrt\u00fcs\u00fc nereden gelir? Gardrobunuzda bask\u0131n renk olan \u201ctango siyah\u0131\u201d sayesinde kendi potansiyelinizi ortaya \u00e7\u0131karman\u0131n, kendinizi ger\u00e7ekles\u0327tirmenin mutlulu\u011fu mudur bu? En yorgun, uykusuz ve bitkin halinizde bile beyninizin i\u00e7inde tango yapabilmenin hafifli\u011fi mi?Bir tango s\u00fcresince ya\u015fad\u0131\u011f\u0131n\u0131z \u201ckaybolma ve bulunma\u201d duygusu sayesinde art\u0131k hep tangoyla varolaca\u011f\u0131n\u0131z\u0131 bilirsiniz. Elinizdeki kitapta Ye\u015fim Narter bu duygunun d\u00fcnyas\u0131n\u0131 anlat\u0131r.Y\u0131llar\u0131n deneyiminden beslenen Ye\u015fim Narter, okurlar\u0131 Arjantin\u2019den al\u0131p T\u00fcrkiye\u2019deki tangoya kadar geni\u015f bir alanda, a\u011f\u0131r ve ritmik ad\u0131mlarla dola\u015ft\u0131r\u0131yor. Tangonun bir dans ve m\u00fczik t\u00fcr\u00fc olman\u0131n \u00f6tesinde, birbirimizle ve d\u00fcnyayla ileti\u015fim kurman\u0131n sanatsal bir yolu oldu\u011funu g\u00f6steriyor. \u0130nsan\u0131 mutlu hissettiren iki temel \u00f6\u011feyi, \u201critim\u201d ile \u201cdokunu\u015f\u201dun m\u00fckemmel birli\u011fini dile getiriyor.Tango, yaln\u0131zca bir dans de\u011fil fiziksel, duygusal ve ruhsal varl\u0131\u011f\u0131m\u0131z\u0131n b\u00fct\u00fcn ihtiya\u00e7lar\u0131n\u0131 kar\u015f\u0131layabilen bir varolu\u015f bi\u00e7imidir. Kendini tan\u0131man\u0131n ve ifade etmenin en g\u00fczel yolu.Tangonun k\u00f6keni hakk\u0131nda \u00fcretilmis\u0327 pek \u00e7ok iddiadan birini de Arjantinli yazar Borges dile getirir:Bilgi kaynaklar\u0131m\u0131n t\u00fcm\u00fcn\u00fcn hemfikir oldug\u0306u ger\u00e7ek s\u0327udur ki; tango genelevlerde dog\u0306mus\u0327tur. Dans\u0131n\u0131n s\u0327ehvet ve cinsellik tas\u0327\u0131yan hareketleri, s\u00f6zlerinin i\u00e7erdig\u0306i m\u00fcstehcen imalar, mahallelinin ayart\u0131c\u0131 ve bas\u0327tan \u00e7\u0131kar\u0131c\u0131 buldug\u0306u bu m\u00fczik ve danstan k\u0131zlar\u0131n\u0131 uzak tutmalar\u0131, \u00f6g\u0306renme \/ \u00f6g\u0306retme, pratik ya da g\u00f6steris\u0327 amac\u0131yla sokak aralar\u0131nda erkek erkeg\u0306e yap\u0131lan fig\u00fcrler, b\u00fct\u00fcn bunlar da tangonun nerede dog\u0306dug\u0306una dair birer g\u00f6sterge nitelig\u0306i tas\u0327\u0131yor.<\/p>\n","protected":false},"excerpt":{"rendered":"<p>Tango neden b\u00fct\u00fcn danslar\u0131n i\u00e7inde \u00f6zel bir yere sahiptir?Yoksul mahallelerden \u00e7\u0131k\u0131p kentin l\u00fcks salonlar\u0131na dalabildi\u011fi i\u00e7in mi? Bedenleri bulu\u015fturup, ac\u0131y\u0131 ve sevinci ayn\u0131 ate\u015fte eritebildi\u011fi i\u00e7in<span class=\"excerpt-hellip\"> [\u2026]<\/span><\/p>\n","protected":false},"featured_media":0,"template":"","meta":{"_monsterinsights_skip_tracking":false,"_monsterinsights_sitenote_active":false,"_monsterinsights_sitenote_note":"","_monsterinsights_sitenote_category":0},"product_brand":[],"product_cat":[13548,12408],"product_tag":[],"class_list":{"0":"post-706561","1":"product","2":"type-product","3":"status-publish","5":"product_cat-kuram","6":"product_cat-sanat","7":"pa_cilt-ciltsiz","8":"pa_tur-kitap","9":"pa_yayinevi-ayrinti-yayinlari","10":"pa_yazar-yesim-narter","12":"first","13":"instock","14":"sale","15":"shipping-taxable","16":"purchasable","17":"product-type-simple"},"_links":{"self":[{"href":"https:\/\/roveyayinevi.com.tr\/index.php\/wp-json\/wp\/v2\/product\/706561","targetHints":{"allow":["GET"]}}],"collection":[{"href":"https:\/\/roveyayinevi.com.tr\/index.php\/wp-json\/wp\/v2\/product"}],"about":[{"href":"https:\/\/roveyayinevi.com.tr\/index.php\/wp-json\/wp\/v2\/types\/product"}],"wp:attachment":[{"href":"https:\/\/roveyayinevi.com.tr\/index.php\/wp-json\/wp\/v2\/media?parent=706561"}],"wp:term":[{"taxonomy":"product_brand","embeddable":true,"href":"https:\/\/roveyayinevi.com.tr\/index.php\/wp-json\/wp\/v2\/product_brand?post=706561"},{"taxonomy":"product_cat","embeddable":true,"href":"https:\/\/roveyayinevi.com.tr\/index.php\/wp-json\/wp\/v2\/product_cat?post=706561"},{"taxonomy":"product_tag","embeddable":true,"href":"https:\/\/roveyayinevi.com.tr\/index.php\/wp-json\/wp\/v2\/product_tag?post=706561"}],"curies":[{"name":"wp","href":"https:\/\/api.w.org\/{rel}","templated":true}]}}