{"id":706556,"date":"2025-08-27T15:57:09","date_gmt":"2025-08-27T12:57:09","guid":{"rendered":"https:\/\/roveyayinevi.com.tr\/index.php\/urun\/hayatin-kirilganligi\/"},"modified":"2026-04-16T02:15:03","modified_gmt":"2026-04-15T23:15:03","slug":"hayatin-kirilganligi","status":"publish","type":"product","link":"https:\/\/roveyayinevi.com.tr\/index.php\/urun\/hayatin-kirilganligi\/","title":{"rendered":"Hayat\u0131n K\u0131r\u0131lganl\u0131\u011f\u0131"},"content":{"rendered":"<p>\u00c7a\u011f\u0131m\u0131z\u0131n \u00f6nde gelen teorisyenlerinden William E. Connolly bu kitab\u0131nda, ekonomi piyasalar\u0131n\u0131 kendi kendini organize edebilen yegane s\u00fcre\u00e7ler olarak g\u00f6rmenin yanl\u0131\u015fl\u0131\u011f\u0131n\u0131 ortaya koyarak, ya\u015fad\u0131\u011f\u0131m\u0131z gezegenin olu\u015fumuna katk\u0131s\u0131 olan \u00e7e\u015fitli ekolojik oto-organizasyon sistemlerine ve bunlar\u0131n, dolay\u0131s\u0131yla da varolu\u015fun, neoliberalizm ad\u0131 alt\u0131ndaki y\u0131k\u0131m\u0131na odaklan\u0131yor: <\/p>\n","protected":false},"excerpt":{"rendered":"<p>\u00c7a\u011f\u0131m\u0131z\u0131n \u00f6nde gelen teorisyenlerinden William E. Connolly bu kitab\u0131nda, ekonomi piyasalar\u0131n\u0131 kendi kendini organize edebilen yegane s\u00fcre\u00e7ler olarak g\u00f6rmenin yanl\u0131\u015fl\u0131\u011f\u0131n\u0131 ortaya koyarak, ya\u015fad\u0131\u011f\u0131m\u0131z gezegenin olu\u015fumuna katk\u0131s\u0131<span class=\"excerpt-hellip\"> [\u2026]<\/span><\/p>\n","protected":false},"featured_media":0,"template":"","meta":{"_monsterinsights_skip_tracking":false,"_monsterinsights_sitenote_active":false,"_monsterinsights_sitenote_note":"","_monsterinsights_sitenote_category":0},"product_brand":[],"product_cat":[13590,12337],"product_tag":[],"class_list":{"0":"post-706556","1":"product","2":"type-product","3":"status-publish","5":"product_cat-arastirma-inceleme-politika-siyaset","6":"product_cat-politika-siyaset","7":"pa_cilt-ciltsiz","8":"pa_tur-kitap","9":"pa_yayinevi-ayrinti-yayinlari","10":"pa_yazar-william-e-connolly","12":"first","13":"instock","14":"sale","15":"shipping-taxable","16":"purchasable","17":"product-type-simple"},"_links":{"self":[{"href":"https:\/\/roveyayinevi.com.tr\/index.php\/wp-json\/wp\/v2\/product\/706556","targetHints":{"allow":["GET"]}}],"collection":[{"href":"https:\/\/roveyayinevi.com.tr\/index.php\/wp-json\/wp\/v2\/product"}],"about":[{"href":"https:\/\/roveyayinevi.com.tr\/index.php\/wp-json\/wp\/v2\/types\/product"}],"wp:attachment":[{"href":"https:\/\/roveyayinevi.com.tr\/index.php\/wp-json\/wp\/v2\/media?parent=706556"}],"wp:term":[{"taxonomy":"product_brand","embeddable":true,"href":"https:\/\/roveyayinevi.com.tr\/index.php\/wp-json\/wp\/v2\/product_brand?post=706556"},{"taxonomy":"product_cat","embeddable":true,"href":"https:\/\/roveyayinevi.com.tr\/index.php\/wp-json\/wp\/v2\/product_cat?post=706556"},{"taxonomy":"product_tag","embeddable":true,"href":"https:\/\/roveyayinevi.com.tr\/index.php\/wp-json\/wp\/v2\/product_tag?post=706556"}],"curies":[{"name":"wp","href":"https:\/\/api.w.org\/{rel}","templated":true}]}}