{"id":706547,"date":"2025-08-27T15:57:05","date_gmt":"2025-08-27T12:57:05","guid":{"rendered":"https:\/\/roveyayinevi.com.tr\/index.php\/urun\/baslama-yeri\/"},"modified":"2026-04-16T02:15:03","modified_gmt":"2026-04-15T23:15:03","slug":"baslama-yeri","status":"publish","type":"product","link":"https:\/\/roveyayinevi.com.tr\/index.php\/urun\/baslama-yeri\/","title":{"rendered":"Ba\u015flama Yeri"},"content":{"rendered":"<p>Ba\u015flama Yeri, Ursula Le Guin\u2019in en \u00f6nemli yap\u0131tlar\u0131ndan biri; fantastik edebiyat\u0131n nadide metinlerinden. A\u015fk\u0131n, tutkunun, hayalg\u00fcc\u00fcn\u00fcn ve ser\u00fcvenin i\u00e7 i\u00e7e ge\u00e7ti\u011fi roman nefes kesen olaylarla y\u00fckl\u00fc.Roman\u0131n esas karekterlerinden biri olan Hugh Rogers tekd\u00fcze ve s\u0131k\u0131c\u0131 hayat\u0131ndan b\u0131k\u0131p usanm\u0131\u015ft\u0131r. Hayat\u0131n\u0131 de\u011fi\u015ftirmek i\u00e7in \u00e7aba g\u00f6stermektedir. Aray\u0131\u015flar\u0131 sonu\u00e7 verir ve derken g\u00fcn\u00fcn birinde beklenmedik bir \u015fey olur: Hugh Rogers kendisini cennetten farks\u0131z, de\u011fi\u015fmeyen alacakaranl\u0131\u011f\u0131yla Tembreabrezi\u2019ye, yani \u201cba\u015flama yerine\u201d g\u00f6t\u00fcrecek olan kap\u0131y\u0131 bulur. Irena Pannis ise ba\u015flama yerini buldu\u011funda hen\u00fcz on \u00fc\u00e7 ya\u015f\u0131ndad\u0131r. Aradan yedi y\u0131l ge\u00e7er, Irena Pannis b\u00fcy\u00fcy\u00fcp serpilir, gen\u00e7 ve g\u00fczel bir kad\u0131n olur. Da\u011fkenti\u2019ne izinsiz giri\u015f yapan Hugh Rogers ile kar\u015f\u0131la\u015f\u0131r. Bu kar\u015f\u0131la\u015fman\u0131n hemen ard\u0131ndan devasa bir g\u00f6lge Da\u011fkenti&#8217;ni y\u0131kmakla tehdit eder. Hugh ve Irena bu g\u00f6lgeyi bulup kovmak i\u00e7in bir araya gelir ve yola \u00e7\u0131karlar. Yolculuk esnas\u0131nda birbirlerine a\u015f\u0131k olurlar. Yeni bir ba\u015flang\u0131ca ya da ka\u00e7\u0131n\u0131lmaz bir sona do\u011fru mu s\u00fcr\u00fcklenmektedirler..? <\/p>\n","protected":false},"excerpt":{"rendered":"<p>Ba\u015flama Yeri, Ursula Le Guin\u2019in en \u00f6nemli yap\u0131tlar\u0131ndan biri; fantastik edebiyat\u0131n nadide metinlerinden. A\u015fk\u0131n, tutkunun, hayalg\u00fcc\u00fcn\u00fcn ve ser\u00fcvenin i\u00e7 i\u00e7e ge\u00e7ti\u011fi roman nefes kesen olaylarla y\u00fckl\u00fc.Roman\u0131n<span class=\"excerpt-hellip\"> [\u2026]<\/span><\/p>\n","protected":false},"featured_media":0,"template":"","meta":{"_monsterinsights_skip_tracking":false,"_monsterinsights_sitenote_active":false,"_monsterinsights_sitenote_note":"","_monsterinsights_sitenote_category":0},"product_brand":[],"product_cat":[12291,12711],"product_tag":[],"class_list":{"0":"post-706547","1":"product","2":"type-product","3":"status-publish","5":"product_cat-edebiyat","6":"product_cat-roman-oyku","7":"pa_cilt-ciltsiz","8":"pa_tur-kitap","9":"pa_yayinevi-ayrinti-yayinlari","10":"pa_yazar-ursula-k-le-guin","12":"first","13":"instock","14":"sale","15":"shipping-taxable","16":"purchasable","17":"product-type-simple"},"_links":{"self":[{"href":"https:\/\/roveyayinevi.com.tr\/index.php\/wp-json\/wp\/v2\/product\/706547","targetHints":{"allow":["GET"]}}],"collection":[{"href":"https:\/\/roveyayinevi.com.tr\/index.php\/wp-json\/wp\/v2\/product"}],"about":[{"href":"https:\/\/roveyayinevi.com.tr\/index.php\/wp-json\/wp\/v2\/types\/product"}],"wp:attachment":[{"href":"https:\/\/roveyayinevi.com.tr\/index.php\/wp-json\/wp\/v2\/media?parent=706547"}],"wp:term":[{"taxonomy":"product_brand","embeddable":true,"href":"https:\/\/roveyayinevi.com.tr\/index.php\/wp-json\/wp\/v2\/product_brand?post=706547"},{"taxonomy":"product_cat","embeddable":true,"href":"https:\/\/roveyayinevi.com.tr\/index.php\/wp-json\/wp\/v2\/product_cat?post=706547"},{"taxonomy":"product_tag","embeddable":true,"href":"https:\/\/roveyayinevi.com.tr\/index.php\/wp-json\/wp\/v2\/product_tag?post=706547"}],"curies":[{"name":"wp","href":"https:\/\/api.w.org\/{rel}","templated":true}]}}