{"id":706520,"date":"2025-08-27T15:56:53","date_gmt":"2025-08-27T12:56:53","guid":{"rendered":"https:\/\/roveyayinevi.com.tr\/index.php\/urun\/baska-dunya\/"},"modified":"2026-04-16T02:15:02","modified_gmt":"2026-04-15T23:15:02","slug":"baska-dunya","status":"publish","type":"product","link":"https:\/\/roveyayinevi.com.tr\/index.php\/urun\/baska-dunya\/","title":{"rendered":"Ba\u015fka D\u00fcnya"},"content":{"rendered":"<p>Zehra, \u201cAaaa, Muzaffer A\u011fabey, ho\u015f geldiniz\u201d diyerek uzatt\u0131 elini.O s\u0131rada aya\u011fa kalkan Murat\u2019\u0131 i\u015faret ederek, \u201cMurat\u201d di\u011fer eliyle Muzaffer Bey\u2019i g\u00f6stererek, \u201cMuzaffer A\u011fabey\u201d diyerek birbirlerine tan\u0131\u015ft\u0131rd\u0131. Tam oturacaklard\u0131 ki, Avukat Vural, \u201cOoo kimleri g\u00f6r\u00fcyorum\u201d diyerek yakla\u015ft\u0131.Vural\u2019\u0131 hepsi tan\u0131yordu. Merhabala\u015ft\u0131ktan sonra oturdular. Bir s\u00fcre m\u00fctebessim bak\u0131\u015flarla birbirlerine enerji verdiler. Muzaffer komutan Murat\u2019a d\u00f6n\u00fcp,\u201c\u00c7ok ge\u00e7mi\u015f olsun Murat! G\u0131yab\u0131nda \u00e7ok \u015fey duydum, elimizden geldi\u011fince u\u011frad\u0131\u011f\u0131n haks\u0131zl\u0131ktan seni kurtarmaya, kurtaramad\u0131\u011f\u0131m\u0131z s\u00fcrelerde fazla \u0131st\u0131rap \u00e7ekmemen i\u00e7in gayret ettik. Nihayet aram\u0131zdas\u0131n ya \u00f6nemli olan bu. Aram\u0131za ho\u015f geldin.\u201d\u201c\u00c7ok te\u015fekk\u00fcr ederim. T\u00fcm \u00e7abalar\u0131n\u0131z\u0131 hissettim. Siz olmasayd\u0131n\u0131z neler ya\u015fayabilece\u011fimi \u00e7ok iyi biliyordum.\u201d dedi ve Vural\u2019a d\u00f6nerek,\u201cVural karde\u015fim olmasa eminim halen damda olacakt\u0131m\u201d dedi. Sonra Zehra\u2019ya d\u00f6nd\u00fc, \u00f6nce g\u00f6zlerine sevgiyle bakt\u0131 sonra a\u011flamakl\u0131 g\u00f6zlerini dikerek,\u201cZehra olmasayd\u0131 zaten size ula\u015famayacakt\u0131m dolay\u0131s\u0131yla her bak\u0131mdan y\u0131k\u0131m olacakt\u0131\u201d dedi.K\u0131sa s\u00fcren h\u00fcz\u00fcnl\u00fc sessizli\u011fi Zehra bozdu.\u201cAma ben olmasayd\u0131m bana \u015fiir yazmayacakt\u0131n ve hapse d\u00fc\u015fmeyecektin de\u011fil mi?\u201d Dedi g\u00fclerek ve elini tuttu.<\/p>\n","protected":false},"excerpt":{"rendered":"<p>Zehra, \u201cAaaa, Muzaffer A\u011fabey, ho\u015f geldiniz\u201d diyerek uzatt\u0131 elini.O s\u0131rada aya\u011fa kalkan Murat\u2019\u0131 i\u015faret ederek, \u201cMurat\u201d di\u011fer eliyle Muzaffer Bey\u2019i g\u00f6stererek, \u201cMuzaffer A\u011fabey\u201d diyerek birbirlerine tan\u0131\u015ft\u0131rd\u0131.<span class=\"excerpt-hellip\"> [\u2026]<\/span><\/p>\n","protected":false},"featured_media":0,"template":"","meta":{"_monsterinsights_skip_tracking":false,"_monsterinsights_sitenote_active":false,"_monsterinsights_sitenote_note":"","_monsterinsights_sitenote_category":0},"product_brand":[],"product_cat":[12291,12711],"product_tag":[],"class_list":{"0":"post-706520","1":"product","2":"type-product","3":"status-publish","5":"product_cat-edebiyat","6":"product_cat-roman-oyku","7":"pa_cilt-ciltsiz","8":"pa_tur-kitap","9":"pa_yayinevi-ayata-kitap","10":"pa_yazar-zafer-altayli","12":"first","13":"instock","14":"sale","15":"shipping-taxable","16":"purchasable","17":"product-type-simple"},"_links":{"self":[{"href":"https:\/\/roveyayinevi.com.tr\/index.php\/wp-json\/wp\/v2\/product\/706520","targetHints":{"allow":["GET"]}}],"collection":[{"href":"https:\/\/roveyayinevi.com.tr\/index.php\/wp-json\/wp\/v2\/product"}],"about":[{"href":"https:\/\/roveyayinevi.com.tr\/index.php\/wp-json\/wp\/v2\/types\/product"}],"wp:attachment":[{"href":"https:\/\/roveyayinevi.com.tr\/index.php\/wp-json\/wp\/v2\/media?parent=706520"}],"wp:term":[{"taxonomy":"product_brand","embeddable":true,"href":"https:\/\/roveyayinevi.com.tr\/index.php\/wp-json\/wp\/v2\/product_brand?post=706520"},{"taxonomy":"product_cat","embeddable":true,"href":"https:\/\/roveyayinevi.com.tr\/index.php\/wp-json\/wp\/v2\/product_cat?post=706520"},{"taxonomy":"product_tag","embeddable":true,"href":"https:\/\/roveyayinevi.com.tr\/index.php\/wp-json\/wp\/v2\/product_tag?post=706520"}],"curies":[{"name":"wp","href":"https:\/\/api.w.org\/{rel}","templated":true}]}}