{"id":706493,"date":"2025-08-27T15:56:42","date_gmt":"2025-08-27T12:56:42","guid":{"rendered":"https:\/\/roveyayinevi.com.tr\/index.php\/urun\/sarki-sololari-turkce-pop\/"},"modified":"2026-04-16T02:15:01","modified_gmt":"2026-04-15T23:15:01","slug":"sarki-sololari-turkce-pop","status":"publish","type":"product","link":"https:\/\/roveyayinevi.com.tr\/index.php\/urun\/sarki-sololari-turkce-pop\/","title":{"rendered":"\u015eark\u0131 Sololar\u0131 &#8211; T\u00fcrk\u00e7e Pop"},"content":{"rendered":"<p>Enstr\u00fcmantal m\u00fczi\u011fi icra edenler i\u00e7in bir repertuar olan \u015eark\u0131 Sololar\u0131: T\u00fcrk\u00e7e Pop, enstr\u00fcman e\u011fitiminde ihtiya\u00e7 duyulan bir kaynak niteli\u011findedir. Kitap, t\u00fcm m\u00fczik enstr\u00fcmanlar\u0131 i\u00e7in en sevilen T\u00fcrk\u00e7e \u015fark\u0131lar\u0131, \u015fark\u0131lar\u0131n gitar ve piyano akorlar\u0131n\u0131, m\u00fcziksel terim ve i\u015faretlerin a\u00e7\u0131klamalar\u0131n\u0131 i\u00e7ermektedir.Web sitemizden kolayca eri\u015febilece\u011finiz ses dosyalar\u0131 ile \u015fark\u0131lar\u0131 \u00f6\u011frendikten sonra al\u0131\u015ft\u0131rma yapma imk\u00e2n\u0131 sunan bu kitap t\u00fcm m\u00fczikseverlerin be\u011fenisine sunuluyor.<\/p>\n","protected":false},"excerpt":{"rendered":"<p>Enstr\u00fcmantal m\u00fczi\u011fi icra edenler i\u00e7in bir repertuar olan \u015eark\u0131 Sololar\u0131: T\u00fcrk\u00e7e Pop, enstr\u00fcman e\u011fitiminde ihtiya\u00e7 duyulan bir kaynak niteli\u011findedir. Kitap, t\u00fcm m\u00fczik enstr\u00fcmanlar\u0131 i\u00e7in en sevilen<span class=\"excerpt-hellip\"> [\u2026]<\/span><\/p>\n","protected":false},"featured_media":0,"template":"","meta":{"_monsterinsights_skip_tracking":false,"_monsterinsights_sitenote_active":false,"_monsterinsights_sitenote_note":"","_monsterinsights_sitenote_category":0},"product_brand":[],"product_cat":[14556,20810],"product_tag":[],"class_list":{"0":"post-706493","1":"product","2":"type-product","3":"status-publish","5":"product_cat-muzik","6":"product_cat-ogrenim-kitaplari","7":"pa_cilt-ciltsiz","8":"pa_tur-kitap","9":"pa_yayinevi-arkadas-yayinlari-ders-kitaplari","10":"pa_yazar-bulent-isbilen","12":"first","13":"instock","14":"sale","15":"shipping-taxable","16":"purchasable","17":"product-type-simple"},"_links":{"self":[{"href":"https:\/\/roveyayinevi.com.tr\/index.php\/wp-json\/wp\/v2\/product\/706493","targetHints":{"allow":["GET"]}}],"collection":[{"href":"https:\/\/roveyayinevi.com.tr\/index.php\/wp-json\/wp\/v2\/product"}],"about":[{"href":"https:\/\/roveyayinevi.com.tr\/index.php\/wp-json\/wp\/v2\/types\/product"}],"wp:attachment":[{"href":"https:\/\/roveyayinevi.com.tr\/index.php\/wp-json\/wp\/v2\/media?parent=706493"}],"wp:term":[{"taxonomy":"product_brand","embeddable":true,"href":"https:\/\/roveyayinevi.com.tr\/index.php\/wp-json\/wp\/v2\/product_brand?post=706493"},{"taxonomy":"product_cat","embeddable":true,"href":"https:\/\/roveyayinevi.com.tr\/index.php\/wp-json\/wp\/v2\/product_cat?post=706493"},{"taxonomy":"product_tag","embeddable":true,"href":"https:\/\/roveyayinevi.com.tr\/index.php\/wp-json\/wp\/v2\/product_tag?post=706493"}],"curies":[{"name":"wp","href":"https:\/\/api.w.org\/{rel}","templated":true}]}}