{"id":706485,"date":"2025-08-27T15:56:39","date_gmt":"2025-08-27T12:56:39","guid":{"rendered":"https:\/\/roveyayinevi.com.tr\/index.php\/urun\/iki-sehrin-hikayesi-6\/"},"modified":"2026-04-16T02:15:01","modified_gmt":"2026-04-15T23:15:01","slug":"iki-sehrin-hikayesi-6","status":"publish","type":"product","link":"https:\/\/roveyayinevi.com.tr\/index.php\/urun\/iki-sehrin-hikayesi-6\/","title":{"rendered":"\u0130ki \u015eehrin Hikayesi"},"content":{"rendered":"<p>&#8220;T\u00fcm zamanlar\u0131n en iyisiydi, belki de en k\u00f6t\u00fcs\u00fc\u2026&#8221;\u0130ki \u015eehrin Hikayesi&#8217;nde anlat\u0131lanlar, tam da b\u00f6yle bir zaman diliminde ge\u00e7iyor. Frans\u0131z Devrimi \u00f6ncesinde kral yanl\u0131lar\u0131yla soylular\u0131n, halka yapt\u0131\u011f\u0131 zul\u00fcm ve sonras\u0131nda devrimi ger\u00e7ekle\u015ftirenlerin soylulara \u00e7ektirdikleri ac\u0131lar, okura Paris ve Londra&#8217;da ya\u015fanan s\u00fcr\u00fckleyici bir \u00f6yk\u00fcyle sunuluyor.Frans\u0131z Devrimi ba\u015flad\u0131\u011f\u0131nda bask\u0131n d\u00fczenlenen Bastille Hapishanesi&#8217;nde haks\u0131z yere 18 y\u0131l mahk\u00fbm kald\u0131ktan sonra Londra&#8217;ya yerle\u015fen Dr. Manette&#8217;in k\u0131z\u0131 Lucie, soylu bir Frans\u0131z aileye mensup oldu\u011funu gizleyen Charles Darnay&#8217;e g\u00f6nl\u00fcn\u00fc kapt\u0131r\u0131r. Halktan yana \u00e7\u0131kan ve bu y\u00fczden ad\u0131n\u0131 de\u011fi\u015ftiren damad\u0131n\u0131n bir soylu oldu\u011funu nikah g\u00fcn\u00fc \u00f6\u011frenen Dr. Manette, neye u\u011frad\u0131\u011f\u0131n\u0131 \u015fa\u015f\u0131racakt\u0131r. Frans\u0131z Devrimi ger\u00e7ekle\u015fti\u011finde ise soylulu\u011funu gizleyemeyen Charles Darnay de Paris hapishanelerine at\u0131lacakt\u0131r. Lucie ile Charles&#8217;\u0131 art\u0131k zor g\u00fcnler beklemektedir.Charles Dickens&#8217;in (1812-1870), gazetelerde tefrika edilmek \u00fczere yazd\u0131\u011f\u0131 \u0130ki \u015eehrin Hikayesi, t\u00fcm zamanlar\u0131n en \u00e7ok sat\u0131lan eserleri aras\u0131nda yer al\u0131yor.<\/p>\n","protected":false},"excerpt":{"rendered":"<p>&#8220;T\u00fcm zamanlar\u0131n en iyisiydi, belki de en k\u00f6t\u00fcs\u00fc\u2026&#8221;\u0130ki \u015eehrin Hikayesi&#8217;nde anlat\u0131lanlar, tam da b\u00f6yle bir zaman diliminde ge\u00e7iyor. Frans\u0131z Devrimi \u00f6ncesinde kral yanl\u0131lar\u0131yla soylular\u0131n, halka yapt\u0131\u011f\u0131<span class=\"excerpt-hellip\"> [\u2026]<\/span><\/p>\n","protected":false},"featured_media":0,"template":"","meta":{"_monsterinsights_skip_tracking":false,"_monsterinsights_sitenote_active":false,"_monsterinsights_sitenote_note":"","_monsterinsights_sitenote_category":0},"product_brand":[],"product_cat":[12274,12467],"product_tag":[],"class_list":{"0":"post-706485","1":"product","2":"type-product","3":"status-publish","5":"product_cat-cocuk-ve-genclik-kitaplari","6":"product_cat-dunya-klasikleri","7":"pa_cilt-ciltsiz","8":"pa_tur-kitap","9":"pa_yayinevi-arkadas-yayinlari","10":"pa_yazar-charles-dickens","12":"first","13":"instock","14":"sale","15":"shipping-taxable","16":"purchasable","17":"product-type-simple"},"_links":{"self":[{"href":"https:\/\/roveyayinevi.com.tr\/index.php\/wp-json\/wp\/v2\/product\/706485","targetHints":{"allow":["GET"]}}],"collection":[{"href":"https:\/\/roveyayinevi.com.tr\/index.php\/wp-json\/wp\/v2\/product"}],"about":[{"href":"https:\/\/roveyayinevi.com.tr\/index.php\/wp-json\/wp\/v2\/types\/product"}],"wp:attachment":[{"href":"https:\/\/roveyayinevi.com.tr\/index.php\/wp-json\/wp\/v2\/media?parent=706485"}],"wp:term":[{"taxonomy":"product_brand","embeddable":true,"href":"https:\/\/roveyayinevi.com.tr\/index.php\/wp-json\/wp\/v2\/product_brand?post=706485"},{"taxonomy":"product_cat","embeddable":true,"href":"https:\/\/roveyayinevi.com.tr\/index.php\/wp-json\/wp\/v2\/product_cat?post=706485"},{"taxonomy":"product_tag","embeddable":true,"href":"https:\/\/roveyayinevi.com.tr\/index.php\/wp-json\/wp\/v2\/product_tag?post=706485"}],"curies":[{"name":"wp","href":"https:\/\/api.w.org\/{rel}","templated":true}]}}