{"id":706463,"date":"2025-08-27T15:56:30","date_gmt":"2025-08-27T12:56:30","guid":{"rendered":"https:\/\/roveyayinevi.com.tr\/index.php\/urun\/okul-oncesinde-cok-boyutlu-bakis-acilariyla-dusunme-egitimi\/"},"modified":"2026-04-16T02:15:00","modified_gmt":"2026-04-15T23:15:00","slug":"okul-oncesinde-cok-boyutlu-bakis-acilariyla-dusunme-egitimi","status":"publish","type":"product","link":"https:\/\/roveyayinevi.com.tr\/index.php\/urun\/okul-oncesinde-cok-boyutlu-bakis-acilariyla-dusunme-egitimi\/","title":{"rendered":"Okul \u00d6ncesinde \u00c7ok Boyutlu Bak\u0131\u015f A\u00e7\u0131lar\u0131yla D\u00fc\u015f\u00fcnme E\u011fitimi"},"content":{"rendered":"<p>Nesiller de\u011fi\u015ftik\u00e7e yeni bak\u0131\u015f a\u00e7\u0131lar\u0131 geli\u015fmekte, farkl\u0131 uygulamalara, yeni e\u011fitimsel i\u00e7eriklere, programlara gereksinim duyulmaktad\u0131r. E\u011fitimciler \u00e7ocuklarla d\u00fc\u015f\u00fcnme e\u011fitimi uygulamalar\u0131 ger\u00e7ekle\u015ftirmek istemekte, etkinlik \u00f6rneklerine, planl\u0131 uygulamalara ihtiya\u00e7 duymaktad\u0131r. \u00d6zellikle okul \u00f6ncesi d\u00f6nemde bu ihtiyac\u0131n daha fazla oldu\u011fu g\u00f6r\u00fclmektedir. Bu \u00e7er\u00e7evede, bu kitapla s\u00f6z konusu ihtiya\u00e7lara cevap verilmesi ama\u00e7lanmaktad\u0131r. Kitapta d\u00fc\u015f\u00fcnme konusunda bilgiler payla\u015f\u0131lmakta, \u00e7ocuklarla d\u00fc\u015f\u00fcnme e\u011fitimi konusuna yer verilmekte, \u00c7ok boyutlu Bak\u0131\u015f A\u00e7\u0131lar\u0131yla D\u00fc\u015f\u00fcnme E\u011fitimi konusu ele al\u0131nmakta ve y\u00fcz etkinlikten olu\u015fan Okul \u00d6ncesinde \u00c7ok boyutlu Bak\u0131\u015f A\u00e7\u0131lar\u0131yla D\u00fc\u015f\u00fcnme E\u011fitimi Program\u0131 okuyucuya sunulmaktad\u0131r. <\/p>\n","protected":false},"excerpt":{"rendered":"<p>Nesiller de\u011fi\u015ftik\u00e7e yeni bak\u0131\u015f a\u00e7\u0131lar\u0131 geli\u015fmekte, farkl\u0131 uygulamalara, yeni e\u011fitimsel i\u00e7eriklere, programlara gereksinim duyulmaktad\u0131r. E\u011fitimciler \u00e7ocuklarla d\u00fc\u015f\u00fcnme e\u011fitimi uygulamalar\u0131 ger\u00e7ekle\u015ftirmek istemekte, etkinlik \u00f6rneklerine, planl\u0131 uygulamalara ihtiya\u00e7<span class=\"excerpt-hellip\"> [\u2026]<\/span><\/p>\n","protected":false},"featured_media":0,"template":"","meta":{"_monsterinsights_skip_tracking":false,"_monsterinsights_sitenote_active":false,"_monsterinsights_sitenote_note":"","_monsterinsights_sitenote_category":0},"product_brand":[],"product_cat":[12274,12518],"product_tag":[],"class_list":{"0":"post-706463","1":"product","2":"type-product","3":"status-publish","5":"product_cat-cocuk-ve-genclik-kitaplari","6":"product_cat-okul-oncesi-kitaplar","7":"pa_cilt-ciltsiz","8":"pa_tur-kitap","9":"pa_yayinevi-ani-yayincilik","10":"pa_yazar-cagla-gur","12":"first","13":"instock","14":"sale","15":"shipping-taxable","16":"purchasable","17":"product-type-simple"},"_links":{"self":[{"href":"https:\/\/roveyayinevi.com.tr\/index.php\/wp-json\/wp\/v2\/product\/706463","targetHints":{"allow":["GET"]}}],"collection":[{"href":"https:\/\/roveyayinevi.com.tr\/index.php\/wp-json\/wp\/v2\/product"}],"about":[{"href":"https:\/\/roveyayinevi.com.tr\/index.php\/wp-json\/wp\/v2\/types\/product"}],"wp:attachment":[{"href":"https:\/\/roveyayinevi.com.tr\/index.php\/wp-json\/wp\/v2\/media?parent=706463"}],"wp:term":[{"taxonomy":"product_brand","embeddable":true,"href":"https:\/\/roveyayinevi.com.tr\/index.php\/wp-json\/wp\/v2\/product_brand?post=706463"},{"taxonomy":"product_cat","embeddable":true,"href":"https:\/\/roveyayinevi.com.tr\/index.php\/wp-json\/wp\/v2\/product_cat?post=706463"},{"taxonomy":"product_tag","embeddable":true,"href":"https:\/\/roveyayinevi.com.tr\/index.php\/wp-json\/wp\/v2\/product_tag?post=706463"}],"curies":[{"name":"wp","href":"https:\/\/api.w.org\/{rel}","templated":true}]}}