{"id":706452,"date":"2025-08-27T15:56:26","date_gmt":"2025-08-27T12:56:26","guid":{"rendered":"https:\/\/roveyayinevi.com.tr\/index.php\/urun\/vatandaslik-bilgisi\/"},"modified":"2026-04-16T02:15:00","modified_gmt":"2026-04-15T23:15:00","slug":"vatandaslik-bilgisi","status":"publish","type":"product","link":"https:\/\/roveyayinevi.com.tr\/index.php\/urun\/vatandaslik-bilgisi\/","title":{"rendered":"Vatanda\u015fl\u0131k Bilgisi"},"content":{"rendered":"<p>Bu kitap e\u011fitim fak\u00fcltelerinin, sosyal bilgiler \u00f6\u011fretmenli\u011fi b\u00f6l\u00fcm\u00fcnde okuyan \u00f6\u011frencilerine yard\u0131mc\u0131 olmak amac\u0131yla b\u00fcy\u00fck bir \u00f6zveriyle haz\u0131rlanm\u0131\u015ft\u0131r. Kitapta her T\u00fcrk vatanda\u015f\u0131n\u0131n bilmesi gereken temel bilgilerin yan\u0131 s\u0131ra, sosyal bilgiler \u00f6\u011fretmenlerinin mutlaka bilmesi gereken bilgiler ve ayr\u0131nt\u0131l\u0131 a\u00e7\u0131klamalar da yer almaktad\u0131r. Bu eser e\u011fitim fak\u00fcltesi, sosyal bilgiler \u00f6\u011fretmenli\u011fi lisans program\u0131nda yer alan &#8220;Vatanda\u015fl\u0131k Bilgisi&#8221; dersine kaynak olmas\u0131 amac\u0131yla haz\u0131rlanm\u0131\u015ft\u0131r. Konu Ba\u015fl\u0131klar\u0131\ufffcSosyal Bilgiler E\u011fitimi ve Vatanda\u015fl\u0131k Bilgisi\ufffcDemokrasi, Demokrasinin Tarih\u00e7esi ve Demokrasi T\u00fcrleri\ufffcDevlet \u015eekilleri ve H\u00fck\u00fcmet Sistemleri\ufffcT\u00fcrk Anayasa Tarihi\ufffcT\u00fcrkiye Cumhuriyeti Devleti&#8217;nin Temel \u00d6zellikleri ve Temel Haklar\ufffcSiyasi\u2013Sosyal\u2013Ekonomik Haklar ve \u00d6devler\ufffcMali ve Ekonomik H\u00fck\u00fcmler <\/p>\n","protected":false},"excerpt":{"rendered":"<p>Bu kitap e\u011fitim fak\u00fcltelerinin, sosyal bilgiler \u00f6\u011fretmenli\u011fi b\u00f6l\u00fcm\u00fcnde okuyan \u00f6\u011frencilerine yard\u0131mc\u0131 olmak amac\u0131yla b\u00fcy\u00fck bir \u00f6zveriyle haz\u0131rlanm\u0131\u015ft\u0131r. Kitapta her T\u00fcrk vatanda\u015f\u0131n\u0131n bilmesi gereken temel bilgilerin yan\u0131<span class=\"excerpt-hellip\"> [\u2026]<\/span><\/p>\n","protected":false},"featured_media":0,"template":"","meta":{"_monsterinsights_skip_tracking":false,"_monsterinsights_sitenote_active":false,"_monsterinsights_sitenote_note":"","_monsterinsights_sitenote_category":0},"product_brand":[],"product_cat":[15350,17602],"product_tag":[],"class_list":{"0":"post-706452","1":"product","2":"type-product","3":"status-publish","5":"product_cat-hukuk","6":"product_cat-hukuk-uzerine","7":"pa_cilt-ciltsiz","8":"pa_tur-kitap","9":"pa_yayinevi-ani-yayincilik","10":"pa_yazar-selcuk-besir-demir","12":"first","13":"instock","14":"sale","15":"shipping-taxable","16":"purchasable","17":"product-type-simple"},"_links":{"self":[{"href":"https:\/\/roveyayinevi.com.tr\/index.php\/wp-json\/wp\/v2\/product\/706452","targetHints":{"allow":["GET"]}}],"collection":[{"href":"https:\/\/roveyayinevi.com.tr\/index.php\/wp-json\/wp\/v2\/product"}],"about":[{"href":"https:\/\/roveyayinevi.com.tr\/index.php\/wp-json\/wp\/v2\/types\/product"}],"wp:attachment":[{"href":"https:\/\/roveyayinevi.com.tr\/index.php\/wp-json\/wp\/v2\/media?parent=706452"}],"wp:term":[{"taxonomy":"product_brand","embeddable":true,"href":"https:\/\/roveyayinevi.com.tr\/index.php\/wp-json\/wp\/v2\/product_brand?post=706452"},{"taxonomy":"product_cat","embeddable":true,"href":"https:\/\/roveyayinevi.com.tr\/index.php\/wp-json\/wp\/v2\/product_cat?post=706452"},{"taxonomy":"product_tag","embeddable":true,"href":"https:\/\/roveyayinevi.com.tr\/index.php\/wp-json\/wp\/v2\/product_tag?post=706452"}],"curies":[{"name":"wp","href":"https:\/\/api.w.org\/{rel}","templated":true}]}}