{"id":706439,"date":"2025-08-27T15:56:20","date_gmt":"2025-08-27T12:56:20","guid":{"rendered":"https:\/\/roveyayinevi.com.tr\/index.php\/urun\/aile-danismanligi\/"},"modified":"2026-04-16T02:15:00","modified_gmt":"2026-04-15T23:15:00","slug":"aile-danismanligi","status":"publish","type":"product","link":"https:\/\/roveyayinevi.com.tr\/index.php\/urun\/aile-danismanligi\/","title":{"rendered":"Aile Dan\u0131\u015fmanl\u0131\u011f\u0131"},"content":{"rendered":"<p>Aile Dan\u0131\u015fmanl\u0131\u011f\u0131 alan\u0131na artan ilgi son 10 y\u0131ld\u0131r olduk\u00e7a belir-gin hale gelmesi memnuniyet verici. Kitapta bu ilgi ile geli\u015fti ve yeni b\u00f6l\u00fcmler ile okuyucuya sunulmaya gayret edildi.Kitab\u0131n 14. Bask\u0131s\u0131 yeniden g\u00f6zden ge\u00e7irilmi\u015f, d\u00fczenlemeler yap\u0131lm\u0131\u015ft\u0131r. Kitab\u0131 teorik temelden, uygulama destekli \u00f6rnek vakalar ile yeniden tasarlamaya gayret ettim.Kitap, 4 k\u0131s\u0131m ve 14 b\u00f6l\u00fcmden olu\u015fmu\u015ftur. 1. K\u0131s\u0131mda aile sistemi \u00fczerine; 2. K\u0131s\u0131mda kan\u0131t temelli aile dan\u0131\u015fmas\u0131 kuramlar\u0131na; 3. K\u0131s\u0131mda terap\u00f6tik s\u00fcre\u00e7 ve 4. K\u0131s\u0131mda aile da-n\u0131\u015fmanl\u0131\u011f\u0131 kapsam\u0131ndaki di\u011fer konulara ili\u015fkin b\u00f6l\u00fcmlere yer verdim. <\/p>\n","protected":false},"excerpt":{"rendered":"<p>Aile Dan\u0131\u015fmanl\u0131\u011f\u0131 alan\u0131na artan ilgi son 10 y\u0131ld\u0131r olduk\u00e7a belir-gin hale gelmesi memnuniyet verici. Kitapta bu ilgi ile geli\u015fti ve yeni b\u00f6l\u00fcmler ile okuyucuya sunulmaya gayret<span class=\"excerpt-hellip\"> [\u2026]<\/span><\/p>\n","protected":false},"featured_media":0,"template":"","meta":{"_monsterinsights_skip_tracking":false,"_monsterinsights_sitenote_active":false,"_monsterinsights_sitenote_note":"","_monsterinsights_sitenote_category":0},"product_brand":[],"product_cat":[12831,12324],"product_tag":[],"class_list":{"0":"post-706439","1":"product","2":"type-product","3":"status-publish","5":"product_cat-aile-ve-cocuk","6":"product_cat-sosyoloji","7":"pa_cilt-ciltsiz","8":"pa_tur-kitap","9":"pa_yayinevi-ani-yayincilik","10":"pa_yazar-serap-nazli","12":"first","13":"instock","14":"sale","15":"shipping-taxable","16":"purchasable","17":"product-type-simple"},"_links":{"self":[{"href":"https:\/\/roveyayinevi.com.tr\/index.php\/wp-json\/wp\/v2\/product\/706439","targetHints":{"allow":["GET"]}}],"collection":[{"href":"https:\/\/roveyayinevi.com.tr\/index.php\/wp-json\/wp\/v2\/product"}],"about":[{"href":"https:\/\/roveyayinevi.com.tr\/index.php\/wp-json\/wp\/v2\/types\/product"}],"wp:attachment":[{"href":"https:\/\/roveyayinevi.com.tr\/index.php\/wp-json\/wp\/v2\/media?parent=706439"}],"wp:term":[{"taxonomy":"product_brand","embeddable":true,"href":"https:\/\/roveyayinevi.com.tr\/index.php\/wp-json\/wp\/v2\/product_brand?post=706439"},{"taxonomy":"product_cat","embeddable":true,"href":"https:\/\/roveyayinevi.com.tr\/index.php\/wp-json\/wp\/v2\/product_cat?post=706439"},{"taxonomy":"product_tag","embeddable":true,"href":"https:\/\/roveyayinevi.com.tr\/index.php\/wp-json\/wp\/v2\/product_tag?post=706439"}],"curies":[{"name":"wp","href":"https:\/\/api.w.org\/{rel}","templated":true}]}}