{"id":706435,"date":"2025-08-27T15:55:44","date_gmt":"2025-08-27T12:55:44","guid":{"rendered":"https:\/\/roveyayinevi.com.tr\/index.php\/urun\/uretim-ve-tuketim-teorileri\/"},"modified":"2026-04-16T02:15:00","modified_gmt":"2026-04-15T23:15:00","slug":"uretim-ve-tuketim-teorileri","status":"publish","type":"product","link":"https:\/\/roveyayinevi.com.tr\/index.php\/urun\/uretim-ve-tuketim-teorileri\/","title":{"rendered":"\u00dcretim ve T\u00fcketim Teorileri"},"content":{"rendered":"<p>\u00dcretim kapitalizminden, T\u00fcketim Kapitalizmine \u00dcretim ve T\u00fcketim Teorileri ad\u0131n\u0131 ta\u015f\u0131yan elinizdeki \u00e7al\u0131\u015fma; Sosyal bilimcilerin kapitalist geli\u015fme, \u00fcretim, t\u00fcketim teorilerini \u00f6zetleyerek \u00e7\u00f6z\u00fcmlemekte ve \u00fcretimden t\u00fcketime ba\u011flant\u0131lar kurmaya \u00e7al\u0131\u015fmaktad\u0131r.Akademik \u00e7evrelerin ihtiya\u00e7 duymas\u0131n\u0131n \u00f6tesinde bu konuya ilgi duyan g\u00fcndelik okur i\u00e7inde \u00f6nemli parametreler i\u00e7ermektedir. Yazar, sosyal bilimcilerin teorilerini incelemeden \u00f6nce birinci b\u00f6l\u00fcmde, belirgin bir bak\u0131\u015f a\u00e7\u0131s\u0131n\u0131 yans\u0131t\u0131yor. Bir bi\u00e7imde kapitalizmin olu\u015fumunu, geli\u015fimini ve de\u011fi\u015fimini dikkate alarak; ticari, \u00fcretim ve t\u00fcketim kapitalizmi kavramlar\u0131yla konuyu ele al\u0131nm\u0131\u015ft\u0131r. \u0130kinci b\u00f6l\u00fcmde kapitalist geli\u015fme tezlerinin, \u00fcretimin nas\u0131l geli\u015fti\u011fini a\u00e7\u0131klayan teorileri ele al\u0131nm\u0131\u015ft\u0131r. Son b\u00f6l\u00fcmde ise, t\u00fcketimin farkl\u0131 y\u00f6nlerini \u00e7\u00f6z\u00fcmleyen t\u00fcketim teorileri ele al\u0131nm\u0131\u015ft\u0131r.Yazar bu yakla\u015f\u0131mla T\u00fcrkiye\u2019de bu konuda bir ba\u015flang\u0131\u00e7 yap\u0131yor.<\/p>\n","protected":false},"excerpt":{"rendered":"<p>\u00dcretim kapitalizminden, T\u00fcketim Kapitalizmine \u00dcretim ve T\u00fcketim Teorileri ad\u0131n\u0131 ta\u015f\u0131yan elinizdeki \u00e7al\u0131\u015fma; Sosyal bilimcilerin kapitalist geli\u015fme, \u00fcretim, t\u00fcketim teorilerini \u00f6zetleyerek \u00e7\u00f6z\u00fcmlemekte ve \u00fcretimden t\u00fcketime ba\u011flant\u0131lar kurmaya<span class=\"excerpt-hellip\"> [\u2026]<\/span><\/p>\n","protected":false},"featured_media":0,"template":"","meta":{"_monsterinsights_skip_tracking":false,"_monsterinsights_sitenote_active":false,"_monsterinsights_sitenote_note":"","_monsterinsights_sitenote_category":0},"product_brand":[],"product_cat":[20333,13043],"product_tag":[],"class_list":{"0":"post-706435","1":"product","2":"type-product","3":"status-publish","5":"product_cat-diger-ekonomi","6":"product_cat-ekonomi","7":"pa_cilt-ciltsiz","8":"pa_tur-kitap","9":"pa_yayinevi-altinordu-yayinlari","10":"pa_yazar-abdulkadir-zorlu","12":"first","13":"instock","14":"sale","15":"shipping-taxable","16":"purchasable","17":"product-type-simple"},"_links":{"self":[{"href":"https:\/\/roveyayinevi.com.tr\/index.php\/wp-json\/wp\/v2\/product\/706435","targetHints":{"allow":["GET"]}}],"collection":[{"href":"https:\/\/roveyayinevi.com.tr\/index.php\/wp-json\/wp\/v2\/product"}],"about":[{"href":"https:\/\/roveyayinevi.com.tr\/index.php\/wp-json\/wp\/v2\/types\/product"}],"wp:attachment":[{"href":"https:\/\/roveyayinevi.com.tr\/index.php\/wp-json\/wp\/v2\/media?parent=706435"}],"wp:term":[{"taxonomy":"product_brand","embeddable":true,"href":"https:\/\/roveyayinevi.com.tr\/index.php\/wp-json\/wp\/v2\/product_brand?post=706435"},{"taxonomy":"product_cat","embeddable":true,"href":"https:\/\/roveyayinevi.com.tr\/index.php\/wp-json\/wp\/v2\/product_cat?post=706435"},{"taxonomy":"product_tag","embeddable":true,"href":"https:\/\/roveyayinevi.com.tr\/index.php\/wp-json\/wp\/v2\/product_tag?post=706435"}],"curies":[{"name":"wp","href":"https:\/\/api.w.org\/{rel}","templated":true}]}}