{"id":706431,"date":"2025-08-27T15:55:42","date_gmt":"2025-08-27T12:55:42","guid":{"rendered":"https:\/\/roveyayinevi.com.tr\/index.php\/urun\/duslerin-pesindeki-cocuk\/"},"modified":"2026-04-16T02:15:00","modified_gmt":"2026-04-15T23:15:00","slug":"duslerin-pesindeki-cocuk","status":"publish","type":"product","link":"https:\/\/roveyayinevi.com.tr\/index.php\/urun\/duslerin-pesindeki-cocuk\/","title":{"rendered":"D\u00fc\u015flerin Pe\u015findeki \u00c7ocuk"},"content":{"rendered":"<p>Kendini ve d\u00fcnyay\u0131 ke\u015ffetmeye \u00e7al\u0131\u015fan bir \u00e7ocu\u011fun masals\u0131 ser\u00fcveni&#8230;\u00d6rdekayak \u00e7ok sevdi\u011fi b\u00fcy\u00fckannesine haber ver- meden, \u00f6nce kay\u0131p masal\u0131n, ard\u0131ndan da d\u00fc\u015flerinin pe\u015fine d\u00fc\u015fer ve Alt\u0131n G\u00f6l\u2019\u00fc aramaya \u00e7\u0131kar. Bu yol- culukta k\u00f6pe\u011fi Geveze de ona e\u015flik etmektedir. \u0130ki kafadar\u0131, Alt\u0131n G\u00f6l\u2019\u00fcn yolunda bir\u00e7ok macera bekle- mektedir. \u00d6rdekayak sepet\u00e7iden yaln\u0131zca sepet \u00f6rmeyi, \u00c7\u00f6mlekel\u2019den yaln\u0131zca \u00e7\u00f6mlek yapmay\u0131, ah\u015fap ustas\u0131ndan ah\u015fap oymay\u0131, iplik\u00e7iden iplik boya- may\u0131 \u00f6\u011frenmekle kalmaz. Kam\u0131\u015flar yap\u0131lan i\u015fe \u00f6zeni, \u00e7\u00f6mlekler dikkatle yap\u0131lan i\u015fin g\u00fczelli\u011fini, ah\u015fap oymac\u0131l\u0131\u011f\u0131 sabr\u0131 anlat\u0131r ona&#8230; Bu yolculuk bir anlamda \u00d6rdekayak\u2019\u0131n kendini ve d\u00fcnyay\u0131 ke\u015ffetme ser\u00fcveni- dir ve orada arad\u0131\u011f\u0131 pek \u00e7ok sorunun yan\u0131t\u0131n\u0131 bulur. Acaba \u00d6rdekayak, Falanca Efendi\u2019nin Filanca k\u0131z\u0131n\u0131n derdine derman olabilecek midir? \u00c7\u00f6mlekel\u2019in, kilimlerin ve Alt\u0131n G\u00f6l\u2019\u00fcn s\u0131rr\u0131 nedir? \u0130plikleri sabr\u0131n ve azmin rengine boyayan iplik\u00e7i, d\u00fc\u015fleri ne renge boyar? Yaln\u0131z pe\u015fine d\u00fc\u015f\u00fclen d\u00fc\u015fler mi ger\u00e7ekle\u015fir?<\/p>\n","protected":false},"excerpt":{"rendered":"<p>Kendini ve d\u00fcnyay\u0131 ke\u015ffetmeye \u00e7al\u0131\u015fan bir \u00e7ocu\u011fun masals\u0131 ser\u00fcveni&#8230;\u00d6rdekayak \u00e7ok sevdi\u011fi b\u00fcy\u00fckannesine haber ver- meden, \u00f6nce kay\u0131p masal\u0131n, ard\u0131ndan da d\u00fc\u015flerinin pe\u015fine d\u00fc\u015fer ve Alt\u0131n G\u00f6l\u2019\u00fc<span class=\"excerpt-hellip\"> [\u2026]<\/span><\/p>\n","protected":false},"featured_media":0,"template":"","meta":{"_monsterinsights_skip_tracking":false,"_monsterinsights_sitenote_active":false,"_monsterinsights_sitenote_note":"","_monsterinsights_sitenote_category":0},"product_brand":[],"product_cat":[12274,12284],"product_tag":[],"class_list":{"0":"post-706431","1":"product","2":"type-product","3":"status-publish","5":"product_cat-cocuk-ve-genclik-kitaplari","6":"product_cat-hikayeler","7":"pa_cilt-ciltsiz","8":"pa_tur-kitap","9":"pa_yayinevi-altin-kitaplar-ozel-urun","10":"pa_yazar-koray-avci-cakman","12":"first","13":"instock","14":"sale","15":"shipping-taxable","16":"purchasable","17":"product-type-simple"},"_links":{"self":[{"href":"https:\/\/roveyayinevi.com.tr\/index.php\/wp-json\/wp\/v2\/product\/706431","targetHints":{"allow":["GET"]}}],"collection":[{"href":"https:\/\/roveyayinevi.com.tr\/index.php\/wp-json\/wp\/v2\/product"}],"about":[{"href":"https:\/\/roveyayinevi.com.tr\/index.php\/wp-json\/wp\/v2\/types\/product"}],"wp:attachment":[{"href":"https:\/\/roveyayinevi.com.tr\/index.php\/wp-json\/wp\/v2\/media?parent=706431"}],"wp:term":[{"taxonomy":"product_brand","embeddable":true,"href":"https:\/\/roveyayinevi.com.tr\/index.php\/wp-json\/wp\/v2\/product_brand?post=706431"},{"taxonomy":"product_cat","embeddable":true,"href":"https:\/\/roveyayinevi.com.tr\/index.php\/wp-json\/wp\/v2\/product_cat?post=706431"},{"taxonomy":"product_tag","embeddable":true,"href":"https:\/\/roveyayinevi.com.tr\/index.php\/wp-json\/wp\/v2\/product_tag?post=706431"}],"curies":[{"name":"wp","href":"https:\/\/api.w.org\/{rel}","templated":true}]}}