{"id":706411,"date":"2025-08-27T15:55:32","date_gmt":"2025-08-27T12:55:32","guid":{"rendered":"https:\/\/roveyayinevi.com.tr\/index.php\/urun\/diye-bir-sey-bilmiyorum\/"},"modified":"2026-04-16T02:14:59","modified_gmt":"2026-04-15T23:14:59","slug":"diye-bir-sey-bilmiyorum","status":"publish","type":"product","link":"https:\/\/roveyayinevi.com.tr\/index.php\/urun\/diye-bir-sey-bilmiyorum\/","title":{"rendered":"Diye Bir \u015eey Bilmiyorum"},"content":{"rendered":"<p>Bir s\u00fcre \u00f6nce t\u0131marhanelere, i\u015f yerlerine, kre\u015flere, spor komplekslerine, okullara, hastanelere ve insanl\u0131\u011f\u0131 bug\u00fcn ayakta tutan her \u015feye kar\u015f\u0131 sessiz sedas\u0131z bir sava\u015f ba\u015flat\u0131ld\u0131. Burada ama\u00e7 art\u0131k toplumsal \u00e7\u00f6z\u00fcmlere ula\u015fmak ve ahlakl\u0131, iyi, modern \u015fifac\u0131lar yeti\u015ftirmek de\u011fil aksine onun \u00e7\u00fcr\u00fcmesini izlerken duydu\u011fumuz hazdan bahsetmenin erdemini kavrayan yarat\u0131c\u0131 k\u00f6t\u00fcl\u00fc\u011f\u00fcn g\u00fcc\u00fcn\u00fc kullanabilmekti.Emre Var\u0131\u015fl\u0131 i\u015fte bu sava\u015f\u0131n c\u00fcretkar m\u00fcjdecisidir.\u00ab diye bir \u015fey bilmiyorum \u00bb hepinizi sinsi hayatlar\u0131n\u0131z\u0131 sonland\u0131rmaya \u2013art\u0131k nas\u0131l olursa bu- \u00e7a\u011f\u0131r\u0131yor. Yoksa daha iyi bir plan\u0131n\u0131z m\u0131 vard\u0131 ?<\/p>\n","protected":false},"excerpt":{"rendered":"<p>Bir s\u00fcre \u00f6nce t\u0131marhanelere, i\u015f yerlerine, kre\u015flere, spor komplekslerine, okullara, hastanelere ve insanl\u0131\u011f\u0131 bug\u00fcn ayakta tutan her \u015feye kar\u015f\u0131 sessiz sedas\u0131z bir sava\u015f ba\u015flat\u0131ld\u0131. Burada ama\u00e7<span class=\"excerpt-hellip\"> [\u2026]<\/span><\/p>\n","protected":false},"featured_media":0,"template":"","meta":{"_monsterinsights_skip_tracking":false,"_monsterinsights_sitenote_active":false,"_monsterinsights_sitenote_note":"","_monsterinsights_sitenote_category":0},"product_brand":[],"product_cat":[12291,12509],"product_tag":[],"class_list":{"0":"post-706411","1":"product","2":"type-product","3":"status-publish","5":"product_cat-edebiyat","6":"product_cat-siir","7":"pa_cilt-ciltsiz","8":"pa_tur-kitap","9":"pa_yayinevi-altikirkbes-yayinlari","10":"pa_yazar-emre-varisli","12":"first","13":"instock","14":"sale","15":"shipping-taxable","16":"purchasable","17":"product-type-simple"},"_links":{"self":[{"href":"https:\/\/roveyayinevi.com.tr\/index.php\/wp-json\/wp\/v2\/product\/706411","targetHints":{"allow":["GET"]}}],"collection":[{"href":"https:\/\/roveyayinevi.com.tr\/index.php\/wp-json\/wp\/v2\/product"}],"about":[{"href":"https:\/\/roveyayinevi.com.tr\/index.php\/wp-json\/wp\/v2\/types\/product"}],"wp:attachment":[{"href":"https:\/\/roveyayinevi.com.tr\/index.php\/wp-json\/wp\/v2\/media?parent=706411"}],"wp:term":[{"taxonomy":"product_brand","embeddable":true,"href":"https:\/\/roveyayinevi.com.tr\/index.php\/wp-json\/wp\/v2\/product_brand?post=706411"},{"taxonomy":"product_cat","embeddable":true,"href":"https:\/\/roveyayinevi.com.tr\/index.php\/wp-json\/wp\/v2\/product_cat?post=706411"},{"taxonomy":"product_tag","embeddable":true,"href":"https:\/\/roveyayinevi.com.tr\/index.php\/wp-json\/wp\/v2\/product_tag?post=706411"}],"curies":[{"name":"wp","href":"https:\/\/api.w.org\/{rel}","templated":true}]}}