{"id":706402,"date":"2025-08-27T15:55:28","date_gmt":"2025-08-27T12:55:28","guid":{"rendered":"https:\/\/roveyayinevi.com.tr\/index.php\/urun\/bilgic-kedi-anlatiyor-gezegenler\/"},"modified":"2026-04-16T02:14:59","modified_gmt":"2026-04-15T23:14:59","slug":"bilgic-kedi-anlatiyor-gezegenler","status":"publish","type":"product","link":"https:\/\/roveyayinevi.com.tr\/index.php\/urun\/bilgic-kedi-anlatiyor-gezegenler\/","title":{"rendered":"Bilgi\u00e7 Kedi Anlat\u0131yor &#8211; Gezegenler"},"content":{"rendered":"<p>Bilgi\u00e7 Kedi ile e\u011flenceli bir yolculu\u011fa ne dersin? \u0130\u015fte sana G\u00fcne\u015f Sistemi ve galaksimizi daha iyi tan\u0131mak i\u00e7in bir f\u0131rsat!Bilgi\u00e7 Kedi G\u00fcne\u015f Sistemi\u2019ndeki gezegenleri ke\u015ffe \u00e7\u0131k\u0131yor. Bir ate\u015f topu gibi s\u0131cak Merk\u00fcr\u2019den dondurucu so\u011fukluktaki Nept\u00fcn\u2019e, G\u00fcne\u015f Sistemi\u2019ndeki b\u00fct\u00fcn gezegenlerin \u00f6zelliklerini ayr\u0131nt\u0131lar\u0131yla incelerken bir s\u00fcr\u00fc ilgin\u00e7 bilgi edineceksin.Gezegenler hakk\u0131nda merak etti\u011fin her \u015fey, uzay ara\u00e7lar\u0131ndan \u00e7ekilen ola\u011fan\u00fcst\u00fc g\u00fczellikteki foto\u011fraflarla bu kitab\u0131n sayfalar\u0131 aras\u0131nda.<\/p>\n","protected":false},"excerpt":{"rendered":"<p>Bilgi\u00e7 Kedi ile e\u011flenceli bir yolculu\u011fa ne dersin? \u0130\u015fte sana G\u00fcne\u015f Sistemi ve galaksimizi daha iyi tan\u0131mak i\u00e7in bir f\u0131rsat!Bilgi\u00e7 Kedi G\u00fcne\u015f Sistemi\u2019ndeki gezegenleri ke\u015ffe \u00e7\u0131k\u0131yor.<span class=\"excerpt-hellip\"> [\u2026]<\/span><\/p>\n","protected":false},"featured_media":0,"template":"","meta":{"_monsterinsights_skip_tracking":false,"_monsterinsights_sitenote_active":false,"_monsterinsights_sitenote_note":"","_monsterinsights_sitenote_category":0},"product_brand":[],"product_cat":[13829,12274],"product_tag":[],"class_list":{"0":"post-706402","1":"product","2":"type-product","3":"status-publish","5":"product_cat-bilimsel-kitaplar","6":"product_cat-cocuk-ve-genclik-kitaplari","7":"pa_cilt-ciltsiz","8":"pa_tur-kitap","9":"pa_yayinevi-almidilli","10":"pa_yazar-alice-harman","12":"first","13":"instock","14":"sale","15":"shipping-taxable","16":"purchasable","17":"product-type-simple"},"_links":{"self":[{"href":"https:\/\/roveyayinevi.com.tr\/index.php\/wp-json\/wp\/v2\/product\/706402","targetHints":{"allow":["GET"]}}],"collection":[{"href":"https:\/\/roveyayinevi.com.tr\/index.php\/wp-json\/wp\/v2\/product"}],"about":[{"href":"https:\/\/roveyayinevi.com.tr\/index.php\/wp-json\/wp\/v2\/types\/product"}],"wp:attachment":[{"href":"https:\/\/roveyayinevi.com.tr\/index.php\/wp-json\/wp\/v2\/media?parent=706402"}],"wp:term":[{"taxonomy":"product_brand","embeddable":true,"href":"https:\/\/roveyayinevi.com.tr\/index.php\/wp-json\/wp\/v2\/product_brand?post=706402"},{"taxonomy":"product_cat","embeddable":true,"href":"https:\/\/roveyayinevi.com.tr\/index.php\/wp-json\/wp\/v2\/product_cat?post=706402"},{"taxonomy":"product_tag","embeddable":true,"href":"https:\/\/roveyayinevi.com.tr\/index.php\/wp-json\/wp\/v2\/product_tag?post=706402"}],"curies":[{"name":"wp","href":"https:\/\/api.w.org\/{rel}","templated":true}]}}