{"id":706395,"date":"2025-08-27T15:55:25","date_gmt":"2025-08-27T12:55:25","guid":{"rendered":"https:\/\/roveyayinevi.com.tr\/index.php\/urun\/asilin-topugu-fetonun-o-gecesi\/"},"modified":"2026-04-16T02:14:59","modified_gmt":"2026-04-15T23:14:59","slug":"asilin-topugu-fetonun-o-gecesi","status":"publish","type":"product","link":"https:\/\/roveyayinevi.com.tr\/index.php\/urun\/asilin-topugu-fetonun-o-gecesi\/","title":{"rendered":"A\u015fil&#8217;in Topu\u011fu Fet\u00f6&#8217;n\u00fcn O Gecesi"},"content":{"rendered":"<p>Mustafa \u00d6nsel, &#8220;A\u011fac\u0131n Kurdu, TSK&#8217;de \u015eakirtlerin \u0130\u015fgali mi? Fet*hullah&#8217;\u0131n Askerleri&#8221; kitab\u0131yla, F ET\u00d6 tehlikesinin hangi boyutta oldu\u011funu, &#8220;15 Temmuz 2016 Kalk\u0131\u015fmas\u0131&#8221;ndan \u00e7ok \u00f6nce kamuoyu ile payla\u015fm\u0131\u015ft\u0131 Bu seriyi tamamlayan yeni kitab\u0131; &#8220;A\u015fil&#8217;in Topu\u011fu, F ET\u00d6&#8217;n\u00fcn O Gecesi&#8221;, kalk\u0131\u015fman\u0131n hain ve kanl\u0131 olaylar\u0131n\u0131 yani; &#8220;O Gece&#8221;yi anlat\u0131yor.Darbeyi \u00f6nlemek \u00fczere halk\u0131m\u0131z soka\u011fa \u00e7\u0131kt\u0131. \u015eehitler verildi. Halk\u0131m\u0131z\u0131n kahramanl\u0131klar\u0131 bas\u0131nda \u00e7ok\u00e7a yer ald\u0131.Oysa bu esnada olaylar\u0131n merkezinde, k\u0131\u015flalar da ya\u015fananlar, verilen \u015fehitler, bizzat erinden generaline kadar TSK mensuplar\u0131n\u0131n kahramanl\u0131klar\u0131 ve bu isimsiz kahramanlar\u0131n k\u00fc\u00e7\u00fck dokunu\u015flarla &#8220;Kalk\u0131\u015fma&#8221;y\u0131 nas\u0131l \u00f6nledikleri pek dikkat \u00e7ekmedi. H\u00e2lbuki \u00e7ok \u00f6nemliydi. Mustafa \u00d6nsel, i\u015fte bu askerlerin hik\u00e2yelerini, &#8220;A\u015fil&#8217;in Topu\u011fu&#8221;nda detaylar\u0131yla anlat\u0131yor, sonu\u00e7ta da F ET\u00d6&#8217;n\u00fcn Kalk\u0131\u015fma sonras\u0131 geldi\u011fi son noktaya ili\u015fkin de\u011ferlendirmeler sunuyor. Mustafa \u00d6nsel, &#8220;O Gece&#8221;, soka\u011fa ilk \u00e7\u0131kanlardan biri olarak bizzat &#8220;Ya\u015fayan\u0131n A\u011fz\u0131ndan&#8221; bir\u00e7ok olaya a\u00e7\u0131kl\u0131k getiriyor. Ve bu kitapta a\u015fa\u011f\u0131daki sorular\u0131n cevaplar\u0131n\u0131 belgeleriyle veriyor; &#8220;A\u015fil&#8217;in Topu\u011fu&#8221;, F ET\u00d6&#8217;n\u00fcn &#8220;Son Kalesi&#8221; neresiydi? 15 Temmuz 2016 kalk\u0131\u015fmas\u0131n\u0131n icra tarihi saati neden \u00f6ne \u00e7ekildi? S\u00f6zde darbeci Balyoz Davas\u0131ndan ma\u011fdur edilmi\u015f general\/amiral ve subaylar, ger\u00e7ek F ET\u00d6&#8217;c\u00fc darbecilere kar\u015f\u0131 nas\u0131l direndiler? Kalk\u0131\u015fmay\u0131 nas\u0131l \u00f6nlediler? Askeri Birliklerde ya\u015fanan kanl\u0131 olaylar\u2026 &#8220;Kahraman er &#8221; bir tugay\u0131n kalk\u0131\u015fmaya kat\u0131lmas\u0131n\u0131 nas\u0131l \u00f6nledi? &#8220;Ben F ET\u00d6&#8217;c\u00fc de\u011filim.&#8221; diyen Y\u00fczba\u015f\u0131n\u0131n foyas\u0131 kalk\u0131\u015fmada nas\u0131l ortaya \u00e7\u0131kt\u0131? 1994 KHO mezunu subaylar\u0131n \u00f6nlenemez y\u00fckseli\u015flerinin arkas\u0131nda yatan neydi? Analar ne kahramanlar do\u011furmu\u015f? Ba\u015f\u00e7avu\u015f \u00d6mer Halis demir\u2026 KHO 1985 devresinin en \u00e7ok general \u00e7\u0131karan 63&#8217;\u00fcnc\u00fc K\u0131sm\u0131n\u0131n s\u0131rr\u0131? &#8220;Kalk\u0131\u015fma g\u00fcn\u00fc Graham Fuller ve Henry Barkey \u0130stanbul&#8217;da ne ar\u0131yorlard\u0131? Ve daha bir\u00e7ok soru bu kitapta cevap buluyor. Yine balyoz gibi bir Mustafa \u00d6nsel kitab\u0131yla tan\u0131\u015fmaya haz\u0131r m\u0131s\u0131n\u0131z? <\/p>\n","protected":false},"excerpt":{"rendered":"<p>Mustafa \u00d6nsel, &#8220;A\u011fac\u0131n Kurdu, TSK&#8217;de \u015eakirtlerin \u0130\u015fgali mi? Fet*hullah&#8217;\u0131n Askerleri&#8221; kitab\u0131yla, F ET\u00d6 tehlikesinin hangi boyutta oldu\u011funu, &#8220;15 Temmuz 2016 Kalk\u0131\u015fmas\u0131&#8221;ndan \u00e7ok \u00f6nce kamuoyu ile payla\u015fm\u0131\u015ft\u0131<span class=\"excerpt-hellip\"> [\u2026]<\/span><\/p>\n","protected":false},"featured_media":0,"template":"","meta":{"_monsterinsights_skip_tracking":false,"_monsterinsights_sitenote_active":false,"_monsterinsights_sitenote_note":"","_monsterinsights_sitenote_category":0},"product_brand":[],"product_cat":[12337,14543],"product_tag":[],"class_list":{"0":"post-706395","1":"product","2":"type-product","3":"status-publish","5":"product_cat-politika-siyaset","6":"product_cat-turkiye-siyaseti-ve-politikasi","7":"pa_cilt-ciltsiz","8":"pa_tur-kitap","9":"pa_yayinevi-alibi-yayincilik","10":"pa_yazar-mustafa-onsel","12":"first","13":"instock","14":"sale","15":"shipping-taxable","16":"purchasable","17":"product-type-simple"},"_links":{"self":[{"href":"https:\/\/roveyayinevi.com.tr\/index.php\/wp-json\/wp\/v2\/product\/706395","targetHints":{"allow":["GET"]}}],"collection":[{"href":"https:\/\/roveyayinevi.com.tr\/index.php\/wp-json\/wp\/v2\/product"}],"about":[{"href":"https:\/\/roveyayinevi.com.tr\/index.php\/wp-json\/wp\/v2\/types\/product"}],"wp:attachment":[{"href":"https:\/\/roveyayinevi.com.tr\/index.php\/wp-json\/wp\/v2\/media?parent=706395"}],"wp:term":[{"taxonomy":"product_brand","embeddable":true,"href":"https:\/\/roveyayinevi.com.tr\/index.php\/wp-json\/wp\/v2\/product_brand?post=706395"},{"taxonomy":"product_cat","embeddable":true,"href":"https:\/\/roveyayinevi.com.tr\/index.php\/wp-json\/wp\/v2\/product_cat?post=706395"},{"taxonomy":"product_tag","embeddable":true,"href":"https:\/\/roveyayinevi.com.tr\/index.php\/wp-json\/wp\/v2\/product_tag?post=706395"}],"curies":[{"name":"wp","href":"https:\/\/api.w.org\/{rel}","templated":true}]}}