{"id":706367,"date":"2025-08-27T15:55:13","date_gmt":"2025-08-27T12:55:13","guid":{"rendered":"https:\/\/roveyayinevi.com.tr\/index.php\/urun\/ege\/"},"modified":"2026-04-16T02:14:58","modified_gmt":"2026-04-15T23:14:58","slug":"ege","status":"publish","type":"product","link":"https:\/\/roveyayinevi.com.tr\/index.php\/urun\/ege\/","title":{"rendered":"Ege"},"content":{"rendered":"<p>6 \u0130l Merkezi, 27 \u0130l\u00e7e Merkezi, 275 NoktaEge Denizi\u2019ne k\u0131y\u0131s\u0131 olan \u00c7anakkale, Bal\u0131kesir, \u0130zmir, Ayd\u0131n ve Mu\u011fla ile bu illerin kom\u015fular\u0131 konumundaki Manisa ve Denizli\u2019deki \u00f6nemli k\u00fclt\u00fcrel, tarihi ve turistik de\u011fere sahip 275 nokta; Bergama, Marmaris, Milas, Fethiye, Ayval\u0131k, Edremit ve Ku\u015fadas\u0131 gibi toplam 27 il\u00e7e merkezine dair detaylar ve 47 noktaya \u00f6zel bak\u0131\u015f.D\u00fcnya Miras Listesi\u2019ninEge\u2019de bulunan el\u00e7ileri&#8230;D\u00fcnyan\u0131n Yedi Harikas\u0131ndanEfes Artemis Tap\u0131na\u011f\u0131Halikarnas Mozolesi\u00d6zel Tasar\u0131ml\u0131 Yol Haritas\u0131Mini S\u00f6zl\u00fckNot Sayfalar\u0131<\/p>\n","protected":false},"excerpt":{"rendered":"<p>6 \u0130l Merkezi, 27 \u0130l\u00e7e Merkezi, 275 NoktaEge Denizi\u2019ne k\u0131y\u0131s\u0131 olan \u00c7anakkale, Bal\u0131kesir, \u0130zmir, Ayd\u0131n ve Mu\u011fla ile bu illerin kom\u015fular\u0131 konumundaki Manisa ve Denizli\u2019deki \u00f6nemli<span class=\"excerpt-hellip\"> [\u2026]<\/span><\/p>\n","protected":false},"featured_media":0,"template":"","meta":{"_monsterinsights_skip_tracking":false,"_monsterinsights_sitenote_active":false,"_monsterinsights_sitenote_note":"","_monsterinsights_sitenote_category":0},"product_brand":[],"product_cat":[13055,13054],"product_tag":[],"class_list":{"0":"post-706367","1":"product","2":"type-product","3":"status-publish","5":"product_cat-gezi-rehberi","6":"product_cat-gezi-ve-rehber-kitaplari","7":"pa_cilt-ciltsiz","8":"pa_tur-kitap","9":"pa_yayinevi-akil-celen-kitaplar","10":"pa_yazar-kolektif","12":"first","13":"instock","14":"sale","15":"shipping-taxable","16":"purchasable","17":"product-type-simple"},"_links":{"self":[{"href":"https:\/\/roveyayinevi.com.tr\/index.php\/wp-json\/wp\/v2\/product\/706367","targetHints":{"allow":["GET"]}}],"collection":[{"href":"https:\/\/roveyayinevi.com.tr\/index.php\/wp-json\/wp\/v2\/product"}],"about":[{"href":"https:\/\/roveyayinevi.com.tr\/index.php\/wp-json\/wp\/v2\/types\/product"}],"wp:attachment":[{"href":"https:\/\/roveyayinevi.com.tr\/index.php\/wp-json\/wp\/v2\/media?parent=706367"}],"wp:term":[{"taxonomy":"product_brand","embeddable":true,"href":"https:\/\/roveyayinevi.com.tr\/index.php\/wp-json\/wp\/v2\/product_brand?post=706367"},{"taxonomy":"product_cat","embeddable":true,"href":"https:\/\/roveyayinevi.com.tr\/index.php\/wp-json\/wp\/v2\/product_cat?post=706367"},{"taxonomy":"product_tag","embeddable":true,"href":"https:\/\/roveyayinevi.com.tr\/index.php\/wp-json\/wp\/v2\/product_tag?post=706367"}],"curies":[{"name":"wp","href":"https:\/\/api.w.org\/{rel}","templated":true}]}}