{"id":706358,"date":"2025-08-27T15:55:09","date_gmt":"2025-08-27T12:55:09","guid":{"rendered":"https:\/\/roveyayinevi.com.tr\/index.php\/urun\/ramtha-esruhlar\/"},"modified":"2026-04-16T02:14:58","modified_gmt":"2026-04-15T23:14:58","slug":"ramtha-esruhlar","status":"publish","type":"product","link":"https:\/\/roveyayinevi.com.tr\/index.php\/urun\/ramtha-esruhlar\/","title":{"rendered":"Ramtha E\u015fruhlar"},"content":{"rendered":"<p>&#8220;Ba\u015flang\u0131\u00e7ta hepiniz e\u015fruhunuzla birlikte yarat\u0131ld\u0131n\u0131z. E\u015fruhunuz sizin \u00f6teki yar\u0131n\u0131zd\u0131r. Herkesin bir e\u015fruhu vard\u0131r. Siz ve e\u015fruhunuz sonsuza dek birbirinize ba\u011fl\u0131s\u0131n\u0131z. Asl\u0131nda ikiniz, ola\u011fan\u00fcst\u00fc bir yolculu\u011fa \u00e7\u0131km\u0131\u015f tek bir tanr\u0131s\u0131n\u0131z. Hem kad\u0131n hem de erkek olarak bedenlenmi\u015f tek bir tanr\u0131&#8230;. \u0130kiniz daima bir tekli\u011fi, bu b\u00fct\u00fcnl\u00fc\u011f\u00fc, ne kad\u0131n ne de erkek olmayan ama her ikiside olan bu b\u00fct\u00fcnl\u00fc\u011f\u00fc temsil edersiniz. On milyon y\u0131ldan beri de bu alemi birlikte deneyimliyorsunuz. Madde alemini deneyimlemek ve insan \u0131rk\u0131n\u0131 meydana getirmek \u00fczere birlikte yarat\u0131lan e\u015fruhlar, dini dogmalar\u0131n olu\u015fturdu\u011fu toplumsal bilincin kad\u0131n\u0131 al\u00e7altmas\u0131 ve cinsel olarak a\u015fa\u011f\u0131lamas\u0131 sonucu birbirlerinden ayr\u0131ld\u0131lar. Onlar\u0131n yeniden bir araya gelmelerini tek bir g\u00fc\u00e7 sa\u011flayabilir&#8230;&#8221;<\/p>\n","protected":false},"excerpt":{"rendered":"<p>&#8220;Ba\u015flang\u0131\u00e7ta hepiniz e\u015fruhunuzla birlikte yarat\u0131ld\u0131n\u0131z. E\u015fruhunuz sizin \u00f6teki yar\u0131n\u0131zd\u0131r. Herkesin bir e\u015fruhu vard\u0131r. Siz ve e\u015fruhunuz sonsuza dek birbirinize ba\u011fl\u0131s\u0131n\u0131z. Asl\u0131nda ikiniz, ola\u011fan\u00fcst\u00fc bir yolculu\u011fa \u00e7\u0131km\u0131\u015f<span class=\"excerpt-hellip\"> [\u2026]<\/span><\/p>\n","protected":false},"featured_media":0,"template":"","meta":{"_monsterinsights_skip_tracking":false,"_monsterinsights_sitenote_active":false,"_monsterinsights_sitenote_note":"","_monsterinsights_sitenote_category":0},"product_brand":[],"product_cat":[12364,12376],"product_tag":[],"class_list":{"0":"post-706358","1":"product","2":"type-product","3":"status-publish","5":"product_cat-genel-konular","6":"product_cat-kisisel-gelisim","7":"pa_cilt-ciltsiz","8":"pa_tur-kitap","9":"pa_yayinevi-akasa-yayinlari","10":"pa_yazar-steven-lee-weinberg","12":"first","13":"instock","14":"sale","15":"shipping-taxable","16":"purchasable","17":"product-type-simple"},"_links":{"self":[{"href":"https:\/\/roveyayinevi.com.tr\/index.php\/wp-json\/wp\/v2\/product\/706358","targetHints":{"allow":["GET"]}}],"collection":[{"href":"https:\/\/roveyayinevi.com.tr\/index.php\/wp-json\/wp\/v2\/product"}],"about":[{"href":"https:\/\/roveyayinevi.com.tr\/index.php\/wp-json\/wp\/v2\/types\/product"}],"wp:attachment":[{"href":"https:\/\/roveyayinevi.com.tr\/index.php\/wp-json\/wp\/v2\/media?parent=706358"}],"wp:term":[{"taxonomy":"product_brand","embeddable":true,"href":"https:\/\/roveyayinevi.com.tr\/index.php\/wp-json\/wp\/v2\/product_brand?post=706358"},{"taxonomy":"product_cat","embeddable":true,"href":"https:\/\/roveyayinevi.com.tr\/index.php\/wp-json\/wp\/v2\/product_cat?post=706358"},{"taxonomy":"product_tag","embeddable":true,"href":"https:\/\/roveyayinevi.com.tr\/index.php\/wp-json\/wp\/v2\/product_tag?post=706358"}],"curies":[{"name":"wp","href":"https:\/\/api.w.org\/{rel}","templated":true}]}}