{"id":706316,"date":"2025-08-27T15:54:50","date_gmt":"2025-08-27T12:54:50","guid":{"rendered":"https:\/\/roveyayinevi.com.tr\/index.php\/urun\/cope-master\/"},"modified":"2026-04-16T02:14:57","modified_gmt":"2026-04-15T23:14:57","slug":"cope-master","status":"publish","type":"product","link":"https:\/\/roveyayinevi.com.tr\/index.php\/urun\/cope-master\/","title":{"rendered":"Cope Master"},"content":{"rendered":"<p>Cope Master \u00f6zellikle en yayg\u0131n kullan\u0131lan \u0130ngilizce kelime ve reading k\u0131s\u0131mlar\u0131 Proficiency (Yeterlilik) s\u0131navlar\u0131na haz\u0131rlanmak i\u00e7in bire bir uygundur. \u0130ngilizce en yayg\u0131n kullan\u0131lan \u201cIntermediate\u201d ve \u201cUpper- Intermediate\u201d kelimelerin c\u00fcmle i\u00e7inde do\u011fru kullan\u0131m\u0131n\u0131 \u00f6\u011fretmeyi ama\u00e7lad\u0131\u011f\u0131ndan Writing (Yazma) i\u00e7eren her s\u0131nav i\u00e7in (IELTS ve TOEFL dahil) \u00f6\u011frencilere Writing yetene\u011fi kazand\u0131racakt\u0131r. Bu kelimeler writing s\u0131navlar\u0131nda en yayg\u0131n \u00e7\u0131kan \u00e7evre, g\u00f6\u00e7, sa\u011fl\u0131k, k\u00fclt\u00fcr ve globalle\u015fme gibi konularla ba\u011fda\u015ft\u0131r\u0131l\u0131p kolay bir \u00f6\u011frenme sa\u011flanm\u0131\u015ft\u0131r. \u00d6zellikle haz\u0131rl\u0131k atlama s\u0131navlar\u0131 (COPE) i\u00e7in yaz\u0131lm\u0131\u015f olup, sorular\u0131 ve kelimeleri, \u00f6zellikle Bilkent, Bah\u00e7e\u015fehir, Ko\u00e7, Sabanc\u0131, Yeditepe, \u015eehir, Ba\u015fkent, ODT\u00dc, At\u0131l\u0131m gibi \u00fcniversitelerin haz\u0131rl\u0131k atlama s\u0131navlar\u0131na y\u00f6nelik formattad\u0131r. Bu okullar\u0131n Proficiency (Yeterlilik) s\u0131navlar\u0131na y\u00f6nelik bir haz\u0131rl\u0131\u011f\u0131 da kapsar. Kitapta se\u00e7ilen kelimeler, ayn\u0131 zamanda YDS gibi s\u0131navlarda da en yayg\u0131n olarak kar\u015f\u0131m\u0131za \u00e7\u0131kan kelimelerdir. COPE MASTER, soyut bir anlat\u0131m yerine, yayg\u0131n kullan\u0131mlar, kelimeler, c\u00fcmleler ve okuma par\u00e7alar\u0131 ile \u00f6\u011frencilerin \u0130ngilizceyi \u00f6\u011frenmelerini kolayla\u015ft\u0131rarak, s\u0131navlarda ba\u015far\u0131 oran\u0131n\u0131 art\u0131r\u0131r. <\/p>\n","protected":false},"excerpt":{"rendered":"<p>Cope Master \u00f6zellikle en yayg\u0131n kullan\u0131lan \u0130ngilizce kelime ve reading k\u0131s\u0131mlar\u0131 Proficiency (Yeterlilik) s\u0131navlar\u0131na haz\u0131rlanmak i\u00e7in bire bir uygundur. \u0130ngilizce en yayg\u0131n kullan\u0131lan \u201cIntermediate\u201d ve \u201cUpper-<span class=\"excerpt-hellip\"> [\u2026]<\/span><\/p>\n","protected":false},"featured_media":0,"template":"","meta":{"_monsterinsights_skip_tracking":false,"_monsterinsights_sitenote_active":false,"_monsterinsights_sitenote_note":"","_monsterinsights_sitenote_category":0},"product_brand":[],"product_cat":[12566,13473],"product_tag":[],"class_list":{"0":"post-706316","1":"product","2":"type-product","3":"status-publish","5":"product_cat-egitim","6":"product_cat-sinavlara-hazirlik-okula-yardimci-kaynaklar","7":"pa_cilt-ciltsiz","8":"pa_tur-kitap","9":"pa_yayinevi-nika-yayinevi","10":"pa_yazar-avsar-diri","12":"first","13":"instock","14":"sale","15":"shipping-taxable","16":"purchasable","17":"product-type-simple"},"_links":{"self":[{"href":"https:\/\/roveyayinevi.com.tr\/index.php\/wp-json\/wp\/v2\/product\/706316","targetHints":{"allow":["GET"]}}],"collection":[{"href":"https:\/\/roveyayinevi.com.tr\/index.php\/wp-json\/wp\/v2\/product"}],"about":[{"href":"https:\/\/roveyayinevi.com.tr\/index.php\/wp-json\/wp\/v2\/types\/product"}],"wp:attachment":[{"href":"https:\/\/roveyayinevi.com.tr\/index.php\/wp-json\/wp\/v2\/media?parent=706316"}],"wp:term":[{"taxonomy":"product_brand","embeddable":true,"href":"https:\/\/roveyayinevi.com.tr\/index.php\/wp-json\/wp\/v2\/product_brand?post=706316"},{"taxonomy":"product_cat","embeddable":true,"href":"https:\/\/roveyayinevi.com.tr\/index.php\/wp-json\/wp\/v2\/product_cat?post=706316"},{"taxonomy":"product_tag","embeddable":true,"href":"https:\/\/roveyayinevi.com.tr\/index.php\/wp-json\/wp\/v2\/product_tag?post=706316"}],"curies":[{"name":"wp","href":"https:\/\/api.w.org\/{rel}","templated":true}]}}