{"id":706310,"date":"2025-08-27T15:54:48","date_gmt":"2025-08-27T12:54:48","guid":{"rendered":"https:\/\/roveyayinevi.com.tr\/index.php\/urun\/metis-cep-defteri-3\/"},"modified":"2026-04-16T02:14:57","modified_gmt":"2026-04-15T23:14:57","slug":"metis-cep-defteri-3","status":"publish","type":"product","link":"https:\/\/roveyayinevi.com.tr\/index.php\/urun\/metis-cep-defteri-3\/","title":{"rendered":"Metis Cep Defteri"},"content":{"rendered":"<p>Metis Yay\u0131nlar\u0131&#8217;n\u0131n kitapseverler i\u00e7in haz\u0131rlad\u0131\u011f\u0131 cep defterlerinin ikincisi \u00e7\u0131kt\u0131. K\u0131rm\u0131z\u0131 \u00e7izgili ve sayfa altlar\u0131nda \u00e7e\u015fitli kitaplardan k\u0131sa al\u0131nt\u0131lar\u0131n yer ald\u0131\u011f\u0131 bu kullan\u0131\u015fl\u0131 not defteri t\u00fcm kitap\u00e7\u0131larda. Yay\u0131nevi bu cep defterlerini farkl\u0131 renk ve i\u00e7eriklerle d\u00fczenli aral\u0131klarla yay\u0131mlayacak. <\/p>\n","protected":false},"excerpt":{"rendered":"<p>Metis Yay\u0131nlar\u0131&#8217;n\u0131n kitapseverler i\u00e7in haz\u0131rlad\u0131\u011f\u0131 cep defterlerinin ikincisi \u00e7\u0131kt\u0131. K\u0131rm\u0131z\u0131 \u00e7izgili ve sayfa altlar\u0131nda \u00e7e\u015fitli kitaplardan k\u0131sa al\u0131nt\u0131lar\u0131n yer ald\u0131\u011f\u0131 bu kullan\u0131\u015fl\u0131 not defteri t\u00fcm kitap\u00e7\u0131larda.<span class=\"excerpt-hellip\"> [\u2026]<\/span><\/p>\n","protected":false},"featured_media":0,"template":"","meta":{"_monsterinsights_skip_tracking":false,"_monsterinsights_sitenote_active":false,"_monsterinsights_sitenote_note":"","_monsterinsights_sitenote_category":0},"product_brand":[],"product_cat":[12312,12304],"product_tag":[],"class_list":{"0":"post-706310","1":"product","2":"type-product","3":"status-publish","5":"product_cat-diger","6":"product_cat-tarih","7":"pa_cilt-ciltsiz","8":"pa_tur-kitap","9":"pa_yayinevi-metis-yayinlari","10":"pa_yazar-kollektif","12":"first","13":"instock","14":"sale","15":"shipping-taxable","16":"purchasable","17":"product-type-simple"},"_links":{"self":[{"href":"https:\/\/roveyayinevi.com.tr\/index.php\/wp-json\/wp\/v2\/product\/706310","targetHints":{"allow":["GET"]}}],"collection":[{"href":"https:\/\/roveyayinevi.com.tr\/index.php\/wp-json\/wp\/v2\/product"}],"about":[{"href":"https:\/\/roveyayinevi.com.tr\/index.php\/wp-json\/wp\/v2\/types\/product"}],"wp:attachment":[{"href":"https:\/\/roveyayinevi.com.tr\/index.php\/wp-json\/wp\/v2\/media?parent=706310"}],"wp:term":[{"taxonomy":"product_brand","embeddable":true,"href":"https:\/\/roveyayinevi.com.tr\/index.php\/wp-json\/wp\/v2\/product_brand?post=706310"},{"taxonomy":"product_cat","embeddable":true,"href":"https:\/\/roveyayinevi.com.tr\/index.php\/wp-json\/wp\/v2\/product_cat?post=706310"},{"taxonomy":"product_tag","embeddable":true,"href":"https:\/\/roveyayinevi.com.tr\/index.php\/wp-json\/wp\/v2\/product_tag?post=706310"}],"curies":[{"name":"wp","href":"https:\/\/api.w.org\/{rel}","templated":true}]}}