{"id":706308,"date":"2025-08-27T15:54:47","date_gmt":"2025-08-27T12:54:47","guid":{"rendered":"https:\/\/roveyayinevi.com.tr\/index.php\/urun\/eksik-siir-2-kitap\/"},"modified":"2026-04-16T02:14:57","modified_gmt":"2026-04-15T23:14:57","slug":"eksik-siir-2-kitap","status":"publish","type":"product","link":"https:\/\/roveyayinevi.com.tr\/index.php\/urun\/eksik-siir-2-kitap\/","title":{"rendered":"Eksik \u015eiir 2.Kitap"},"content":{"rendered":"<p>2006 y\u0131l\u0131nda yay\u0131mlad\u0131\u011f\u0131m\u0131z Eksik \u015eiir, Sezen Aksu&#8217;nun 1975&#8217;ten o tarihe kadar kaleme ald\u0131\u011f\u0131 \u015fark\u0131 s\u00f6zlerinden bir se\u00e7kiyi i\u00e7eriyordu. \u015eimdi bir \u0130kinci Kitap ekledik. Bu kitapta 2006&#8217;dan sonra yazd\u0131klar\u0131n\u0131n yan\u0131 s\u0131ra, hen\u00fcz yay\u0131nlanmam\u0131\u015f, bestelenmemi\u015f s\u00f6zler de yer al\u0131yor bir de ilk kitapta g\u00f6zden ka\u00e7\u0131rd\u0131\u011f\u0131m\u0131z ama vazge\u00e7ilmez olan eski tarihliler var. <\/p>\n","protected":false},"excerpt":{"rendered":"<p>2006 y\u0131l\u0131nda yay\u0131mlad\u0131\u011f\u0131m\u0131z Eksik \u015eiir, Sezen Aksu&#8217;nun 1975&#8217;ten o tarihe kadar kaleme ald\u0131\u011f\u0131 \u015fark\u0131 s\u00f6zlerinden bir se\u00e7kiyi i\u00e7eriyordu. \u015eimdi bir \u0130kinci Kitap ekledik. Bu kitapta 2006&#8217;dan<span class=\"excerpt-hellip\"> [\u2026]<\/span><\/p>\n","protected":false},"featured_media":0,"template":"","meta":{"_monsterinsights_skip_tracking":false,"_monsterinsights_sitenote_active":false,"_monsterinsights_sitenote_note":"","_monsterinsights_sitenote_category":0},"product_brand":[],"product_cat":[14591,14556],"product_tag":[],"class_list":{"0":"post-706308","1":"product","2":"type-product","3":"status-publish","5":"product_cat-genel-kavramlar-kuram-ve-tarihce","6":"product_cat-muzik","7":"pa_cilt-ciltsiz","8":"pa_tur-kitap","9":"pa_yayinevi-metis-yayinlari","10":"pa_yazar-sezen-aksu","12":"first","13":"instock","14":"sale","15":"shipping-taxable","16":"purchasable","17":"product-type-simple"},"_links":{"self":[{"href":"https:\/\/roveyayinevi.com.tr\/index.php\/wp-json\/wp\/v2\/product\/706308","targetHints":{"allow":["GET"]}}],"collection":[{"href":"https:\/\/roveyayinevi.com.tr\/index.php\/wp-json\/wp\/v2\/product"}],"about":[{"href":"https:\/\/roveyayinevi.com.tr\/index.php\/wp-json\/wp\/v2\/types\/product"}],"wp:attachment":[{"href":"https:\/\/roveyayinevi.com.tr\/index.php\/wp-json\/wp\/v2\/media?parent=706308"}],"wp:term":[{"taxonomy":"product_brand","embeddable":true,"href":"https:\/\/roveyayinevi.com.tr\/index.php\/wp-json\/wp\/v2\/product_brand?post=706308"},{"taxonomy":"product_cat","embeddable":true,"href":"https:\/\/roveyayinevi.com.tr\/index.php\/wp-json\/wp\/v2\/product_cat?post=706308"},{"taxonomy":"product_tag","embeddable":true,"href":"https:\/\/roveyayinevi.com.tr\/index.php\/wp-json\/wp\/v2\/product_tag?post=706308"}],"curies":[{"name":"wp","href":"https:\/\/api.w.org\/{rel}","templated":true}]}}