{"id":706283,"date":"2025-08-27T15:54:37","date_gmt":"2025-08-27T12:54:37","guid":{"rendered":"https:\/\/roveyayinevi.com.tr\/index.php\/urun\/nefesini-tut\/"},"modified":"2026-04-16T02:14:56","modified_gmt":"2026-04-15T23:14:56","slug":"nefesini-tut","status":"publish","type":"product","link":"https:\/\/roveyayinevi.com.tr\/index.php\/urun\/nefesini-tut\/","title":{"rendered":"Nefesini Tut"},"content":{"rendered":"<p>Gillian Flynn, Laura Lippman ve Paula Hawkins sevenler i\u00e7in Holly Seddon\u2019dan, okuru daha ilk sayfas\u0131ndan esir edecek, \u015fa\u015f\u0131rt\u0131c\u0131 d\u00f6neme\u00e7lerle, ba\u015far\u0131l\u0131 bir \u015fekilde yarat\u0131lm\u0131\u015f karakterlerle ve s\u00fcr\u00fckleyici psikolojik gerilim \u00f6\u011feleriyle dolu bir \u00e7\u0131k\u0131\u015f roman\u0131 geliyor.Baz\u0131 s\u0131rlar asla \u00f6lmez. Sadece kilit alt\u0131nda tutulurlar.Amy Stevenson, s\u0131radan bir ya\u015fam\u0131 ve s\u0131radan sorunlar\u0131 olan bir gen\u00e7 k\u0131zd\u0131. Ama Amy\u2019nin bir s\u0131rr\u0131 vard\u0131, onu kendi v\u00fccudunda bir mahk\u00fbma d\u00f6n\u00fc\u015ft\u00fcrecek kadar tehlikeli bir s\u0131r. Bilinci ve k\u00e2buslar\u0131 aras\u0131nda s\u0131k\u0131\u015f\u0131p kalm\u0131\u015f olan Amy, on be\u015f y\u0131ld\u0131r birilerinin onu kurtarmas\u0131n\u0131 ve ya\u015fad\u0131\u011f\u0131 korkun\u00e7 sald\u0131r\u0131n\u0131n sorumlusunu bulmas\u0131n\u0131 bekliyordu.\u00c7al\u0131\u015ft\u0131\u011f\u0131 gazeteye haz\u0131rlad\u0131\u011f\u0131 bir yaz\u0131 i\u00e7in hastaneyi ziyaret eden Alex g\u00fcnd\u00fczleri susuzlukla, geceleri bo\u011fulmakla sava\u015f\u0131yordu. Ta ki Amy Stevenson ile kar\u015fla\u015fana kadar\u2026 Amy\u2019yi g\u00f6ren Alex gen\u00e7lik y\u0131llar\u0131ndan hat\u0131rlad\u0131\u011f\u0131 hik\u00e2yenin ara\u015ft\u0131r\u0131lmaya de\u011fer oldu\u011funu d\u00fc\u015f\u00fcnm\u00fc\u015ft\u00fc. Gen\u00e7 k\u0131z\u0131n hayat\u0131na ve ya\u015fad\u0131klar\u0131na dahil olduk\u00e7a g\u00f6r\u00fcnenden daha fazlas\u0131 oldu\u011funu ke\u015ffetmi\u015f ve arad\u0131\u011f\u0131 tek kurtulu\u015fun Amy\u2019ninki olmad\u0131\u011f\u0131n\u0131 fark etmi\u015fti. Fakat tek tan\u0131\u011f\u0131, ya\u015fad\u0131klar\u0131n\u0131 anlatamayacak durumda olan bir olay nas\u0131l \u00e7\u00f6z\u00fclebilirdi?Keskin bir final ve i\u00e7 i\u00e7e ge\u00e7mi\u015f karakterler\u2026 Trendeki K\u0131z\u2019dan beri hi\u00e7bir gerilim roman\u0131 beni bu kadar etkilememi\u015fti.- Tess GerritsenUzun zamand\u0131r karanl\u0131kta bekleyen ve arapsa\u00e7\u0131na d\u00f6nm\u00fc\u015f ger\u00e7ekler \u00fczerine yaz\u0131lm\u0131\u015f h\u0131zl\u0131 tempolu bir \u00e7\u0131k\u0131\u015f roman\u0131.- New York Times \u00e7oksatan yazar\u0131 Kimberly McCreight\u00c7ok s\u00fcr\u00fckleyici\u2026 Seddon\u2019un anlat\u0131m tekni\u011fi \u00e7ok g\u00fc\u00e7l\u00fc\u2026 \u0130n\u015fa etti\u011fi d\u00fcnya kesinlikle b\u00fcy\u00fcleyici ve etkileyici bir bi\u00e7imde karanl\u0131k.- Kirkus Reviews\u201cFazlas\u0131yla etkileyici.\u201d- Marian Keyes\u201cNefesinizi tutun, i\u015flerinizi b\u0131rak\u0131n, asl\u0131na bakarsan\u0131z bu \u00e7\u0131k\u0131\u015f roman\u0131n\u0131 bitirene kadar t\u00fcm planlar\u0131n\u0131z\u0131 unutun \u00e7\u00fcnk\u00fc bu roman sizi ilk sayfadan esir alacak\u2026Fevkalade, etkileyici ve mutlaka okunmas\u0131 gerekiyor.\u201d- Glamour\u201cSizi etkisi alt\u0131na alacak bir roman m\u0131 ar\u0131yorsunuz? Bu psikolojik gerilim roman\u0131 tam arad\u0131\u011f\u0131n\u0131z kitap.\u201d- New Magazine <\/p>\n","protected":false},"excerpt":{"rendered":"<p>Gillian Flynn, Laura Lippman ve Paula Hawkins sevenler i\u00e7in Holly Seddon\u2019dan, okuru daha ilk sayfas\u0131ndan esir edecek, \u015fa\u015f\u0131rt\u0131c\u0131 d\u00f6neme\u00e7lerle, ba\u015far\u0131l\u0131 bir \u015fekilde yarat\u0131lm\u0131\u015f karakterlerle ve s\u00fcr\u00fckleyici<span class=\"excerpt-hellip\"> [\u2026]<\/span><\/p>\n","protected":false},"featured_media":0,"template":"","meta":{"_monsterinsights_skip_tracking":false,"_monsterinsights_sitenote_active":false,"_monsterinsights_sitenote_note":"","_monsterinsights_sitenote_category":0},"product_brand":[],"product_cat":[12291,17033],"product_tag":[],"class_list":{"0":"post-706283","1":"product","2":"type-product","3":"status-publish","5":"product_cat-edebiyat","6":"product_cat-korku-gerilim","7":"pa_cilt-ciltsiz","8":"pa_tur-kitap","9":"pa_yayinevi-yabanci-yayinevi","10":"pa_yazar-holly-seddon","12":"first","13":"instock","14":"sale","15":"shipping-taxable","16":"purchasable","17":"product-type-simple"},"_links":{"self":[{"href":"https:\/\/roveyayinevi.com.tr\/index.php\/wp-json\/wp\/v2\/product\/706283","targetHints":{"allow":["GET"]}}],"collection":[{"href":"https:\/\/roveyayinevi.com.tr\/index.php\/wp-json\/wp\/v2\/product"}],"about":[{"href":"https:\/\/roveyayinevi.com.tr\/index.php\/wp-json\/wp\/v2\/types\/product"}],"wp:attachment":[{"href":"https:\/\/roveyayinevi.com.tr\/index.php\/wp-json\/wp\/v2\/media?parent=706283"}],"wp:term":[{"taxonomy":"product_brand","embeddable":true,"href":"https:\/\/roveyayinevi.com.tr\/index.php\/wp-json\/wp\/v2\/product_brand?post=706283"},{"taxonomy":"product_cat","embeddable":true,"href":"https:\/\/roveyayinevi.com.tr\/index.php\/wp-json\/wp\/v2\/product_cat?post=706283"},{"taxonomy":"product_tag","embeddable":true,"href":"https:\/\/roveyayinevi.com.tr\/index.php\/wp-json\/wp\/v2\/product_tag?post=706283"}],"curies":[{"name":"wp","href":"https:\/\/api.w.org\/{rel}","templated":true}]}}