{"id":706266,"date":"2025-08-27T15:54:29","date_gmt":"2025-08-27T12:54:29","guid":{"rendered":"https:\/\/roveyayinevi.com.tr\/index.php\/urun\/surgun-gezegeni\/"},"modified":"2026-04-16T02:14:56","modified_gmt":"2026-04-15T23:14:56","slug":"surgun-gezegeni","status":"publish","type":"product","link":"https:\/\/roveyayinevi.com.tr\/index.php\/urun\/surgun-gezegeni\/","title":{"rendered":"S\u00fcrg\u00fcn Gezegeni"},"content":{"rendered":"<p>\u201cOtorite Ki\u015finin Kendisinden mi Kaynaklan\u0131r, Yoksa Etraf\u0131ndakilerden mi?&#8221;Ursula K. Le Guin, bilimkurgu ve fantazi edebiyat\u0131na damga vurmu\u015f en b\u00fcy\u00fck yazarlardan; t\u00fcr\u00fcn krali\u00e7esi. Kitaplar\u0131 ve fikirleriyle hem okurlara hem de yazarlara ilham veren Le Guin, erken d\u00f6nem eserlerinden S\u00fcrg\u00fcn Gezegeni\u2019nde bizi \u00f6tekilik, \u00f6nyarg\u0131, varolu\u015f ve yuva \u00f6zlemi gibi olgular \u00fczerine derin bir yolculu\u011fa \u00e7\u0131kar\u0131yor.Galaksinin karanl\u0131k taraf\u0131ndaki S\u00fcrg\u00fcn Gezegeni\u2019nde iki b\u00fcy\u00fck halk\u0131n m\u00fccadelesi hep s\u00fcregelmi\u015ftir: Alterral\u0131lar ve Tevarl\u0131lar. Gezegenin yabanc\u0131lar\u0131 ve \u201c\u00f6tekileri\u201d olan Alterral\u0131lar \u2013di\u011fer ad\u0131yla yabansoylular eski g\u00fc\u00e7lerini kaybetmi\u015f, n\u00fcfusu gittik\u00e7e azalan bir halkt\u0131r. Tevarl\u0131lar di\u011fer ad\u0131yla izcanl\u0131lar \u201c\u00f6tekiler\u201dden ho\u015flanmayan, muhafazakar, geri kalm\u0131\u015f, ilerlemeye kapal\u0131 bir topluluktur.G\u00fcney G\u00f6\u00e7\u00fc ba\u015flay\u0131p Gaallar g\u00fcneye do\u011fru ilerleyince b\u00fcy\u00fck sava\u015f kap\u0131ya dayan\u0131r. Alterral\u0131lar ve Tevarl\u0131lar bir araya gelip ortak d\u00fc\u015fmana kar\u015f\u0131 sava\u015facak ya da yakla\u015fan uzun k\u0131\u015fla birlikte felakete s\u00fcr\u00fckleneceklerdir. Rolery ve Agat\u2019\u0131n s\u0131rad\u0131\u015f\u0131 hikayesi de i\u015fte bu s\u00fcre\u00e7te ba\u015flar.M\u00fclks\u00fczler ve Karanl\u0131\u011f\u0131n Sol Eli\u2019nin de dahil oldu\u011fu Hainish Cycle\u2019\u0131n bir par\u00e7as\u0131 olan S\u00fcrg\u00fcn Gezegeni, toplumsal ve d\u00fc\u015f\u00fcnsel yarg\u0131lara etkileyici bir dokunu\u015f.<\/p>\n","protected":false},"excerpt":{"rendered":"<p>\u201cOtorite Ki\u015finin Kendisinden mi Kaynaklan\u0131r, Yoksa Etraf\u0131ndakilerden mi?&#8221;Ursula K. Le Guin, bilimkurgu ve fantazi edebiyat\u0131na damga vurmu\u015f en b\u00fcy\u00fck yazarlardan; t\u00fcr\u00fcn krali\u00e7esi. Kitaplar\u0131 ve fikirleriyle hem<span class=\"excerpt-hellip\"> [\u2026]<\/span><\/p>\n","protected":false},"featured_media":0,"template":"","meta":{"_monsterinsights_skip_tracking":false,"_monsterinsights_sitenote_active":false,"_monsterinsights_sitenote_note":"","_monsterinsights_sitenote_category":0},"product_brand":[],"product_cat":[12540,12291],"product_tag":[],"class_list":{"0":"post-706266","1":"product","2":"type-product","3":"status-publish","5":"product_cat-bilim-kurgu","6":"product_cat-edebiyat","7":"pa_cilt-ciltsiz","8":"pa_tur-kitap","9":"pa_yayinevi-ithaki-yayinlari","10":"pa_yazar-ursula-k-le-guin","12":"first","13":"instock","14":"sale","15":"shipping-taxable","16":"purchasable","17":"product-type-simple"},"_links":{"self":[{"href":"https:\/\/roveyayinevi.com.tr\/index.php\/wp-json\/wp\/v2\/product\/706266","targetHints":{"allow":["GET"]}}],"collection":[{"href":"https:\/\/roveyayinevi.com.tr\/index.php\/wp-json\/wp\/v2\/product"}],"about":[{"href":"https:\/\/roveyayinevi.com.tr\/index.php\/wp-json\/wp\/v2\/types\/product"}],"wp:attachment":[{"href":"https:\/\/roveyayinevi.com.tr\/index.php\/wp-json\/wp\/v2\/media?parent=706266"}],"wp:term":[{"taxonomy":"product_brand","embeddable":true,"href":"https:\/\/roveyayinevi.com.tr\/index.php\/wp-json\/wp\/v2\/product_brand?post=706266"},{"taxonomy":"product_cat","embeddable":true,"href":"https:\/\/roveyayinevi.com.tr\/index.php\/wp-json\/wp\/v2\/product_cat?post=706266"},{"taxonomy":"product_tag","embeddable":true,"href":"https:\/\/roveyayinevi.com.tr\/index.php\/wp-json\/wp\/v2\/product_tag?post=706266"}],"curies":[{"name":"wp","href":"https:\/\/api.w.org\/{rel}","templated":true}]}}