{"id":706253,"date":"2025-08-27T15:54:24","date_gmt":"2025-08-27T12:54:24","guid":{"rendered":"https:\/\/roveyayinevi.com.tr\/index.php\/urun\/ikizlerin-zamani-efsaneler-serisi-1-kitap\/"},"modified":"2026-04-16T02:14:56","modified_gmt":"2026-04-15T23:14:56","slug":"ikizlerin-zamani-efsaneler-serisi-1-kitap","status":"publish","type":"product","link":"https:\/\/roveyayinevi.com.tr\/index.php\/urun\/ikizlerin-zamani-efsaneler-serisi-1-kitap\/","title":{"rendered":"\u0130kizlerin Zaman\u0131: Efsaneler Serisi 1.Kitap"},"content":{"rendered":"<p>Palanthas\u2019taki korkun\u00e7 Y\u00fcksek B\u00fcy\u00fcc\u00fcl\u00fck Kulesi\u2019nde, etraf\u0131 k\u00f6t\u00fcl\u00fc\u011f\u00fcn isimsiz varl\u0131klar\u0131yla \u00e7evrili, yapayaln\u0131z kalm\u0131\u015f Raistlin, karanl\u0131\u011f\u0131 fethetmek ve onu kontrol\u00fc alt\u0131na almak i\u00e7in plan yap\u0131yordu. Paladine\u2019\u0131n g\u00fczel ve sad\u0131k rahibesi Cyrsania ise inanc\u0131n\u0131n g\u00fcc\u00fcyle Raistlin\u2019i karanl\u0131ktan kurtarmak niyetindeydi. Fakat b\u00fcy\u00fcc\u00fcn\u00fcn karanl\u0131k planlar\u0131ndan habersizdi ve Raistlin onu ince ince dokuyup planlad\u0131\u011f\u0131 tuza\u011f\u0131na yava\u015f\u00e7a \u00e7ekmekteydi. Plandan haberi olan Caramon, karde\u015finin ruhunu kurtarmak i\u00e7in kender Tasslehoff ile birlikte Afet\u2019ten \u00f6nceye, Istar\u2019\u0131n talihsiz \u015fehrine do\u011fru zamanda bir yolculu\u011fa \u00e7\u0131kacakt\u0131. <\/p>\n","protected":false},"excerpt":{"rendered":"<p>Palanthas\u2019taki korkun\u00e7 Y\u00fcksek B\u00fcy\u00fcc\u00fcl\u00fck Kulesi\u2019nde, etraf\u0131 k\u00f6t\u00fcl\u00fc\u011f\u00fcn isimsiz varl\u0131klar\u0131yla \u00e7evrili, yapayaln\u0131z kalm\u0131\u015f Raistlin, karanl\u0131\u011f\u0131 fethetmek ve onu kontrol\u00fc alt\u0131na almak i\u00e7in plan yap\u0131yordu. Paladine\u2019\u0131n g\u00fczel ve<span class=\"excerpt-hellip\"> [\u2026]<\/span><\/p>\n","protected":false},"featured_media":0,"template":"","meta":{"_monsterinsights_skip_tracking":false,"_monsterinsights_sitenote_active":false,"_monsterinsights_sitenote_note":"","_monsterinsights_sitenote_category":0},"product_brand":[],"product_cat":[12291,12711],"product_tag":[],"class_list":{"0":"post-706253","1":"product","2":"type-product","3":"status-publish","5":"product_cat-edebiyat","6":"product_cat-roman-oyku","7":"pa_cilt-ciltsiz","8":"pa_tur-kitap","9":"pa_yayinevi-ithaki-yayinlari","10":"pa_yazar-margaret-weiss","11":"pa_yazar-tracy-hickman","13":"first","14":"instock","15":"sale","16":"shipping-taxable","17":"purchasable","18":"product-type-simple"},"_links":{"self":[{"href":"https:\/\/roveyayinevi.com.tr\/index.php\/wp-json\/wp\/v2\/product\/706253","targetHints":{"allow":["GET"]}}],"collection":[{"href":"https:\/\/roveyayinevi.com.tr\/index.php\/wp-json\/wp\/v2\/product"}],"about":[{"href":"https:\/\/roveyayinevi.com.tr\/index.php\/wp-json\/wp\/v2\/types\/product"}],"wp:attachment":[{"href":"https:\/\/roveyayinevi.com.tr\/index.php\/wp-json\/wp\/v2\/media?parent=706253"}],"wp:term":[{"taxonomy":"product_brand","embeddable":true,"href":"https:\/\/roveyayinevi.com.tr\/index.php\/wp-json\/wp\/v2\/product_brand?post=706253"},{"taxonomy":"product_cat","embeddable":true,"href":"https:\/\/roveyayinevi.com.tr\/index.php\/wp-json\/wp\/v2\/product_cat?post=706253"},{"taxonomy":"product_tag","embeddable":true,"href":"https:\/\/roveyayinevi.com.tr\/index.php\/wp-json\/wp\/v2\/product_tag?post=706253"}],"curies":[{"name":"wp","href":"https:\/\/api.w.org\/{rel}","templated":true}]}}