{"id":706244,"date":"2025-08-27T15:54:20","date_gmt":"2025-08-27T12:54:20","guid":{"rendered":"https:\/\/roveyayinevi.com.tr\/index.php\/urun\/cin-aynasi\/"},"modified":"2026-04-16T02:14:55","modified_gmt":"2026-04-15T23:14:55","slug":"cin-aynasi","status":"publish","type":"product","link":"https:\/\/roveyayinevi.com.tr\/index.php\/urun\/cin-aynasi\/","title":{"rendered":"Cin Aynas\u0131"},"content":{"rendered":"<p>\u201c\u2018Kimsenin birbirine ac\u0131mad\u0131\u011f\u0131, herkesin kolayca birbirinden nefret etti\u011fi, birinin \u00f6tekine yard\u0131m etmeyi akl\u0131ndan dahi ge\u00e7irmedi\u011fi so\u011fuk ve umutsuz bir d\u00fcnya\u2019da ya\u015f\u0131yoruz. Yaln\u0131zl\u0131ktan korktu\u011fumuz ama s\u00fcrekli yaln\u0131z kalmaya \u00e7al\u0131\u015ft\u0131\u011f\u0131m\u0131z, yaln\u0131zl\u0131\u011f\u0131m\u0131z\u0131n yetmedi\u011fi ve bitmedi\u011fi bir \u00e7a\u011fday\u0131z. <\/p>\n","protected":false},"excerpt":{"rendered":"<p>\u201c\u2018Kimsenin birbirine ac\u0131mad\u0131\u011f\u0131, herkesin kolayca birbirinden nefret etti\u011fi, birinin \u00f6tekine yard\u0131m etmeyi akl\u0131ndan dahi ge\u00e7irmedi\u011fi so\u011fuk ve umutsuz bir d\u00fcnya\u2019da ya\u015f\u0131yoruz. Yaln\u0131zl\u0131ktan korktu\u011fumuz ama s\u00fcrekli yaln\u0131z<span class=\"excerpt-hellip\"> [\u2026]<\/span><\/p>\n","protected":false},"featured_media":0,"template":"","meta":{"_monsterinsights_skip_tracking":false,"_monsterinsights_sitenote_active":false,"_monsterinsights_sitenote_note":"","_monsterinsights_sitenote_category":0},"product_brand":[],"product_cat":[12291,12292],"product_tag":[],"class_list":{"0":"post-706244","1":"product","2":"type-product","3":"status-publish","5":"product_cat-edebiyat","6":"product_cat-turk-edebiyati","7":"pa_cilt-ciltsiz","8":"pa_tur-kitap","9":"pa_yayinevi-iletisim-yayinlari","10":"pa_yazar-ercan-kesal","12":"first","13":"instock","14":"sale","15":"shipping-taxable","16":"purchasable","17":"product-type-simple"},"_links":{"self":[{"href":"https:\/\/roveyayinevi.com.tr\/index.php\/wp-json\/wp\/v2\/product\/706244","targetHints":{"allow":["GET"]}}],"collection":[{"href":"https:\/\/roveyayinevi.com.tr\/index.php\/wp-json\/wp\/v2\/product"}],"about":[{"href":"https:\/\/roveyayinevi.com.tr\/index.php\/wp-json\/wp\/v2\/types\/product"}],"wp:attachment":[{"href":"https:\/\/roveyayinevi.com.tr\/index.php\/wp-json\/wp\/v2\/media?parent=706244"}],"wp:term":[{"taxonomy":"product_brand","embeddable":true,"href":"https:\/\/roveyayinevi.com.tr\/index.php\/wp-json\/wp\/v2\/product_brand?post=706244"},{"taxonomy":"product_cat","embeddable":true,"href":"https:\/\/roveyayinevi.com.tr\/index.php\/wp-json\/wp\/v2\/product_cat?post=706244"},{"taxonomy":"product_tag","embeddable":true,"href":"https:\/\/roveyayinevi.com.tr\/index.php\/wp-json\/wp\/v2\/product_tag?post=706244"}],"curies":[{"name":"wp","href":"https:\/\/api.w.org\/{rel}","templated":true}]}}