{"id":706241,"date":"2025-08-27T15:54:18","date_gmt":"2025-08-27T12:54:18","guid":{"rendered":"https:\/\/roveyayinevi.com.tr\/index.php\/urun\/canlarin-cinsiyeti-alevilik-ve-kadin\/"},"modified":"2026-04-16T02:14:55","modified_gmt":"2026-04-15T23:14:55","slug":"canlarin-cinsiyeti-alevilik-ve-kadin","status":"publish","type":"product","link":"https:\/\/roveyayinevi.com.tr\/index.php\/urun\/canlarin-cinsiyeti-alevilik-ve-kadin\/","title":{"rendered":"Canlar\u0131n Cinsiyeti: Alevilik ve Kad\u0131n"},"content":{"rendered":"<p>\ufffc\u201cBizim erkeklerimize g\u00f6re kad\u0131n dedi\u011fin evde oturur, i\u015fini yapar, g\u00fcc\u00fcne bakar, bir yere gitmez&#8230; Alevilerde kad\u0131n-erkek e\u015fittir yok. Onlar s\u00f6zde&#8230; \u00c7o\u011fu [kad\u0131n] ceme giderken bile e\u015finden izin al\u0131p gidiyor.\u201d \u201c\u00c7ok fena k\u00fcs\u00fcyorum, karar\u0131yorum o insanlara&#8230; Mal m\u00fclk i\u00e7in \u2018O k\u0131z, bu o\u011flan,\u2019 diyorlar; \u2018K\u0131z ele gidiyor, al\u0131yor g\u00f6t\u00fcr\u00fcyor mal\u0131,\u2019 diyorlar. K\u0131z\u0131 \u2018el\u2019 g\u00f6r\u00fcyorlar.\u201d \u201cBabam \u2018S\u00fcnni olmas\u0131n, isterse k\u00f6y\u00fcm\u00fcn en k\u00f6t\u00fcs\u00fc olsun; yeter ki k\u0131z\u0131m d\u0131\u015far\u0131 gitmesin,\u2019 derdi; dedi\u011fi de oldu.\u201d Alevilik, kad\u0131n-erkek e\u015fitli\u011fine yapt\u0131\u011f\u0131 vurguyla zaman i\u00e7inde zihinlerde belli bir yer edindi, ancak bu e\u015fitlik iddias\u0131n\u0131n ger\u00e7ek hayata ne kadar ta\u015f\u0131nd\u0131\u011f\u0131 me\u00e7hul\u2026 Nimet Okan, bu sorunun pe\u015finden gidip toplulu\u011fun kad\u0131nlar\u0131na kulak vererek, g\u00fcnl\u00fck hayat\u0131n i\u00e7ine gizlenmi\u015f ayr\u0131mc\u0131l\u0131klar\u0131 tek tek tespit ederek, s\u00f6zde kalan bir e\u015fitlik iddias\u0131n\u0131n asl\u0131n\u0131 g\u00fcn y\u00fcz\u00fcne \u00e7\u0131kar\u0131yor. Okula yazd\u0131r\u0131lmayan, hekime g\u00f6nderilmeyen, miras hakk\u0131 \u00e7o\u011fu zaman gasp edilen kad\u0131nlar\u0131n hik\u00e2yelerini \u00f6\u011freniyoruz. Canlar\u0131n Cinsiyeti, bizi Alevilik gelenekleri i\u00e7inden ge\u00e7irerek onun \u00f6zel bir koluna, ismini bir kad\u0131ndan alan An\u015fabac\u0131l\u0131 toplulu\u011funu ke\u015ffe g\u00f6t\u00fcr\u00fcyor. Tarihi Osmanl\u0131 d\u00f6nemine uzanan bu topluluk da isimlerinden ba\u015flayarak cinsiyetleraras\u0131 e\u015fitli\u011fe yapt\u0131\u011f\u0131 vurguyla tan\u0131n\u0131yor, posta oturan \u201cbac\u0131\u201dlar\u0131yla gurur duyuyor. Nimet Okan ise g\u00f6r\u00fcn\u00fcrdeki gurur perdesinin arkas\u0131nda kalan isyana, Alevi kad\u0131nlar\u0131n isyan\u0131na dikkat kesiliyor. Bunu yaparken, devlet nezdinde kar\u015f\u0131l\u0131\u011f\u0131n\u0131 bulan Alevi-S\u00fcnni ayr\u0131m\u0131na, Alevilerin kendi i\u00e7lerindeki din\u00ee-sosyal-ekonomik hiyerar\u015fiye, b\u00fcy\u00fck kentlerde keskinle\u015fen s\u0131n\u0131f fark\u0131na de\u011finmeyi de ihmal etmiyor. Canlar\u0131n Cinsiyeti, sloganlara- kli\u015felere d\u00fc\u015fmeden, ger\u00e7ekleri \u201cke\u015ffetmek\u201d i\u00e7in\u2026 <\/p>\n","protected":false},"excerpt":{"rendered":"<p>\ufffc\u201cBizim erkeklerimize g\u00f6re kad\u0131n dedi\u011fin evde oturur, i\u015fini yapar, g\u00fcc\u00fcne bakar, bir yere gitmez&#8230; Alevilerde kad\u0131n-erkek e\u015fittir yok. Onlar s\u00f6zde&#8230; \u00c7o\u011fu [kad\u0131n] ceme giderken bile e\u015finden<span class=\"excerpt-hellip\"> [\u2026]<\/span><\/p>\n","protected":false},"featured_media":0,"template":"","meta":{"_monsterinsights_skip_tracking":false,"_monsterinsights_sitenote_active":false,"_monsterinsights_sitenote_note":"","_monsterinsights_sitenote_category":0},"product_brand":[],"product_cat":[12718,12719],"product_tag":[],"class_list":{"0":"post-706241","1":"product","2":"type-product","3":"status-publish","5":"product_cat-din","6":"product_cat-islam","7":"pa_cilt-ciltsiz","8":"pa_tur-kitap","9":"pa_yayinevi-iletisim-yayinlari","10":"pa_yazar-nimet-okan","12":"first","13":"instock","14":"sale","15":"shipping-taxable","16":"purchasable","17":"product-type-simple"},"_links":{"self":[{"href":"https:\/\/roveyayinevi.com.tr\/index.php\/wp-json\/wp\/v2\/product\/706241","targetHints":{"allow":["GET"]}}],"collection":[{"href":"https:\/\/roveyayinevi.com.tr\/index.php\/wp-json\/wp\/v2\/product"}],"about":[{"href":"https:\/\/roveyayinevi.com.tr\/index.php\/wp-json\/wp\/v2\/types\/product"}],"wp:attachment":[{"href":"https:\/\/roveyayinevi.com.tr\/index.php\/wp-json\/wp\/v2\/media?parent=706241"}],"wp:term":[{"taxonomy":"product_brand","embeddable":true,"href":"https:\/\/roveyayinevi.com.tr\/index.php\/wp-json\/wp\/v2\/product_brand?post=706241"},{"taxonomy":"product_cat","embeddable":true,"href":"https:\/\/roveyayinevi.com.tr\/index.php\/wp-json\/wp\/v2\/product_cat?post=706241"},{"taxonomy":"product_tag","embeddable":true,"href":"https:\/\/roveyayinevi.com.tr\/index.php\/wp-json\/wp\/v2\/product_tag?post=706241"}],"curies":[{"name":"wp","href":"https:\/\/api.w.org\/{rel}","templated":true}]}}