{"id":706233,"date":"2025-08-27T15:53:39","date_gmt":"2025-08-27T12:53:39","guid":{"rendered":"https:\/\/roveyayinevi.com.tr\/index.php\/urun\/4-hane-1-teslim\/"},"modified":"2026-01-26T02:23:43","modified_gmt":"2026-01-25T23:23:43","slug":"4-hane-1-teslim","status":"publish","type":"product","link":"https:\/\/roveyayinevi.com.tr\/index.php\/urun\/4-hane-1-teslim\/","title":{"rendered":"4 Hane 1 Teslim"},"content":{"rendered":"<p>Sabri gitgide korkusunu yenip dedesinin kara ve k\u0131r\u0131\u015f\u0131k surat\u0131na yakla\u015ft\u0131, yakla\u015ft\u0131, yakla\u015ft\u0131&#8230; Yakla\u015ft\u0131k\u00e7a g\u00f6r\u00fcnen artt\u0131. Kurumu\u015f \u00e7atlam\u0131\u015f topraklar\u0131 g\u00f6rd\u00fc Sabri dedesinin y\u00fcz\u00fcnde. O topraklarda yan yana oturmu\u015f, el \u00e7\u0131rp\u0131p t\u00fcrk\u00fc s\u00f6yleyen, y\u00fcz\u00fc kaba fakat y\u00fcre\u011fi narin adamlar g\u00f6rd\u00fc. Dedesinin y\u00fcz\u00fcnde engebeleri a\u015farak a\u011f\u0131r a\u011f\u0131r y\u00fcr\u00fcyen hayvanlar\u0131 g\u00f6rd\u00fc. K\u0131rm\u0131z\u0131 akan nehirleri g\u00f6rd\u00fc. Ya\u011fmur duas\u0131na \u00e7\u0131km\u0131\u015f k\u00f6yl\u00fcleri g\u00f6rd\u00fc ve nihayet g\u00f6z\u00fcnden bir damla ya\u015f d\u00fc\u015ft\u00fc. Teneke Mahallesi\u2019nden Bostanc\u0131\u2019da bir apartman dairesine. Nal\u00e2n, Baki\u2019den illallah etti Baki de Nal\u00e2n\u2019dan. Bitmeyen bir h\u0131r g\u00fcr. Erkekler ve erkeklikler\u2026 Bah\u00e7ede tuhaf bir kara kedi\u2026 Sonra y\u0131llar ge\u00e7mi\u015f, \u00e7ocuklar b\u00fcy\u00fcm\u00fc\u015f, gen\u00e7ler ya\u015flanm\u0131\u015f, ya\u015fl\u0131lar bu d\u00fcnyadan g\u00f6\u00e7\u00fcp gitmi\u015f\u2026 Meyhanede bir masa. Bir ucunda Sabri di\u011ferinde Gabriel Garcia Marquez\u2026 Sabri rak\u0131 i\u00e7iyor, f\u0131s\u0131l f\u0131s\u0131l konu\u015fuyor Gabo\u2019yla. \u201c\u0130nsan babas\u0131n\u0131 s\u0131rf babas\u0131 oldu\u011fu i\u00e7in sevmek zorunda m\u0131d\u0131r?\u201d Nal\u00e2n ba\u011f\u0131r\u0131yor o\u011fluna, \u015fa\u015fk\u0131n ve \u00f6fkeli, \u201cH\u00e2l\u00e2 utanmadan baba diyorsun o \u015ferefsize!\u201d 4 Hane 1 Teslim babalar ve o\u011fullar\u0131n\u0131n, anneler ve k\u0131zlar\u0131n\u0131n, sersefillerin, arafta kalanlar\u0131n, hayallerinden uza\u011fa d\u00fc\u015fenlerin roman\u0131\u2026 Haneler, aileler\u2026 Dualar ve beddualar\u2026 Ey\u00fcp Ayg\u00fcn Tay\u015fir, efsunlu bir dilin maharetli yazar\u0131\u2026 Yeni ve gelene\u011fi bilen\u2026 \u0130lk roman&#8230;<\/p>\n","protected":false},"excerpt":{"rendered":"<p>Sabri gitgide korkusunu yenip dedesinin kara ve k\u0131r\u0131\u015f\u0131k surat\u0131na yakla\u015ft\u0131, yakla\u015ft\u0131, yakla\u015ft\u0131&#8230; Yakla\u015ft\u0131k\u00e7a g\u00f6r\u00fcnen artt\u0131. Kurumu\u015f \u00e7atlam\u0131\u015f topraklar\u0131 g\u00f6rd\u00fc Sabri dedesinin y\u00fcz\u00fcnde. O topraklarda yan yana<span class=\"excerpt-hellip\"> [\u2026]<\/span><\/p>\n","protected":false},"featured_media":0,"template":"","meta":{"_monsterinsights_skip_tracking":false,"_monsterinsights_sitenote_active":false,"_monsterinsights_sitenote_note":"","_monsterinsights_sitenote_category":0},"product_brand":[],"product_cat":[12291,12292],"product_tag":[],"class_list":{"0":"post-706233","1":"product","2":"type-product","3":"status-publish","5":"product_cat-edebiyat","6":"product_cat-turk-edebiyati","7":"pa_cilt-ciltsiz","8":"pa_tur-kitap","9":"pa_yayinevi-iletisim-yayinlari","10":"pa_yazar-eyup-aygun-taysir","12":"first","13":"instock","14":"sale","15":"shipping-taxable","16":"purchasable","17":"product-type-simple"},"_links":{"self":[{"href":"https:\/\/roveyayinevi.com.tr\/index.php\/wp-json\/wp\/v2\/product\/706233","targetHints":{"allow":["GET"]}}],"collection":[{"href":"https:\/\/roveyayinevi.com.tr\/index.php\/wp-json\/wp\/v2\/product"}],"about":[{"href":"https:\/\/roveyayinevi.com.tr\/index.php\/wp-json\/wp\/v2\/types\/product"}],"wp:attachment":[{"href":"https:\/\/roveyayinevi.com.tr\/index.php\/wp-json\/wp\/v2\/media?parent=706233"}],"wp:term":[{"taxonomy":"product_brand","embeddable":true,"href":"https:\/\/roveyayinevi.com.tr\/index.php\/wp-json\/wp\/v2\/product_brand?post=706233"},{"taxonomy":"product_cat","embeddable":true,"href":"https:\/\/roveyayinevi.com.tr\/index.php\/wp-json\/wp\/v2\/product_cat?post=706233"},{"taxonomy":"product_tag","embeddable":true,"href":"https:\/\/roveyayinevi.com.tr\/index.php\/wp-json\/wp\/v2\/product_tag?post=706233"}],"curies":[{"name":"wp","href":"https:\/\/api.w.org\/{rel}","templated":true}]}}