{"id":706224,"date":"2025-08-27T15:53:35","date_gmt":"2025-08-27T12:53:35","guid":{"rendered":"https:\/\/roveyayinevi.com.tr\/index.php\/urun\/iste-leonardo-da-vinci\/"},"modified":"2026-04-16T02:14:55","modified_gmt":"2026-04-15T23:14:55","slug":"iste-leonardo-da-vinci","status":"publish","type":"product","link":"https:\/\/roveyayinevi.com.tr\/index.php\/urun\/iste-leonardo-da-vinci\/","title":{"rendered":"\u0130\u015fte Leonardo Da Vinci"},"content":{"rendered":"<p>Bacon, Caravaggio, C\u00e9zanne, Dal\u00ed, Gaudi, Gauguin, Goya, Kandinsky, Leonardo da Vinci, Magritte, Matisse, Monet, Pollock, Rembrandt, Van Gogh, Warhol, Frank Lloyd Wright. Farkl\u0131 \u00fclkelerden, farkl\u0131 ak\u0131mlardan, sanat d\u00fcnyas\u0131nda iz b\u0131rakm\u0131\u015f 17 sanat\u00e7\u0131. \u00d6d\u00fcll\u00fc \u00e7izerlerin kitaplara \u00f6zel \u00e7izdikleri ill\u00fcstrasyonlarla her biri kendi ba\u015f\u0131na da bir sanat eseri aday\u0131 olan 17 kitap. hep kitap \u201c\u0130\u015fte\u201d dizisiyle sanatseverleri keyifli bir yolculu\u011fa \u00e7\u0131kar\u0131yor. \u0130\u015fte Van Gogh ve \u0130\u015fte Warhol\u2019un ard\u0131ndan dizinin bu ayki kitaplar\u0131 \u0130\u015fte Leonardo da Vinci, \u0130\u015fte Gauguin ve \u0130\u015fte Dal\u00ed. \u0130nsanl\u0131\u011f\u0131n karanl\u0131k bir \u00e7a\u011f\u0131n\u0131n kapanmas\u0131 ile \u00f6ne \u00e7\u0131kan bir isim. Bir bilim insan\u0131, mimar, 20. y\u00fczy\u0131l askeri teknolojilerine kendi g\u00fcn\u00fcnden bakan bir d\u00e2hi. Botanikten fabllara, anatomiden gebeli\u011fe kadar uzanan bir ilgi alan\u0131. R\u00f6nesans ak\u0131m\u0131n\u0131 isminde ki\u015file\u015ftirmi\u015f bir insan. Aileden gelen noterlik gelene\u011fi ile yapt\u0131klar\u0131n\u0131 kay\u0131t alt\u0131na alan, ke\u015ffedildik\u00e7e insan\u0131 daha da \u015fa\u015f\u0131rtan, bilginin ve sanat\u0131n hemen hemen her kolunda varl\u0131k g\u00f6sterebilmi\u015f, gelece\u011fi \u00f6ng\u00f6rebilmi\u015f, sanat\u0131 ile insanlar\u0131 fethetmi\u015f ve ad\u0131n\u0131 insanl\u0131k tarihinin en \u00f6nemlileri aras\u0131na yazd\u0131rm\u0131\u015f biri: \u0130\u015fte Leonardo da Vinci. Bu kitapla, sanat tarih\u00e7isi Joost Keizer ve ill\u00fcstrat\u00f6r Christina Christoforou sanat\u00e7\u0131n\u0131n hayat\u0131na, bilinmeyenlerine, sanat\u0131na ve vizyonuna yepyeni bir kap\u0131 a\u00e7\u0131yor. <\/p>\n","protected":false},"excerpt":{"rendered":"<p>Bacon, Caravaggio, C\u00e9zanne, Dal\u00ed, Gaudi, Gauguin, Goya, Kandinsky, Leonardo da Vinci, Magritte, Matisse, Monet, Pollock, Rembrandt, Van Gogh, Warhol, Frank Lloyd Wright. Farkl\u0131 \u00fclkelerden, farkl\u0131 ak\u0131mlardan,<span class=\"excerpt-hellip\"> [\u2026]<\/span><\/p>\n","protected":false},"featured_media":0,"template":"","meta":{"_monsterinsights_skip_tracking":false,"_monsterinsights_sitenote_active":false,"_monsterinsights_sitenote_note":"","_monsterinsights_sitenote_category":0},"product_brand":[],"product_cat":[12408],"product_tag":[],"class_list":{"0":"post-706224","1":"product","2":"type-product","3":"status-publish","5":"product_cat-sanat","6":"pa_cilt-ciltli","7":"pa_tur-kitap","8":"pa_yayinevi-hep-kitap","9":"pa_yazar-joost-kiezer","11":"first","12":"instock","13":"sale","14":"shipping-taxable","15":"purchasable","16":"product-type-simple"},"_links":{"self":[{"href":"https:\/\/roveyayinevi.com.tr\/index.php\/wp-json\/wp\/v2\/product\/706224","targetHints":{"allow":["GET"]}}],"collection":[{"href":"https:\/\/roveyayinevi.com.tr\/index.php\/wp-json\/wp\/v2\/product"}],"about":[{"href":"https:\/\/roveyayinevi.com.tr\/index.php\/wp-json\/wp\/v2\/types\/product"}],"wp:attachment":[{"href":"https:\/\/roveyayinevi.com.tr\/index.php\/wp-json\/wp\/v2\/media?parent=706224"}],"wp:term":[{"taxonomy":"product_brand","embeddable":true,"href":"https:\/\/roveyayinevi.com.tr\/index.php\/wp-json\/wp\/v2\/product_brand?post=706224"},{"taxonomy":"product_cat","embeddable":true,"href":"https:\/\/roveyayinevi.com.tr\/index.php\/wp-json\/wp\/v2\/product_cat?post=706224"},{"taxonomy":"product_tag","embeddable":true,"href":"https:\/\/roveyayinevi.com.tr\/index.php\/wp-json\/wp\/v2\/product_tag?post=706224"}],"curies":[{"name":"wp","href":"https:\/\/api.w.org\/{rel}","templated":true}]}}