{"id":706220,"date":"2025-08-27T15:53:33","date_gmt":"2025-08-27T12:53:33","guid":{"rendered":"https:\/\/roveyayinevi.com.tr\/index.php\/urun\/geceleri-sessizdir-tahran\/"},"modified":"2026-04-01T02:21:06","modified_gmt":"2026-03-31T23:21:06","slug":"geceleri-sessizdir-tahran","status":"publish","type":"product","link":"https:\/\/roveyayinevi.com.tr\/index.php\/urun\/geceleri-sessizdir-tahran\/","title":{"rendered":"Geceleri Sessizdir Tahran"},"content":{"rendered":"<p>Geceleri Sessizdir Tahran \u0130ran \u0130slam Devrimi\u2019nden sonra Almanya\u2019ya s\u0131\u011f\u0131nmak zorunda kalan bir ailenin dram\u0131n\u0131 anlat\u0131yor. Shida Bazyar bir \u00fclkenin, bir devrimin, devrim sonras\u0131 kendi topraklar\u0131ndan uzakla\u015fmak zorunda kalan bir ailenin, arada kalm\u0131\u015fl\u0131\u011f\u0131n, var olma m\u00fccadelesinin hik\u00e2yesine ortak ediyor okuru.Bazyar ilk roman\u0131 Geceleri Sessizdir Tahran\u2019la 2016 Ulla Hahn \u00d6d\u00fcl\u00fc\u2019n\u00fc ald\u0131.\u201cGer\u00e7ek bir aile dram\u0131n\u0131, okurlar\u0131n duygular\u0131n\u0131 s\u00f6m\u00fcrmeye ka\u00e7madan, ama g\u00fc\u00e7l\u00fc bir empatiyle g\u00f6zler \u00f6n\u00fcne seren Bazyar, Geceleri Sessizdir Tahran\u2019da g\u00fcn\u00fcm\u00fcz\u00fcn en \u00f6nemli sorunlar\u0131ndang\u00f6\u00e7 ve toplumsal uyum \u00fczerine d\u00fc\u015f\u00fcnd\u00fcr\u00fcyor okuru. \u201c- Der Spiegel<\/p>\n","protected":false},"excerpt":{"rendered":"<p>Geceleri Sessizdir Tahran \u0130ran \u0130slam Devrimi\u2019nden sonra Almanya\u2019ya s\u0131\u011f\u0131nmak zorunda kalan bir ailenin dram\u0131n\u0131 anlat\u0131yor. Shida Bazyar bir \u00fclkenin, bir devrimin, devrim sonras\u0131 kendi topraklar\u0131ndan uzakla\u015fmak<span class=\"excerpt-hellip\"> [\u2026]<\/span><\/p>\n","protected":false},"featured_media":0,"template":"","meta":{"_monsterinsights_skip_tracking":false,"_monsterinsights_sitenote_active":false,"_monsterinsights_sitenote_note":"","_monsterinsights_sitenote_category":0},"product_brand":[],"product_cat":[12291,12711],"product_tag":[],"class_list":{"0":"post-706220","1":"product","2":"type-product","3":"status-publish","5":"product_cat-edebiyat","6":"product_cat-roman-oyku","7":"pa_cilt-ciltsiz","8":"pa_tur-kitap","9":"pa_yayinevi-hep-kitap","10":"pa_yazar-shida-bazyar","12":"first","13":"instock","14":"sale","15":"shipping-taxable","16":"purchasable","17":"product-type-simple"},"_links":{"self":[{"href":"https:\/\/roveyayinevi.com.tr\/index.php\/wp-json\/wp\/v2\/product\/706220","targetHints":{"allow":["GET"]}}],"collection":[{"href":"https:\/\/roveyayinevi.com.tr\/index.php\/wp-json\/wp\/v2\/product"}],"about":[{"href":"https:\/\/roveyayinevi.com.tr\/index.php\/wp-json\/wp\/v2\/types\/product"}],"wp:attachment":[{"href":"https:\/\/roveyayinevi.com.tr\/index.php\/wp-json\/wp\/v2\/media?parent=706220"}],"wp:term":[{"taxonomy":"product_brand","embeddable":true,"href":"https:\/\/roveyayinevi.com.tr\/index.php\/wp-json\/wp\/v2\/product_brand?post=706220"},{"taxonomy":"product_cat","embeddable":true,"href":"https:\/\/roveyayinevi.com.tr\/index.php\/wp-json\/wp\/v2\/product_cat?post=706220"},{"taxonomy":"product_tag","embeddable":true,"href":"https:\/\/roveyayinevi.com.tr\/index.php\/wp-json\/wp\/v2\/product_tag?post=706220"}],"curies":[{"name":"wp","href":"https:\/\/api.w.org\/{rel}","templated":true}]}}