{"id":706197,"date":"2025-08-27T15:53:24","date_gmt":"2025-08-27T12:53:24","guid":{"rendered":"https:\/\/roveyayinevi.com.tr\/index.php\/urun\/aya-yolculuk-6\/"},"modified":"2026-04-16T02:14:55","modified_gmt":"2026-04-15T23:14:55","slug":"aya-yolculuk-6","status":"publish","type":"product","link":"https:\/\/roveyayinevi.com.tr\/index.php\/urun\/aya-yolculuk-6\/","title":{"rendered":"Ay&#8217;a Yolculuk"},"content":{"rendered":"<p>\u0130nsan\u0131n Ay \u00fczerinde ilk y\u00fcr\u00fcy\u00fc\u015f\u00fcnden yakla\u015f\u0131k y\u00fcz y\u0131l \u00f6nce, 1865\u2019te yay\u0131mlanan bu roman, insanl\u0131 Ay yolculu\u011funa dair bilimsel d\u00fc\u015f g\u00fcc\u00fc ve hiciv y\u00f6n\u00fcnden hayli zengin bir kehanet gibidir. Baltimore Silah Kul\u00fcb\u00fc\u2019n\u00fcn se\u00e7kin \u00fcyeleri, Amerikan \u0130\u00e7 Sava\u015f\u0131\u2019n\u0131n sona ermesiyle bo\u015flu\u011fa d\u00fc\u015f\u00fcnce, kul\u00fcb\u00fcn ba\u015fkan\u0131 bir uzay silah\u0131 icat ederek, Ay\u2019a bir yolculuk ger\u00e7ekle\u015ftirme \u00f6nerisini ortaya atar. Yeni bir roman t\u00fcr\u00fcn\u00fcn, bilimsel roman\u0131n yarat\u0131c\u0131s\u0131 olarak g\u00f6r\u00fclen Jules Verne, \u00e7a\u011fda\u015f bilimkurgunun da temellerini atm\u0131\u015ft\u0131r. Bug\u00fcn bizler i\u00e7in hi\u00e7bir \u015fa\u015f\u0131rt\u0131c\u0131 yan\u0131 kalmam\u0131\u015f bir\u00e7ok bilimsel geli\u015fme, hen\u00fcz ufukta yokken onun yap\u0131tlar\u0131nda ayr\u0131nt\u0131lar\u0131yla anlat\u0131lm\u0131\u015ft\u0131r. Verne, fantastik ser\u00fcvenlerinde uzay yolculu\u011funun yan\u0131 s\u0131ra bilim ilerledik\u00e7e hayat\u0131m\u0131za kat\u0131lan denizalt\u0131lar\u0131, televizyonu ve oksijen t\u00fcp\u00fcn\u00fc de \u00f6ng\u00f6rm\u00fc\u015ft\u00fcr. \ufffc<\/p>\n","protected":false},"excerpt":{"rendered":"<p>\u0130nsan\u0131n Ay \u00fczerinde ilk y\u00fcr\u00fcy\u00fc\u015f\u00fcnden yakla\u015f\u0131k y\u00fcz y\u0131l \u00f6nce, 1865\u2019te yay\u0131mlanan bu roman, insanl\u0131 Ay yolculu\u011funa dair bilimsel d\u00fc\u015f g\u00fcc\u00fc ve hiciv y\u00f6n\u00fcnden hayli zengin bir<span class=\"excerpt-hellip\"> [\u2026]<\/span><\/p>\n","protected":false},"featured_media":0,"template":"","meta":{"_monsterinsights_skip_tracking":false,"_monsterinsights_sitenote_active":false,"_monsterinsights_sitenote_note":"","_monsterinsights_sitenote_category":0},"product_brand":[],"product_cat":[12291,13376],"product_tag":[],"class_list":{"0":"post-706197","1":"product","2":"type-product","3":"status-publish","5":"product_cat-edebiyat","6":"product_cat-fransiz-edebiyati","7":"pa_cilt-ciltsiz","8":"pa_tur-kitap","9":"pa_yayinevi-is-bankasi-kultur-yayinlari","10":"pa_yazar-jules-verne","12":"first","13":"instock","14":"sale","15":"shipping-taxable","16":"purchasable","17":"product-type-simple"},"_links":{"self":[{"href":"https:\/\/roveyayinevi.com.tr\/index.php\/wp-json\/wp\/v2\/product\/706197","targetHints":{"allow":["GET"]}}],"collection":[{"href":"https:\/\/roveyayinevi.com.tr\/index.php\/wp-json\/wp\/v2\/product"}],"about":[{"href":"https:\/\/roveyayinevi.com.tr\/index.php\/wp-json\/wp\/v2\/types\/product"}],"wp:attachment":[{"href":"https:\/\/roveyayinevi.com.tr\/index.php\/wp-json\/wp\/v2\/media?parent=706197"}],"wp:term":[{"taxonomy":"product_brand","embeddable":true,"href":"https:\/\/roveyayinevi.com.tr\/index.php\/wp-json\/wp\/v2\/product_brand?post=706197"},{"taxonomy":"product_cat","embeddable":true,"href":"https:\/\/roveyayinevi.com.tr\/index.php\/wp-json\/wp\/v2\/product_cat?post=706197"},{"taxonomy":"product_tag","embeddable":true,"href":"https:\/\/roveyayinevi.com.tr\/index.php\/wp-json\/wp\/v2\/product_tag?post=706197"}],"curies":[{"name":"wp","href":"https:\/\/api.w.org\/{rel}","templated":true}]}}