{"id":706191,"date":"2025-08-27T15:53:21","date_gmt":"2025-08-27T12:53:21","guid":{"rendered":"https:\/\/roveyayinevi.com.tr\/index.php\/urun\/gunisigi-savasi-iblis-dongusu-3\/"},"modified":"2026-04-16T02:14:54","modified_gmt":"2026-04-15T23:14:54","slug":"gunisigi-savasi-iblis-dongusu-3","status":"publish","type":"product","link":"https:\/\/roveyayinevi.com.tr\/index.php\/urun\/gunisigi-savasi-iblis-dongusu-3\/","title":{"rendered":"G\u00fcn\u0131\u015f\u0131\u011f\u0131 Sava\u015f\u0131 &#8211; \u0130blis D\u00f6ng\u00fcs\u00fc 3"},"content":{"rendered":"<p>D\u00f6vmeli Adam ve \u00c7\u00f6l M\u0131zra\u011f\u0131\u2019yla modern fantastik edebiyat\u0131n ilk s\u0131ralar\u0131na y\u00fckselerek George R. R. Martin, Robert Jordan ve Terry Brooks gibi devlerle birlikte an\u0131lmaya ba\u015flayan Brett, insanl\u0131\u011f\u0131n her gece yerden y\u00fckselen iblislere kar\u015f\u0131 verdi\u011fi destans\u0131 m\u00fccadeleyi anlatmaya devam ediyor. <\/p>\n","protected":false},"excerpt":{"rendered":"<p>D\u00f6vmeli Adam ve \u00c7\u00f6l M\u0131zra\u011f\u0131\u2019yla modern fantastik edebiyat\u0131n ilk s\u0131ralar\u0131na y\u00fckselerek George R. R. Martin, Robert Jordan ve Terry Brooks gibi devlerle birlikte an\u0131lmaya ba\u015flayan Brett,<span class=\"excerpt-hellip\"> [\u2026]<\/span><\/p>\n","protected":false},"featured_media":0,"template":"","meta":{"_monsterinsights_skip_tracking":false,"_monsterinsights_sitenote_active":false,"_monsterinsights_sitenote_note":"","_monsterinsights_sitenote_category":0},"product_brand":[],"product_cat":[12540,12291],"product_tag":[],"class_list":{"0":"post-706191","1":"product","2":"type-product","3":"status-publish","5":"product_cat-bilim-kurgu","6":"product_cat-edebiyat","7":"pa_cilt-ciltsiz","8":"pa_tur-kitap","9":"pa_yayinevi-epsilon-yayinlari","10":"pa_yazar-peter-v-brett","12":"first","13":"instock","14":"sale","15":"shipping-taxable","16":"purchasable","17":"product-type-simple"},"_links":{"self":[{"href":"https:\/\/roveyayinevi.com.tr\/index.php\/wp-json\/wp\/v2\/product\/706191","targetHints":{"allow":["GET"]}}],"collection":[{"href":"https:\/\/roveyayinevi.com.tr\/index.php\/wp-json\/wp\/v2\/product"}],"about":[{"href":"https:\/\/roveyayinevi.com.tr\/index.php\/wp-json\/wp\/v2\/types\/product"}],"wp:attachment":[{"href":"https:\/\/roveyayinevi.com.tr\/index.php\/wp-json\/wp\/v2\/media?parent=706191"}],"wp:term":[{"taxonomy":"product_brand","embeddable":true,"href":"https:\/\/roveyayinevi.com.tr\/index.php\/wp-json\/wp\/v2\/product_brand?post=706191"},{"taxonomy":"product_cat","embeddable":true,"href":"https:\/\/roveyayinevi.com.tr\/index.php\/wp-json\/wp\/v2\/product_cat?post=706191"},{"taxonomy":"product_tag","embeddable":true,"href":"https:\/\/roveyayinevi.com.tr\/index.php\/wp-json\/wp\/v2\/product_tag?post=706191"}],"curies":[{"name":"wp","href":"https:\/\/api.w.org\/{rel}","templated":true}]}}