{"id":706188,"date":"2025-08-27T15:53:20","date_gmt":"2025-08-27T12:53:20","guid":{"rendered":"https:\/\/roveyayinevi.com.tr\/index.php\/urun\/sosyal-politikanin-cinsiyet-halleri-toplumsal-cinsiyet-ve-sosyal-hizmet\/"},"modified":"2026-04-16T02:14:54","modified_gmt":"2026-04-15T23:14:54","slug":"sosyal-politikanin-cinsiyet-halleri-toplumsal-cinsiyet-ve-sosyal-hizmet","status":"publish","type":"product","link":"https:\/\/roveyayinevi.com.tr\/index.php\/urun\/sosyal-politikanin-cinsiyet-halleri-toplumsal-cinsiyet-ve-sosyal-hizmet\/","title":{"rendered":"Sosyal Politikan\u0131n Cinsiyet Halleri: Toplumsal Cinsiyet ve Sosyal Hizmet"},"content":{"rendered":"<p>Sosyal politika, insan haklar\u0131, sosyal adalet ve sosyal bar\u0131\u015f ilkeleri temelinde, cinsiyet fark etmeksizin, \u00e7e\u015fitli ihtiya\u00e7lar\u0131 kar\u015f\u0131lamak i\u00e7in olu\u015fturulmal\u0131d\u0131r. Ancak g\u00fcn\u00fcm\u00fcz toplumlar\u0131nda cinsiyet e\u015fitli\u011fi konusunda pek \u00e7ok sorun bulunmaktad\u0131r. Bu kitap, toplumsal ya\u015famdaki cinsiyetlerin, damgalanmadan, \u00f6tekile\u015ftirilmeden, ayr\u0131mc\u0131l\u0131\u011fa u\u011framadan ya\u015fayabilece\u011fi, toplumsal cinsiyet e\u015fitli\u011fi \u00e7er\u00e7evesinde haz\u0131rlanacak sosyal politikan\u0131n olanaklar\u0131n\u0131 tart\u0131\u015fmak i\u00e7in kaleme al\u0131nd\u0131. Toplumsal cinsiyet e\u015fitli\u011fi bak\u0131\u015f a\u00e7\u0131s\u0131yla; ataerkillik, aile, kad\u0131n eme\u011fi, toplumsal cinsiyete uyarl\u0131 b\u00fct\u00e7eleme, \u015fiddet, \u00f6tekile\u015ftirme s\u00fcre\u00e7lerinin iktidar ili\u015fkileri, toplumsal bar\u0131\u015f, m\u00fcltecilik d\u00f6ng\u00fcs\u00fc ve erkeklik in\u015faalar\u0131 tart\u0131\u015f\u0131larak, T\u00fcrkiye\u2019de sosyal politikan\u0131n cinsiyet halleri, sosyal hizmetin toplumsal cinsiyetle kurdu\u011fu ili\u015fki \u00e7er\u00e7evesinde de\u011ferlendirildi. <\/p>\n","protected":false},"excerpt":{"rendered":"<p>Sosyal politika, insan haklar\u0131, sosyal adalet ve sosyal bar\u0131\u015f ilkeleri temelinde, cinsiyet fark etmeksizin, \u00e7e\u015fitli ihtiya\u00e7lar\u0131 kar\u015f\u0131lamak i\u00e7in olu\u015fturulmal\u0131d\u0131r. Ancak g\u00fcn\u00fcm\u00fcz toplumlar\u0131nda cinsiyet e\u015fitli\u011fi konusunda pek<span class=\"excerpt-hellip\"> [\u2026]<\/span><\/p>\n","protected":false},"featured_media":0,"template":"","meta":{"_monsterinsights_skip_tracking":false,"_monsterinsights_sitenote_active":false,"_monsterinsights_sitenote_note":"","_monsterinsights_sitenote_category":0},"product_brand":[],"product_cat":[15499,13488],"product_tag":[],"class_list":{"0":"post-706188","1":"product","2":"type-product","3":"status-publish","5":"product_cat-antropoloji","6":"product_cat-toplum-ve-insan","7":"pa_cilt-ciltsiz","8":"pa_tur-kitap","9":"pa_yayinevi-nika-yayinevi","10":"pa_yazar-derya-sasman-kayli","11":"pa_yazar-fatih-sahin-der","13":"first","14":"instock","15":"sale","16":"shipping-taxable","17":"purchasable","18":"product-type-simple"},"_links":{"self":[{"href":"https:\/\/roveyayinevi.com.tr\/index.php\/wp-json\/wp\/v2\/product\/706188","targetHints":{"allow":["GET"]}}],"collection":[{"href":"https:\/\/roveyayinevi.com.tr\/index.php\/wp-json\/wp\/v2\/product"}],"about":[{"href":"https:\/\/roveyayinevi.com.tr\/index.php\/wp-json\/wp\/v2\/types\/product"}],"wp:attachment":[{"href":"https:\/\/roveyayinevi.com.tr\/index.php\/wp-json\/wp\/v2\/media?parent=706188"}],"wp:term":[{"taxonomy":"product_brand","embeddable":true,"href":"https:\/\/roveyayinevi.com.tr\/index.php\/wp-json\/wp\/v2\/product_brand?post=706188"},{"taxonomy":"product_cat","embeddable":true,"href":"https:\/\/roveyayinevi.com.tr\/index.php\/wp-json\/wp\/v2\/product_cat?post=706188"},{"taxonomy":"product_tag","embeddable":true,"href":"https:\/\/roveyayinevi.com.tr\/index.php\/wp-json\/wp\/v2\/product_tag?post=706188"}],"curies":[{"name":"wp","href":"https:\/\/api.w.org\/{rel}","templated":true}]}}