{"id":706178,"date":"2025-08-27T15:53:16","date_gmt":"2025-08-27T12:53:16","guid":{"rendered":"https:\/\/roveyayinevi.com.tr\/index.php\/urun\/korku-okulu-2-eyvah-basimiz-dertte\/"},"modified":"2026-04-16T02:14:54","modified_gmt":"2026-04-15T23:14:54","slug":"korku-okulu-2-eyvah-basimiz-dertte","status":"publish","type":"product","link":"https:\/\/roveyayinevi.com.tr\/index.php\/urun\/korku-okulu-2-eyvah-basimiz-dertte\/","title":{"rendered":"Korku Okulu 2: Eyvah Ba\u015f\u0131m\u0131z Dertte!"},"content":{"rendered":"<p>Eski \u00f6\u011frencilerinin korkular\u0131ndan h\u00e2l\u00e2 tam olarak kurtulamad\u0131klar\u0131n\u0131 fark eden garip okul m\u00fcd\u00fcr\u00fc Bayan Wellington, Madeleine, Theo, Lulu ve Garrison\u2019\u0131 tekrar okula \u00e7a\u011f\u0131r\u0131r ve b\u00fct\u00fcn bir yaz\u0131 orada ge\u00e7irmelerini buyurur affedersiniz- rica eder. Bu d\u00f6rtl\u00fc i\u00e7in korkular\u0131yla yeniden y\u00fczle\u015fmek zaten yeterince zordur. Bir de aralar\u0131na be\u015finci \u00f6\u011frencinin kat\u0131laca\u011f\u0131n\u0131 duyunca, i\u015fler daha \u00fcrk\u00fct\u00fcc\u00fc bir h\u00e2l al\u0131r. Bu da yetmezmi\u015f gibi, \u00f6\u011frenciler bir anda okullar\u0131n\u0131 kurtarma g\u00f6reviyle kar\u015f\u0131 kar\u015f\u0131ya kal\u0131rlar. Ba\u015far\u0131s\u0131z olurlarsa, hayatlar\u0131n\u0131n geri kalanlan\u0131n\u0131 fobileriyle ge\u00e7irmeye mahk\u00fbm olacaklard\u0131r. Tek \u015fanslar\u0131 ba\u015far\u0131l\u0131 olmak ve ba\u015flar\u0131n\u0131 bu dertten kurtarmakt\u0131r! &#8220;Son derece e\u011flenceli bir \u00e7ocuk-gen\u00e7lik roman\u0131. Zekice yaz\u0131lm\u0131\u015f. Herkesin bir \u015feylerden korktu\u011funu ve b\u00fcy\u00fck ba\u015far\u0131lar\u0131n ancak korkularla y\u00fczle\u015ferek elde edilebildi\u011fini anlat\u0131yor. Sonu da okuyan\u0131 \u00e7ok etkiliyor.&#8221; -Publishers Weekly &#8220;Bu kitab\u0131 Talihsiz Ser\u00fcvenler dizisini sevenlere tavsiye edin.&#8221; -School Library Journal<\/p>\n","protected":false},"excerpt":{"rendered":"<p>Eski \u00f6\u011frencilerinin korkular\u0131ndan h\u00e2l\u00e2 tam olarak kurtulamad\u0131klar\u0131n\u0131 fark eden garip okul m\u00fcd\u00fcr\u00fc Bayan Wellington, Madeleine, Theo, Lulu ve Garrison\u2019\u0131 tekrar okula \u00e7a\u011f\u0131r\u0131r ve b\u00fct\u00fcn bir yaz\u0131<span class=\"excerpt-hellip\"> [\u2026]<\/span><\/p>\n","protected":false},"featured_media":0,"template":"","meta":{"_monsterinsights_skip_tracking":false,"_monsterinsights_sitenote_active":false,"_monsterinsights_sitenote_note":"","_monsterinsights_sitenote_category":0},"product_brand":[],"product_cat":[12275,12274],"product_tag":[],"class_list":{"0":"post-706178","1":"product","2":"type-product","3":"status-publish","5":"product_cat-6-12-yas-kitaplari","6":"product_cat-cocuk-ve-genclik-kitaplari","7":"pa_cilt-ciltsiz","8":"pa_tur-kitap","9":"pa_yayinevi-epsilon-yayinlari","10":"pa_yazar-gitty-daneshvari","12":"first","13":"instock","14":"sale","15":"shipping-taxable","16":"purchasable","17":"product-type-simple"},"_links":{"self":[{"href":"https:\/\/roveyayinevi.com.tr\/index.php\/wp-json\/wp\/v2\/product\/706178","targetHints":{"allow":["GET"]}}],"collection":[{"href":"https:\/\/roveyayinevi.com.tr\/index.php\/wp-json\/wp\/v2\/product"}],"about":[{"href":"https:\/\/roveyayinevi.com.tr\/index.php\/wp-json\/wp\/v2\/types\/product"}],"wp:attachment":[{"href":"https:\/\/roveyayinevi.com.tr\/index.php\/wp-json\/wp\/v2\/media?parent=706178"}],"wp:term":[{"taxonomy":"product_brand","embeddable":true,"href":"https:\/\/roveyayinevi.com.tr\/index.php\/wp-json\/wp\/v2\/product_brand?post=706178"},{"taxonomy":"product_cat","embeddable":true,"href":"https:\/\/roveyayinevi.com.tr\/index.php\/wp-json\/wp\/v2\/product_cat?post=706178"},{"taxonomy":"product_tag","embeddable":true,"href":"https:\/\/roveyayinevi.com.tr\/index.php\/wp-json\/wp\/v2\/product_tag?post=706178"}],"curies":[{"name":"wp","href":"https:\/\/api.w.org\/{rel}","templated":true}]}}