{"id":706172,"date":"2025-08-27T15:53:13","date_gmt":"2025-08-27T12:53:13","guid":{"rendered":"https:\/\/roveyayinevi.com.tr\/index.php\/urun\/renk-delisi\/"},"modified":"2026-04-16T02:14:54","modified_gmt":"2026-04-15T23:14:54","slug":"renk-delisi","status":"publish","type":"product","link":"https:\/\/roveyayinevi.com.tr\/index.php\/urun\/renk-delisi\/","title":{"rendered":"Renk Delisi"},"content":{"rendered":"<p>\u201cU\u00e7 u\u00e7 b\u00f6ce\u011fim, yar\u0131n d\u00fc\u011f\u00fcn olacak, annem sana terlik pabu\u00e7 alacak\u2026\u201d\u0130nsan\u0131n kendini ke\u015ffetmesi bazen zaman alabilir. Herkesin \u00f6zel bir yetene\u011fi oldu\u011funu d\u00fc\u015f\u00fcnen Mete de y\u0131llard\u0131r \u00e7abalamas\u0131na ra\u011fmen bir t\u00fcrl\u00fc kendi s\u00fcper g\u00fcc\u00fcn\u00fc bulabilmi\u015f de\u011fil. \u00d6yle ki, acaba ileride bir bak\u0131\u015f\u0131yla koca masay\u0131 yerinden oynatabilen s\u00fcper bir \u00e7ocu\u011fa ya da duvar\u0131n arkas\u0131n\u0131 g\u00f6rebilen harika bir \u00e7ocu\u011fa d\u00f6n\u00fc\u015febilir mi diye hayaller kurup duruyor. Hatta teselliyi dilekleri ger\u00e7ekle\u015ftirdi\u011fine inan\u0131lan u\u00e7 u\u00e7 b\u00f6ceklerinde arad\u0131\u011f\u0131 bile oluyor. Oysa s\u0131n\u0131flar\u0131na birka\u00e7 hafta \u00f6nce kat\u0131lan Asya\u2019ya g\u00f6re onun zaten bir yetene\u011fi var: Mete c\u00fcmle kurdu\u011funda s\u00f6zc\u00fckleri \u00e2deta renklerle dans ediyor.Hayret bir \u015fey! S\u00f6zc\u00fcklerin rengi olur mu hi\u00e7!? S\u0131n\u0131f\u0131n yenisi Asya tuhaf k\u0131z do\u011frusu. Hayat\u0131 renklerle ifade eden tam bir Renk Delisi! K\u0131sa s\u00fcrede arkada\u015f oldu\u011fu Mete ve Tuna ne kadar \u00e7abalasalar da ondan hi\u00e7bir \u015fey saklayam\u0131yor. Yeni bir kitap m\u0131 okudular, Asya \u015f\u0131p diye anl\u0131yor. Kendisinden bir bilgi mi saklad\u0131lar, Asya hop diye s\u0131rlar\u0131n\u0131 a\u00e7\u0131\u011fa \u00e7\u0131kar\u0131yor. G\u00fcnler birbirini kovalarken, Tuna b\u00fct\u00fcn s\u0131n\u0131f\u0131 ilgilendiren \u00f6nemli bir defterin de i\u00e7inde bulundu\u011fu s\u0131rt \u00e7antas\u0131n\u0131 h\u0131rs\u0131zlara kapt\u0131r\u0131yor. Bu duruma kay\u0131ts\u0131z kalamayan kahramanlar\u0131m\u0131z Mete, Asya ve Tuna kollar\u0131 s\u0131v\u0131yor ve \u00e7antay\u0131 bulabilmek i\u00e7in maceraya bal\u0131klama dal\u0131yor. Kar\u015f\u0131lar\u0131na \u00e7\u0131kan gizemli kul\u00fcbedeki esrarengiz adamlar \u00e7al\u0131nan \u00e7antaya do\u011fru onlar\u0131 yakla\u015ft\u0131rm\u0131\u015f olsa da i\u015fleri hi\u00e7 kolay g\u00f6r\u00fcnm\u00fcyor. \u00dcstesinden gelmeleri gereken bir s\u00fcr\u00fc engel ve \u201cs\u00fcper\u201d g\u00fc\u00e7lerini kullanacaklar\u0131 bir dolu macera \u00fc\u00e7 kafadar\u0131m\u0131z\u0131 bekliyor\u2026Renk Delisi, y\u00fcz binlerce \u00e7ocu\u011fa ula\u015fmay\u0131 ba\u015faran \u201cS\u00fcper Gazeteciler\u201d serisinin sevilen yazar\u0131 Ayt\u00fcl Akal\u2019dan duyular ve farkl\u0131l\u0131klar \u00fczerine heyecan dolu bir ser\u00fcven. Yusuf Tansu \u00d6zel&#8217;in desenleriyle kitapseverlerin g\u00f6z\u00fcnde canlanan bu keyifli macera, Akal&#8217;\u0131n 8-10 ya\u015f grubundaki okurlar i\u00e7in kaleme ald\u0131\u011f\u0131 yepyeni roman dizisi \u201cS\u00fcper \u00c7ocuklar\u201d\u0131n da ilk kitab\u0131 \ufffcTan\u0131t\u0131m Metni<\/p>\n","protected":false},"excerpt":{"rendered":"<p>\u201cU\u00e7 u\u00e7 b\u00f6ce\u011fim, yar\u0131n d\u00fc\u011f\u00fcn olacak, annem sana terlik pabu\u00e7 alacak\u2026\u201d\u0130nsan\u0131n kendini ke\u015ffetmesi bazen zaman alabilir. Herkesin \u00f6zel bir yetene\u011fi oldu\u011funu d\u00fc\u015f\u00fcnen Mete de y\u0131llard\u0131r \u00e7abalamas\u0131na<span class=\"excerpt-hellip\"> [\u2026]<\/span><\/p>\n","protected":false},"featured_media":0,"template":"","meta":{"_monsterinsights_skip_tracking":false,"_monsterinsights_sitenote_active":false,"_monsterinsights_sitenote_note":"","_monsterinsights_sitenote_category":0},"product_brand":[],"product_cat":[12275,12274],"product_tag":[],"class_list":{"0":"post-706172","1":"product","2":"type-product","3":"status-publish","5":"product_cat-6-12-yas-kitaplari","6":"product_cat-cocuk-ve-genclik-kitaplari","7":"pa_cilt-ciltsiz","8":"pa_tur-kitap","9":"pa_yayinevi-tudem-yayinlari","10":"pa_yazar-aytul-akal","12":"first","13":"instock","14":"sale","15":"shipping-taxable","16":"purchasable","17":"product-type-simple"},"_links":{"self":[{"href":"https:\/\/roveyayinevi.com.tr\/index.php\/wp-json\/wp\/v2\/product\/706172","targetHints":{"allow":["GET"]}}],"collection":[{"href":"https:\/\/roveyayinevi.com.tr\/index.php\/wp-json\/wp\/v2\/product"}],"about":[{"href":"https:\/\/roveyayinevi.com.tr\/index.php\/wp-json\/wp\/v2\/types\/product"}],"wp:attachment":[{"href":"https:\/\/roveyayinevi.com.tr\/index.php\/wp-json\/wp\/v2\/media?parent=706172"}],"wp:term":[{"taxonomy":"product_brand","embeddable":true,"href":"https:\/\/roveyayinevi.com.tr\/index.php\/wp-json\/wp\/v2\/product_brand?post=706172"},{"taxonomy":"product_cat","embeddable":true,"href":"https:\/\/roveyayinevi.com.tr\/index.php\/wp-json\/wp\/v2\/product_cat?post=706172"},{"taxonomy":"product_tag","embeddable":true,"href":"https:\/\/roveyayinevi.com.tr\/index.php\/wp-json\/wp\/v2\/product_tag?post=706172"}],"curies":[{"name":"wp","href":"https:\/\/api.w.org\/{rel}","templated":true}]}}