{"id":706171,"date":"2025-08-27T15:53:12","date_gmt":"2025-08-27T12:53:12","guid":{"rendered":"https:\/\/roveyayinevi.com.tr\/index.php\/urun\/yasamin-kokeni\/"},"modified":"2026-04-16T02:14:54","modified_gmt":"2026-04-15T23:14:54","slug":"yasamin-kokeni","status":"publish","type":"product","link":"https:\/\/roveyayinevi.com.tr\/index.php\/urun\/yasamin-kokeni\/","title":{"rendered":"Ya\u015fam\u0131n K\u00f6keni"},"content":{"rendered":"<p>Ya\u015fam\u0131n gizemi hen\u00fcz tam olarak \u00e7\u00f6z\u00fclmemi\u015f olsa da, bilim bize canl\u0131lar\u0131n cans\u0131z molek\u00fcllerden olu\u015fan karma\u015f\u0131k yap\u0131lardan ibaret oldu\u011funu s\u00f6yl\u00fcyor. E\u011fer bu g\u00f6r\u00fc\u015f do\u011fruysa, h\u00fccrelerin ve organizmalar\u0131n belli bir amac\u0131 varm\u0131\u015f gibi g\u00f6r\u00fcnen hareketi nereden kaynaklan\u0131yor? Fizik\u00e7i Peter M. Hoffmann bu ezeli sorunun yan\u0131t\u0131n\u0131 nano-\u00f6l\u00e7ekte buldu\u011funu ileri s\u00fcr\u00fcyor. Canl\u0131 organizmalar\u0131n d\u00fczenli i\u015fleyi\u015finin ard\u0131nda bir \u201cmolek\u00fcler f\u0131rt\u0131na\u201d esiyor. Hoffmann\u2019a g\u00f6re ya\u015fam, atomlar\u0131n geli\u015fig\u00fczel hareketlerini d\u00fczenleyen molek\u00fcler makinelerin eseri. K\u00fc\u00e7\u00fcc\u00fck elektrik motorlar\u0131 elektriksel gerilimi harekete d\u00f6n\u00fc\u015ft\u00fcr\u00fcyor, nano-fabrikalar ba\u015fka molek\u00fcler makineler imal ediyor ve bu makineler de DNA ipliklerini buruyor, a\u00e7\u0131yor ve paketliyor. T\u00fcm canl\u0131lar etkile\u015fim halindeki bu nano-\u00f6l\u00e7ekli makinelerden olu\u015fuyor. Hoffmann kendi nano-teknoloji ara\u015ft\u0131rmalar\u0131na dayanarak atomlar\u0131n karma\u015f\u0131k d\u00fcnyas\u0131ndan ya\u015fam\u0131n nas\u0131l do\u011fdu\u011funu ortaya koyuyor. Size de ya\u015fam\u0131n s\u0131rr\u0131n\u0131 \u00f6\u011frenmek kal\u0131yor! <\/p>\n","protected":false},"excerpt":{"rendered":"<p>Ya\u015fam\u0131n gizemi hen\u00fcz tam olarak \u00e7\u00f6z\u00fclmemi\u015f olsa da, bilim bize canl\u0131lar\u0131n cans\u0131z molek\u00fcllerden olu\u015fan karma\u015f\u0131k yap\u0131lardan ibaret oldu\u011funu s\u00f6yl\u00fcyor. E\u011fer bu g\u00f6r\u00fc\u015f do\u011fruysa, h\u00fccrelerin ve organizmalar\u0131n<span class=\"excerpt-hellip\"> [\u2026]<\/span><\/p>\n","protected":false},"featured_media":0,"template":"","meta":{"_monsterinsights_skip_tracking":false,"_monsterinsights_sitenote_active":false,"_monsterinsights_sitenote_note":"","_monsterinsights_sitenote_category":0},"product_brand":[],"product_cat":[13005,15998],"product_tag":[],"class_list":{"0":"post-706171","1":"product","2":"type-product","3":"status-publish","5":"product_cat-bilim-muhendislik","6":"product_cat-bilim-tarihi","7":"pa_cilt-ciltsiz","8":"pa_tur-kitap","9":"pa_yayinevi-say-yayinlari","10":"pa_yazar-peter-m-hoffmann","12":"first","13":"instock","14":"sale","15":"shipping-taxable","16":"purchasable","17":"product-type-simple"},"_links":{"self":[{"href":"https:\/\/roveyayinevi.com.tr\/index.php\/wp-json\/wp\/v2\/product\/706171","targetHints":{"allow":["GET"]}}],"collection":[{"href":"https:\/\/roveyayinevi.com.tr\/index.php\/wp-json\/wp\/v2\/product"}],"about":[{"href":"https:\/\/roveyayinevi.com.tr\/index.php\/wp-json\/wp\/v2\/types\/product"}],"wp:attachment":[{"href":"https:\/\/roveyayinevi.com.tr\/index.php\/wp-json\/wp\/v2\/media?parent=706171"}],"wp:term":[{"taxonomy":"product_brand","embeddable":true,"href":"https:\/\/roveyayinevi.com.tr\/index.php\/wp-json\/wp\/v2\/product_brand?post=706171"},{"taxonomy":"product_cat","embeddable":true,"href":"https:\/\/roveyayinevi.com.tr\/index.php\/wp-json\/wp\/v2\/product_cat?post=706171"},{"taxonomy":"product_tag","embeddable":true,"href":"https:\/\/roveyayinevi.com.tr\/index.php\/wp-json\/wp\/v2\/product_tag?post=706171"}],"curies":[{"name":"wp","href":"https:\/\/api.w.org\/{rel}","templated":true}]}}