{"id":706166,"date":"2025-08-27T15:53:10","date_gmt":"2025-08-27T12:53:10","guid":{"rendered":"https:\/\/roveyayinevi.com.tr\/index.php\/urun\/ev-kizi-evren\/"},"modified":"2026-04-16T02:14:53","modified_gmt":"2026-04-15T23:14:53","slug":"ev-kizi-evren","status":"publish","type":"product","link":"https:\/\/roveyayinevi.com.tr\/index.php\/urun\/ev-kizi-evren\/","title":{"rendered":"Ev K\u0131z\u0131 Evren"},"content":{"rendered":"<p>Tess Gerritsen Ev K\u0131z\u0131 Evren\u2019in karakterlerinden biri, \u00fcstelik bu kitap i\u00e7in sarfetti\u011fi \u00f6vg\u00fc dolu s\u00f6zc\u00fckler kapakta yer al\u0131yor.Ev K\u0131z\u0131 EvrenWattys 2015 Kazanan\u0131 56 hafta boyunca Macera Kategorisi birincisi olarak kald\u0131 *54 bin yorum, 107 bin oy ald\u0131.Salata yaparken b\u0131\u00e7a\u011f\u0131 ne kadar h\u0131zl\u0131 kulland\u0131\u011f\u0131n\u0131zla \u00f6v\u00fcnd\u00fcn\u00fcz m\u00fc hi\u00e7? \u00d6v\u00fcn\u00fcn !Ya da be\u015finci katta cam silerken en uzak noktay\u0131 bile p\u0131r\u0131l p\u0131r\u0131l yapabilmek i\u00e7in ne kadar g\u00fc\u00e7 sarf etti\u011finizi fark ettiniz mi? Edin!Peki, hal\u0131ya d\u00f6k\u00fclen m\u00fcrekkebi nas\u0131l \u00e7\u0131karaca\u011f\u0131n\u0131z\u0131 biliyor musunuz? Bilin!B\u00fct\u00fcn bunlar\u0131 bilince bir ev k\u0131z\u0131n\u0131n neler yapabilece\u011fine hayret etmeyeceksiniz.Ev K\u0131z\u0131 Evren polisiye bir olay\u0131 mizahi diliyle anlat\u0131rken, heyecanla kalk\u0131p en yak\u0131ndaki tavay\u0131 sap\u0131ndan s\u0131k\u0131ca kavraman\u0131z\u0131 sa\u011flayabilir. Ve s\u0131radan bir tavayla, bir kahraman yaratm\u0131\u015f olabilir\u2026\u201cBen bir masal kahraman\u0131 de\u011filim. Hi\u00e7bir zaman da olmayaca\u011f\u0131m. Ben bir ev k\u0131z\u0131y\u0131m. Ger\u00e7e\u011fim. Hem de K\u00fclkedisi&#8217;nin, Rapunzel&#8217;in, Pamuk Prenses&#8217;in olamayaca\u011f\u0131 kadar ger\u00e7e\u011fim. Hayat\u0131n\u0131z\u0131n hi\u00e7bir \u00e2n\u0131nda onlar\u0131 g\u00f6remezsiniz. Ama beni g\u00f6rebilirsiniz. Belki k\u0131z karde\u015finizimdir. Ya da bir arkada\u015f\u0131n\u0131z.Ya da siz\u2026Oraday\u0131m. Hemen yan\u0131 ba\u015f\u0131n\u0131zda&#8230;\u201d <\/p>\n","protected":false},"excerpt":{"rendered":"<p>Tess Gerritsen Ev K\u0131z\u0131 Evren\u2019in karakterlerinden biri, \u00fcstelik bu kitap i\u00e7in sarfetti\u011fi \u00f6vg\u00fc dolu s\u00f6zc\u00fckler kapakta yer al\u0131yor.Ev K\u0131z\u0131 EvrenWattys 2015 Kazanan\u0131 56 hafta boyunca Macera<span class=\"excerpt-hellip\"> [\u2026]<\/span><\/p>\n","protected":false},"featured_media":0,"template":"","meta":{"_monsterinsights_skip_tracking":false,"_monsterinsights_sitenote_active":false,"_monsterinsights_sitenote_note":"","_monsterinsights_sitenote_category":0},"product_brand":[],"product_cat":[12291,12711],"product_tag":[],"class_list":{"0":"post-706166","1":"product","2":"type-product","3":"status-publish","5":"product_cat-edebiyat","6":"product_cat-roman-oyku","7":"pa_cilt-ciltli","8":"pa_tur-kitap","9":"pa_yayinevi-muptela-yayinevi","10":"pa_yazar-filiz-sakar","12":"first","13":"instock","14":"sale","15":"shipping-taxable","16":"purchasable","17":"product-type-simple"},"_links":{"self":[{"href":"https:\/\/roveyayinevi.com.tr\/index.php\/wp-json\/wp\/v2\/product\/706166","targetHints":{"allow":["GET"]}}],"collection":[{"href":"https:\/\/roveyayinevi.com.tr\/index.php\/wp-json\/wp\/v2\/product"}],"about":[{"href":"https:\/\/roveyayinevi.com.tr\/index.php\/wp-json\/wp\/v2\/types\/product"}],"wp:attachment":[{"href":"https:\/\/roveyayinevi.com.tr\/index.php\/wp-json\/wp\/v2\/media?parent=706166"}],"wp:term":[{"taxonomy":"product_brand","embeddable":true,"href":"https:\/\/roveyayinevi.com.tr\/index.php\/wp-json\/wp\/v2\/product_brand?post=706166"},{"taxonomy":"product_cat","embeddable":true,"href":"https:\/\/roveyayinevi.com.tr\/index.php\/wp-json\/wp\/v2\/product_cat?post=706166"},{"taxonomy":"product_tag","embeddable":true,"href":"https:\/\/roveyayinevi.com.tr\/index.php\/wp-json\/wp\/v2\/product_tag?post=706166"}],"curies":[{"name":"wp","href":"https:\/\/api.w.org\/{rel}","templated":true}]}}