{"id":706141,"date":"2025-08-27T15:52:59","date_gmt":"2025-08-27T12:52:59","guid":{"rendered":"https:\/\/roveyayinevi.com.tr\/index.php\/urun\/aias\/"},"modified":"2026-04-16T02:14:53","modified_gmt":"2026-04-15T23:14:53","slug":"aias","status":"publish","type":"product","link":"https:\/\/roveyayinevi.com.tr\/index.php\/urun\/aias\/","title":{"rendered":"Aias"},"content":{"rendered":"<p>Sophokles (M\u00d6 495-406): Yunan tragedyas\u0131n\u0131n en \u00f6nemli yazarlar\u0131 aras\u0131nda ad\u0131 ilk\u00f6nce hat\u0131rlanan Sophokles, konular\u0131 i\u015fleyi\u015fi ve oyundaki karakterleri canland\u0131rmakta ustal\u0131\u011f\u0131yla ayr\u0131 bir yere sahiptir. Tiyatro tekni\u011fini geli\u015ftirmi\u015f, diyaloglara, dekor ve kost\u00fcme \u00f6nem vermi\u015ftir. Tragedyalar\u0131nda d\u00f6nemin yazarlar\u0131nda rastlanmayan derli toplu bir i\u00e7yap\u0131 g\u00f6r\u00fcl\u00fcr. Eserlerinde yazg\u0131 sorununu her zaman \u00f6n planda tutar. Kat\u0131ld\u0131\u011f\u0131 yar\u0131\u015fmalarda yirmiden fazla \u00f6d\u00fcl alm\u0131\u015ft\u0131r. Y\u00fcz yirmi \u00fc\u00e7 tragedya yazan Sophokles\u2019in eserlerinden sadece Aias, Antigone, Kral Oidipus, Elektra, Trakhisli Kad\u0131nlar, Philoktetes, Oidipus Kolonos\u2019ta g\u00fcn\u00fcm\u00fcze ula\u015fabilmi\u015ftir. Sophokles\u2019in t\u00fcm eserleri Hasan Ali Y\u00fccel Klasikler Dizisi\u2019nde yay\u0131mlanacakt\u0131r.<\/p>\n","protected":false},"excerpt":{"rendered":"<p>Sophokles (M\u00d6 495-406): Yunan tragedyas\u0131n\u0131n en \u00f6nemli yazarlar\u0131 aras\u0131nda ad\u0131 ilk\u00f6nce hat\u0131rlanan Sophokles, konular\u0131 i\u015fleyi\u015fi ve oyundaki karakterleri canland\u0131rmakta ustal\u0131\u011f\u0131yla ayr\u0131 bir yere sahiptir. Tiyatro tekni\u011fini<span class=\"excerpt-hellip\"> [\u2026]<\/span><\/p>\n","protected":false},"featured_media":0,"template":"","meta":{"_monsterinsights_skip_tracking":false,"_monsterinsights_sitenote_active":false,"_monsterinsights_sitenote_note":"","_monsterinsights_sitenote_category":0},"product_brand":[],"product_cat":[12291,14272],"product_tag":[],"class_list":{"0":"post-706141","1":"product","2":"type-product","3":"status-publish","5":"product_cat-edebiyat","6":"product_cat-tiyatro","7":"pa_cilt-ciltsiz","8":"pa_tur-kitap","9":"pa_yayinevi-is-bankasi-kultur-yayinlari","10":"pa_yazar-sophokles","12":"first","13":"instock","14":"sale","15":"shipping-taxable","16":"purchasable","17":"product-type-simple"},"_links":{"self":[{"href":"https:\/\/roveyayinevi.com.tr\/index.php\/wp-json\/wp\/v2\/product\/706141","targetHints":{"allow":["GET"]}}],"collection":[{"href":"https:\/\/roveyayinevi.com.tr\/index.php\/wp-json\/wp\/v2\/product"}],"about":[{"href":"https:\/\/roveyayinevi.com.tr\/index.php\/wp-json\/wp\/v2\/types\/product"}],"wp:attachment":[{"href":"https:\/\/roveyayinevi.com.tr\/index.php\/wp-json\/wp\/v2\/media?parent=706141"}],"wp:term":[{"taxonomy":"product_brand","embeddable":true,"href":"https:\/\/roveyayinevi.com.tr\/index.php\/wp-json\/wp\/v2\/product_brand?post=706141"},{"taxonomy":"product_cat","embeddable":true,"href":"https:\/\/roveyayinevi.com.tr\/index.php\/wp-json\/wp\/v2\/product_cat?post=706141"},{"taxonomy":"product_tag","embeddable":true,"href":"https:\/\/roveyayinevi.com.tr\/index.php\/wp-json\/wp\/v2\/product_tag?post=706141"}],"curies":[{"name":"wp","href":"https:\/\/api.w.org\/{rel}","templated":true}]}}