{"id":706140,"date":"2025-08-27T15:52:58","date_gmt":"2025-08-27T12:52:58","guid":{"rendered":"https:\/\/roveyayinevi.com.tr\/index.php\/urun\/uc-kiz-kardes-2\/"},"modified":"2026-04-16T02:14:53","modified_gmt":"2026-04-15T23:14:53","slug":"uc-kiz-kardes-2","status":"publish","type":"product","link":"https:\/\/roveyayinevi.com.tr\/index.php\/urun\/uc-kiz-kardes-2\/","title":{"rendered":"\u00dc\u00e7 K\u0131z Karde\u015f"},"content":{"rendered":"<p>\u00c7a\u011fda\u015f\u0131, oyun yazar\u0131 Sergey Naidyonov, \u00c7ehov\u2019a yazd\u0131\u011f\u0131 bir mektupta \u00dc\u00e7 K\u0131z Karde\u015f\u2019ten s\u00f6z eder: \u201cOyunu izledikten sonra birden ya\u015fama, yazma, daha \u00e7ok \u00e7al\u0131\u015fma iste\u011fine kap\u0131ld\u0131m\u2026 oysa oyun ac\u0131 ve kederle doluydu. Tuhaf, iyimser\u2026 teskin edici bir ac\u0131.\u201d \ufffcTan\u0131t\u0131m Metni<\/p>\n","protected":false},"excerpt":{"rendered":"<p>\u00c7a\u011fda\u015f\u0131, oyun yazar\u0131 Sergey Naidyonov, \u00c7ehov\u2019a yazd\u0131\u011f\u0131 bir mektupta \u00dc\u00e7 K\u0131z Karde\u015f\u2019ten s\u00f6z eder: \u201cOyunu izledikten sonra birden ya\u015fama, yazma, daha \u00e7ok \u00e7al\u0131\u015fma iste\u011fine kap\u0131ld\u0131m\u2026 oysa<span class=\"excerpt-hellip\"> [\u2026]<\/span><\/p>\n","protected":false},"featured_media":0,"template":"","meta":{"_monsterinsights_skip_tracking":false,"_monsterinsights_sitenote_active":false,"_monsterinsights_sitenote_note":"","_monsterinsights_sitenote_category":0},"product_brand":[],"product_cat":[12291,13570],"product_tag":[],"class_list":{"0":"post-706140","1":"product","2":"type-product","3":"status-publish","5":"product_cat-edebiyat","6":"product_cat-rus-edebiyati","7":"pa_cilt-ciltsiz","8":"pa_tur-kitap","9":"pa_yayinevi-is-bankasi-kultur-yayinlari","10":"pa_yazar-anton-pavlovic-cehov","12":"first","13":"instock","14":"sale","15":"shipping-taxable","16":"purchasable","17":"product-type-simple"},"_links":{"self":[{"href":"https:\/\/roveyayinevi.com.tr\/index.php\/wp-json\/wp\/v2\/product\/706140","targetHints":{"allow":["GET"]}}],"collection":[{"href":"https:\/\/roveyayinevi.com.tr\/index.php\/wp-json\/wp\/v2\/product"}],"about":[{"href":"https:\/\/roveyayinevi.com.tr\/index.php\/wp-json\/wp\/v2\/types\/product"}],"wp:attachment":[{"href":"https:\/\/roveyayinevi.com.tr\/index.php\/wp-json\/wp\/v2\/media?parent=706140"}],"wp:term":[{"taxonomy":"product_brand","embeddable":true,"href":"https:\/\/roveyayinevi.com.tr\/index.php\/wp-json\/wp\/v2\/product_brand?post=706140"},{"taxonomy":"product_cat","embeddable":true,"href":"https:\/\/roveyayinevi.com.tr\/index.php\/wp-json\/wp\/v2\/product_cat?post=706140"},{"taxonomy":"product_tag","embeddable":true,"href":"https:\/\/roveyayinevi.com.tr\/index.php\/wp-json\/wp\/v2\/product_tag?post=706140"}],"curies":[{"name":"wp","href":"https:\/\/api.w.org\/{rel}","templated":true}]}}