{"id":706139,"date":"2025-08-27T15:52:58","date_gmt":"2025-08-27T12:52:58","guid":{"rendered":"https:\/\/roveyayinevi.com.tr\/index.php\/urun\/tao-te-ching\/"},"modified":"2026-04-16T02:14:53","modified_gmt":"2026-04-15T23:14:53","slug":"tao-te-ching","status":"publish","type":"product","link":"https:\/\/roveyayinevi.com.tr\/index.php\/urun\/tao-te-ching\/","title":{"rendered":"Tao Te Ching"},"content":{"rendered":"<p>Laozi: Hayat\u0131 hakk\u0131nda \u00e7e\u015fitli efsaneler olsa da kesin bir bilgi yoktur. \u0130smi \u00c7incede hem \u201cya\u015fl\u0131 usta\u201d hem de \u201cya\u015fl\u0131 \u00e7ocuk\u201d anlamlar\u0131na gelmektedir. Taoculu\u011fun en \u00f6nemli metni say\u0131lan Tao Te Ching\u2019in (Dao De J\u012bng) yazar\u0131 olarak kabul edilir. Tao Te Ching klasik \u00c7in edebiyat\u0131n\u0131n en eski ve en \u00fcnl\u00fc \u00f6rneklerinden biridir. Metin y\u00fczy\u0131llar boyunca bir\u00e7ok sanat\u00e7\u0131ya, d\u00fc\u015f\u00fcn\u00fcre siyaset\u00e7iye ilham vermi\u015f, \u00e7e\u015fitli entelekt\u00fcel tart\u0131\u015fmalara yol a\u00e7m\u0131\u015ft\u0131r. D\u00f6neminin di\u011fer metinleriyle k\u0131yasland\u0131\u011f\u0131nda metnin en ay\u0131rt edici \u00f6zelli\u011fi insan\u0131 merkeze koymamas\u0131d\u0131r. Tao Te Ching, d\u00f6neminin di\u011fer d\u00fc\u015f\u00fcnce ak\u0131mlar\u0131ndan farkl\u0131 olarak do\u011fay\u0131, insan ahl\u00e2k\u0131na duyarl\u0131 ve insana hizmet eden bir g\u00fc\u00e7ler b\u00fct\u00fcn\u00fc olarak de\u011fil, insan d\u00e2hil her \u015feye e\u015fit davranan, tarafs\u0131z bir g\u00fc\u00e7 kayna\u011f\u0131 olarak karakterize eder. Tao Te Ching\u2019e g\u00f6re yerin ve g\u00f6\u011f\u00fcn aras\u0131ndaki her \u015fey ayn\u0131 kanunlara tabidir. De\u011fi\u015fik d\u00f6nemlerde siyasi iklimlere g\u00f6re de\u011fi\u015fik \u015fekillerde yorumlanan Tao Te Ching\u2019in y\u00fczy\u0131llar sonra bile okunmas\u0131n\u0131n sebebi de\u011findi\u011fi konular\u0131n her zaman ge\u00e7erlili\u011fini koruyacak nitelikte olmas\u0131d\u0131r. \ufffc<\/p>\n","protected":false},"excerpt":{"rendered":"<p>Laozi: Hayat\u0131 hakk\u0131nda \u00e7e\u015fitli efsaneler olsa da kesin bir bilgi yoktur. \u0130smi \u00c7incede hem \u201cya\u015fl\u0131 usta\u201d hem de \u201cya\u015fl\u0131 \u00e7ocuk\u201d anlamlar\u0131na gelmektedir. Taoculu\u011fun en \u00f6nemli metni<span class=\"excerpt-hellip\"> [\u2026]<\/span><\/p>\n","protected":false},"featured_media":0,"template":"","meta":{"_monsterinsights_skip_tracking":false,"_monsterinsights_sitenote_active":false,"_monsterinsights_sitenote_note":"","_monsterinsights_sitenote_category":0},"product_brand":[],"product_cat":[13661,12291],"product_tag":[],"class_list":{"0":"post-706139","1":"product","2":"type-product","3":"status-publish","5":"product_cat-diger-ulke-edebiyatlari","6":"product_cat-edebiyat","7":"pa_cilt-ciltsiz","8":"pa_tur-kitap","9":"pa_yayinevi-is-bankasi-kultur-yayinlari","10":"pa_yazar-lao-zi","12":"first","13":"instock","14":"sale","15":"shipping-taxable","16":"purchasable","17":"product-type-simple"},"_links":{"self":[{"href":"https:\/\/roveyayinevi.com.tr\/index.php\/wp-json\/wp\/v2\/product\/706139","targetHints":{"allow":["GET"]}}],"collection":[{"href":"https:\/\/roveyayinevi.com.tr\/index.php\/wp-json\/wp\/v2\/product"}],"about":[{"href":"https:\/\/roveyayinevi.com.tr\/index.php\/wp-json\/wp\/v2\/types\/product"}],"wp:attachment":[{"href":"https:\/\/roveyayinevi.com.tr\/index.php\/wp-json\/wp\/v2\/media?parent=706139"}],"wp:term":[{"taxonomy":"product_brand","embeddable":true,"href":"https:\/\/roveyayinevi.com.tr\/index.php\/wp-json\/wp\/v2\/product_brand?post=706139"},{"taxonomy":"product_cat","embeddable":true,"href":"https:\/\/roveyayinevi.com.tr\/index.php\/wp-json\/wp\/v2\/product_cat?post=706139"},{"taxonomy":"product_tag","embeddable":true,"href":"https:\/\/roveyayinevi.com.tr\/index.php\/wp-json\/wp\/v2\/product_tag?post=706139"}],"curies":[{"name":"wp","href":"https:\/\/api.w.org\/{rel}","templated":true}]}}