{"id":706137,"date":"2025-08-27T15:52:57","date_gmt":"2025-08-27T12:52:57","guid":{"rendered":"https:\/\/roveyayinevi.com.tr\/index.php\/urun\/kocaman-kucuk-deniz\/"},"modified":"2026-04-16T02:14:53","modified_gmt":"2026-04-15T23:14:53","slug":"kocaman-kucuk-deniz","status":"publish","type":"product","link":"https:\/\/roveyayinevi.com.tr\/index.php\/urun\/kocaman-kucuk-deniz\/","title":{"rendered":"Kocaman K\u00fc\u00e7\u00fck Deniz"},"content":{"rendered":"<p>Ben k\u00fc\u00e7\u00fckken, bir deniz vard\u0131; arkada\u015f\u0131md\u0131. Nas\u0131l serinlerdim onunla bulu\u015ftu\u011fumuzda, sular\u0131nda nas\u0131l da kula\u00e7 atard\u0131m&#8230; Dalgal\u0131, temiz, berrak, kocaman bir denizdi o! U\u00e7suz bucaks\u0131z&#8230; Sonra \u00f6yle \u015feyler geldi ki ba\u015f\u0131na, o kocaman deniz ufald\u0131, k\u00fc\u00e7\u00fcc\u00fck kald\u0131! K\u00fc\u00e7\u00fcc\u00fck! \u0130\u015fte o denizin \u00f6yk\u00fcs\u00fcn\u00fc anlatmak istiyordum sana, sen de bir arkada\u015f\u0131na anlatas\u0131n diye&#8230; Haz\u0131r m\u0131s\u0131n dinlemeye? Ba\u015fl\u0131yorum anlatmaya&#8230; \ufffcTan\u0131t\u0131m Metni<\/p>\n","protected":false},"excerpt":{"rendered":"<p>Ben k\u00fc\u00e7\u00fckken, bir deniz vard\u0131; arkada\u015f\u0131md\u0131. Nas\u0131l serinlerdim onunla bulu\u015ftu\u011fumuzda, sular\u0131nda nas\u0131l da kula\u00e7 atard\u0131m&#8230; Dalgal\u0131, temiz, berrak, kocaman bir denizdi o! U\u00e7suz bucaks\u0131z&#8230; Sonra \u00f6yle<span class=\"excerpt-hellip\"> [\u2026]<\/span><\/p>\n","protected":false},"featured_media":0,"template":"","meta":{"_monsterinsights_skip_tracking":false,"_monsterinsights_sitenote_active":false,"_monsterinsights_sitenote_note":"","_monsterinsights_sitenote_category":0},"product_brand":[],"product_cat":[12274,12518],"product_tag":[],"class_list":{"0":"post-706137","1":"product","2":"type-product","3":"status-publish","5":"product_cat-cocuk-ve-genclik-kitaplari","6":"product_cat-okul-oncesi-kitaplar","7":"pa_cilt-ciltsiz","8":"pa_tur-kitap","9":"pa_yayinevi-can-cocuk-yayinlari","10":"pa_yazar-suleyman-bulut","12":"first","13":"instock","14":"sale","15":"shipping-taxable","16":"purchasable","17":"product-type-simple"},"_links":{"self":[{"href":"https:\/\/roveyayinevi.com.tr\/index.php\/wp-json\/wp\/v2\/product\/706137","targetHints":{"allow":["GET"]}}],"collection":[{"href":"https:\/\/roveyayinevi.com.tr\/index.php\/wp-json\/wp\/v2\/product"}],"about":[{"href":"https:\/\/roveyayinevi.com.tr\/index.php\/wp-json\/wp\/v2\/types\/product"}],"wp:attachment":[{"href":"https:\/\/roveyayinevi.com.tr\/index.php\/wp-json\/wp\/v2\/media?parent=706137"}],"wp:term":[{"taxonomy":"product_brand","embeddable":true,"href":"https:\/\/roveyayinevi.com.tr\/index.php\/wp-json\/wp\/v2\/product_brand?post=706137"},{"taxonomy":"product_cat","embeddable":true,"href":"https:\/\/roveyayinevi.com.tr\/index.php\/wp-json\/wp\/v2\/product_cat?post=706137"},{"taxonomy":"product_tag","embeddable":true,"href":"https:\/\/roveyayinevi.com.tr\/index.php\/wp-json\/wp\/v2\/product_tag?post=706137"}],"curies":[{"name":"wp","href":"https:\/\/api.w.org\/{rel}","templated":true}]}}