{"id":706131,"date":"2025-08-27T15:52:54","date_gmt":"2025-08-27T12:52:54","guid":{"rendered":"https:\/\/roveyayinevi.com.tr\/index.php\/urun\/gizliligin-ve-gizli-toplumlarin-sosyolojisi\/"},"modified":"2026-04-16T02:14:53","modified_gmt":"2026-04-15T23:14:53","slug":"gizliligin-ve-gizli-toplumlarin-sosyolojisi","status":"publish","type":"product","link":"https:\/\/roveyayinevi.com.tr\/index.php\/urun\/gizliligin-ve-gizli-toplumlarin-sosyolojisi\/","title":{"rendered":"Gizlili\u011fin ve Gizli Toplumlar\u0131n Sosyolojisi"},"content":{"rendered":"<p>\u2018\u2019Gizlilik insanlar aras\u0131na bariyerler yerle\u015ftirir ama ayn\u0131 zamanda dedikodu ya da itiraf yoluyla bariyerleri y\u0131kma cazibesi de sunar. Bu cazibeye bir \u00fcst ton olarak s\u0131rr\u0131n ruhsal hayat\u0131 da e\u015flik eder. B\u00f6ylece s\u0131rr\u0131n sosyolojik anlam\u0131, uygulamadaki \u00f6l\u00e7\u00fcs\u00fc ve i\u015fleme \u015fekli, s\u0131rr\u0131 kendine saklama kapasitesinde ya da ihanet etme d\u00fcrt\u00fcs\u00fcne kar\u015f\u0131 direncinde aranmal\u0131d\u0131r. Bu saklama ve a\u00e7\u0131klama oyunundan insan ili\u015fkilerinin n\u00fcans\u0131 ve kaderi ortaya \u00e7\u0131kar.\u2019\u2019 <\/p>\n","protected":false},"excerpt":{"rendered":"<p>\u2018\u2019Gizlilik insanlar aras\u0131na bariyerler yerle\u015ftirir ama ayn\u0131 zamanda dedikodu ya da itiraf yoluyla bariyerleri y\u0131kma cazibesi de sunar. Bu cazibeye bir \u00fcst ton olarak s\u0131rr\u0131n ruhsal<span class=\"excerpt-hellip\"> [\u2026]<\/span><\/p>\n","protected":false},"featured_media":0,"template":"","meta":{"_monsterinsights_skip_tracking":false,"_monsterinsights_sitenote_active":false,"_monsterinsights_sitenote_note":"","_monsterinsights_sitenote_category":0},"product_brand":[],"product_cat":[12835,12324],"product_tag":[],"class_list":{"0":"post-706131","1":"product","2":"type-product","3":"status-publish","5":"product_cat-genel-sosyoloji","6":"product_cat-sosyoloji","7":"pa_tur-kitap","8":"pa_yayinevi-pinhan-yayincilik","9":"pa_yazar-georg-simmel","11":"first","12":"instock","13":"sale","14":"shipping-taxable","15":"purchasable","16":"product-type-simple"},"_links":{"self":[{"href":"https:\/\/roveyayinevi.com.tr\/index.php\/wp-json\/wp\/v2\/product\/706131","targetHints":{"allow":["GET"]}}],"collection":[{"href":"https:\/\/roveyayinevi.com.tr\/index.php\/wp-json\/wp\/v2\/product"}],"about":[{"href":"https:\/\/roveyayinevi.com.tr\/index.php\/wp-json\/wp\/v2\/types\/product"}],"wp:attachment":[{"href":"https:\/\/roveyayinevi.com.tr\/index.php\/wp-json\/wp\/v2\/media?parent=706131"}],"wp:term":[{"taxonomy":"product_brand","embeddable":true,"href":"https:\/\/roveyayinevi.com.tr\/index.php\/wp-json\/wp\/v2\/product_brand?post=706131"},{"taxonomy":"product_cat","embeddable":true,"href":"https:\/\/roveyayinevi.com.tr\/index.php\/wp-json\/wp\/v2\/product_cat?post=706131"},{"taxonomy":"product_tag","embeddable":true,"href":"https:\/\/roveyayinevi.com.tr\/index.php\/wp-json\/wp\/v2\/product_tag?post=706131"}],"curies":[{"name":"wp","href":"https:\/\/api.w.org\/{rel}","templated":true}]}}