{"id":706130,"date":"2025-08-27T15:52:54","date_gmt":"2025-08-27T12:52:54","guid":{"rendered":"https:\/\/roveyayinevi.com.tr\/index.php\/urun\/sabina-spielrein\/"},"modified":"2026-04-16T02:14:53","modified_gmt":"2026-04-15T23:14:53","slug":"sabina-spielrein","status":"publish","type":"product","link":"https:\/\/roveyayinevi.com.tr\/index.php\/urun\/sabina-spielrein\/","title":{"rendered":"Sabina Spielrein"},"content":{"rendered":"<p>Sabina, 19 ya\u015f\u0131nda tedavi g\u00f6rmesi i\u00e7in Burgh\u00f6lzli Klini\u011fi&#8217;ne getirildi. Carl Gustav Jung\u2019un hastas\u0131yd\u0131. Aralar\u0131ndaki ili\u015fki zamanla \u00f6ylesine tutkulu bir hal ald\u0131 ki \u00e7ifte dair a\u015fk hikayeleri dilden dile dola\u015fmaya ba\u015flad\u0131. \u0130kilinin Freud\u2019la olan yaz\u0131\u015fmalar\u0131 ise ili\u015fkinin boyutunu bamba\u015fka bir noktaya ta\u015f\u0131yordu. <\/p>\n","protected":false},"excerpt":{"rendered":"<p>Sabina, 19 ya\u015f\u0131nda tedavi g\u00f6rmesi i\u00e7in Burgh\u00f6lzli Klini\u011fi&#8217;ne getirildi. Carl Gustav Jung\u2019un hastas\u0131yd\u0131. Aralar\u0131ndaki ili\u015fki zamanla \u00f6ylesine tutkulu bir hal ald\u0131 ki \u00e7ifte dair a\u015fk hikayeleri<span class=\"excerpt-hellip\"> [\u2026]<\/span><\/p>\n","protected":false},"featured_media":0,"template":"","meta":{"_monsterinsights_skip_tracking":false,"_monsterinsights_sitenote_active":false,"_monsterinsights_sitenote_note":"","_monsterinsights_sitenote_category":0},"product_brand":[],"product_cat":[12358,12357],"product_tag":[],"class_list":{"0":"post-706130","1":"product","2":"type-product","3":"status-publish","5":"product_cat-genel-psikoloji","6":"product_cat-psikoloji","7":"pa_tur-kitap","8":"pa_yayinevi-pinhan-yayincilik","9":"pa_yazar-kolektif","11":"first","12":"instock","13":"sale","14":"shipping-taxable","15":"purchasable","16":"product-type-simple"},"_links":{"self":[{"href":"https:\/\/roveyayinevi.com.tr\/index.php\/wp-json\/wp\/v2\/product\/706130","targetHints":{"allow":["GET"]}}],"collection":[{"href":"https:\/\/roveyayinevi.com.tr\/index.php\/wp-json\/wp\/v2\/product"}],"about":[{"href":"https:\/\/roveyayinevi.com.tr\/index.php\/wp-json\/wp\/v2\/types\/product"}],"wp:attachment":[{"href":"https:\/\/roveyayinevi.com.tr\/index.php\/wp-json\/wp\/v2\/media?parent=706130"}],"wp:term":[{"taxonomy":"product_brand","embeddable":true,"href":"https:\/\/roveyayinevi.com.tr\/index.php\/wp-json\/wp\/v2\/product_brand?post=706130"},{"taxonomy":"product_cat","embeddable":true,"href":"https:\/\/roveyayinevi.com.tr\/index.php\/wp-json\/wp\/v2\/product_cat?post=706130"},{"taxonomy":"product_tag","embeddable":true,"href":"https:\/\/roveyayinevi.com.tr\/index.php\/wp-json\/wp\/v2\/product_tag?post=706130"}],"curies":[{"name":"wp","href":"https:\/\/api.w.org\/{rel}","templated":true}]}}